000
CXUS56 KOTX 010910
CF6MWH
PRELIMINARY LOCAL CLIMATOLOGICAL DATA (WS FORM: F-6)
STATION: MOSES LAKE WA AIRPORT
MONTH: OCTOBER
YEAR: 2021
LATITUDE: 47 12 N
LONGITUDE: 119 19 W
TEMPERATURE IN F: :PCPN: SNOW: WIND :SUNSHINE: SKY :PK WND
================================================================================
1 2 3 4 5 6A 6B 7 8 9 10 11 12 13 14 15 16 17 18
12Z AVG MX 2MIN
DY MAX MIN AVG DEP HDD CDD WTR SNW DPTH SPD SPD DIR MIN PSBL S-S WX SPD DR
================================================================================
1 69 39 54 -3 11 0 0.00 M M 3.6 12 340 M M 0 8 14 350
2 69 36 53 -3 12 0 0.00 M M 4.7 13 160 M M 0 1 17 160
3 74 38 56 0 9 0 0.00 M M 3.4 9 170 M M 0 11 140
4 70 42 56 1 9 0 0.00 M M 2.9 8 350 M M 0 9 210
5 72 45 59 4 6 0 0.00 M M 8.9 20 190 M M 0 24 200
6 64 39 52 -2 13 0 0.00 M M 7.4 15 230 M M 2 19 220
7 61 30 46 -8 19 0 0.00 M M 3.3 8 360 M M 0 10 180
8 63 31 47 -7 18 0 0.00 M M 4.0 9 360 M M 1 11 10
9 65 29 47 -6 18 0 T M M 6.2 18 230 M M 2 24 240
10 63 39 51 -1 14 0 0.00 M M 13.7 24 260 M M 1 29 260
11 60 32 46 -6 19 0 0.00 M M 10.4 25 10 M M 1 33 360
12 56 26 41 -11 24 0 0.00 M M 5.1 16 260 M M 3 19 240
13 54 36 45 -6 20 0 T M M 3.9 12 260 M M 7 13 250
14 62 28 45 -6 20 0 T M M 5.3 15 240 M M 2 19 180
15 61 42 52 2 13 0 0.00 M M 5.8 12 160 M M 4 14 160
16 67 34 51 1 14 0 0.00 M M 3.8 9 350 M M 0 11 150
17 64 35 50 1 15 0 0.00 M M 3.1 10 340 M M 0 11 340
18 67 34 51 2 14 0 0.00 M M 3.8 9 250 M M 0 12 230
19 64 32 48 0 17 0 0.00 M M 4.8 9 10 M M 0 8 11 10
20 64 43 54 6 11 0 T M M 8.1 23 210 M M 4 30 240
21 70 39 55 7 10 0 0.00 M M 6.6 17 70 M M 3 20 70
22 59 48 54 7 11 0 0.14 M M 10.4 21 160 M M 7 24 170
23 59 40 50 3 15 0 0.01 M M 6.4 16 200 M M 7 20 190
24 57 46 52 6 13 0 0.22 M M 11.1 22 110 M M 8 1 28 110
25 60 40 50 4 15 0 0.00 M M 12.1 21 170 M M 2 27 180
26 55 44 50 5 15 0 0.02 M M 10.5 22 190 M M 5 28 180
27 58 43 51 6 14 0 0.00 M M 10.6 23 260 M M 4 30 270
28 71 45 58 14 7 0 T M M 10.3 23 190 M M 5 32 190
29 60 36 48 4 17 0 0.12 M M 9.3 28 300 M M 5 1 35 290
30 53 28 41 -3 24 0 0.00 M M 12.0 20 10 M M 0 24 20
31 54 25 40 -3 25 0 0.00 M M 8.4 18 40 M M 0 8 24 30
================================================================================
SM 1945 1144 462 0 0.51 M 219.9 M 73
================================================================================
AV 62.7 36.9 7.1 FASTST M M 2 MAX(MPH)
MISC ----> 28 300 35 290
================================================================================
NOTES:
# LAST OF SEVERAL OCCURRENCES
COLUMN 17 PEAK WIND IN M.P.H.
PRELIMINARY LOCAL CLIMATOLOGICAL DATA (WS FORM: F-6) , PAGE 2
STATION: MOSES LAKE WA AIRPORT
MONTH: OCTOBER
YEAR: 2021
LATITUDE: 47 12 N
LONGITUDE: 119 19 W
[TEMPERATURE DATA] [PRECIPITATION DATA] SYMBOLS USED IN COLUMN 16
AVERAGE MONTHLY: 49.8 TOTAL FOR MONTH: 0.51 1 = FOG OR MIST
DPTR FM NORMAL: -0.1 DPTR FM NORMAL: -0.15 2 = FOG REDUCING VISIBILITY
HIGHEST: 74 ON 3 GRTST 24HR 0.23 ON 23-24 TO 1/4 MILE OR LESS
LOWEST: 25 ON 31 3 = THUNDER
SNOW, ICE PELLETS, HAIL 4 = ICE PELLETS
TOTAL MONTH: M 5 = HAIL
GRTST 24HR M ON M 6 = FREEZING RAIN OR DRIZZLE
GRTST DEPTH: M ON M 7 = DUSTSTORM OR SANDSTORM:
VSBY 1/2 MILE OR LESS
8 = SMOKE OR HAZE
[NO. OF DAYS WITH] [WEATHER - DAYS WITH] 9 = BLOWING SNOW
X = TORNADO
MAX 32 OR BELOW: 0 0.01 INCH OR MORE: 5
MAX 90 OR ABOVE: 0 0.10 INCH OR MORE: 3
MIN 32 OR BELOW: 9 0.50 INCH OR MORE: 0
MIN 0 OR BELOW: 0 1.00 INCH OR MORE: 0
[HDD (BASE 65) ]
TOTAL THIS MO. 462 CLEAR (SCALE 0-3) 20
DPTR FM NORMAL -8 PTCLDY (SCALE 4-7) 10
TOTAL FM JUL 1 563 CLOUDY (SCALE 8-10) 1
DPTR FM NORMAL -39
[CDD (BASE 65) ]
TOTAL THIS MO. 0
DPTR FM NORMAL -1 [PRESSURE DATA]
TOTAL FM JAN 1 1050 HIGHEST SLP M ON M
DPTR FM NORMAL 373 LOWEST SLP 29.19 ON 24
[REMARKS]
#FINAL-10-21#