000
CXUS55 KBOI 011002
CF6MYL
PRELIMINARY LOCAL CLIMATOLOGICAL DATA (WS FORM: F-6)
STATION: MCCALL ID
MONTH: AUGUST
YEAR: 2022
LATITUDE: 44 52 N
LONGITUDE: 116 6 W
TEMPERATURE IN F: :PCPN: SNOW: WIND :SUNSHINE: SKY :PK WND
================================================================================
1 2 3 4 5 6A 6B 7 8 9 10 11 12 13 14 15 16 17 18
12Z AVG MX 2MIN
DY MAX MIN AVG DEP HDD CDD WTR SNW DPTH SPD SPD DIR MIN PSBL S-S WX SPD DR
================================================================================
1 94 59 77 11 0 12 0.00 M M 3.9 14 10 M M 0 8 22 30
2 85 60 73 7 0 8 0.00 M M 4.9 16 180 M M 3 24 140
3 87 52 70 4 0 5 0.00 M M 4.5 18 200 M M 1 8 24 200
4 90 59 75 10 0 10 T M M 7.0 22 200 M M 4 3 32 190
5 84 52 68 3 0 3 0.00 M M 3.9 15 200 M M 2 23 200
6 80 55 68 3 0 3 0.34 M M 5.2 22 150 M M 3 3 30 170
7 84 50 67 2 0 2 0.00 M M 2.2 13 170 M M 0 18 170
8 91 46 69 4 0 4 0.00 M M 2.0 9 70 M M 0 14 180
9 87 56 72 7 0 7 T M M 2.4 12 190 M M 3 17 170
10 77 61 69 5 0 4 0.02 M M 3.3 12 150 M M 3 16 150
11 88 56 72 8 0 7 0.17 M M 4.7 15 350 M M 1 3 22 190
12 85 55 70 6 0 5 0.16 M M 2.8 13 30 M M 3 3 19 10
13 87 56 72 8 0 7 0.00 M M 5.0 15 290 M M 0 21 340
14 88 49 69 5 0 4 0.00 M M 4.6 13 300 M M 0 18 310
15 90 48 69 6 0 4 0.00 M M 5.1 13 340 M M 0 19 40
16 93 50 72 9 0 7 0.00 M M 4.7 13 240 M M 1 17 230
17 97 53 75 12 0 10 0.00 M M 4.4 16 360 M M 1 23 10
18 94 54 74 11 0 9 0.00 M M 2.5 14 220 M M 0 19 230
19 85 59 72 10 0 7 0.06 M M 5.7 30 130 M M 2 38 45 140
20 85 53 69 7 0 4 0.01 0.0 0 4.1 20 360 M M 1 3 30 360
21 90 52 71 9 0 6 0.00 0.0 0 2.4 13 250 M M 2 19 250
22 86 53 70 8 0 5 0.00 0.0 0 5.9 18 20 M M 1 28 360
23 87 54 71 9 0 6 0.00 M M 3.4 13 30 M M 2 18 20
24 90 53 72 11 0 7 0.00 M M 4.3 16 20 M M 1 26 20
25 86 53 70 9 0 5 0.00 M M 5.3 17 230 M M 1 25 220
26 85 50 68 7 0 3 0.00 M M 3.9 17 220 M M 1 25 230
27 77 49 63 3 2 0 0.00 M M 6.0 22 200 M M 0 30 220
28 77 41 59 -1 6 0 0.00 M M 4.6 13 240 M M 0 18 40
29 86 44 65 5 0 0 0.00 M M 1.8 12 300 M M 0 18 270
30 92 48 70 10 0 5 0.00 M M 3.4 14 320 M M 0 23 320
31 95 50 73 14 0 8 0.00 M M 3.8 17 190 M M 0 27 180
================================================================================
SM 2702 1630 8 167 0.76 0.0 127.7 M 36
================================================================================
AV 87.2 52.6 4.1 FASTST M M 1 MAX(MPH)
MISC ----> 30 130 45 140
================================================================================
NOTES:
# LAST OF SEVERAL OCCURRENCES
COLUMN 17 PEAK WIND IN M.P.H.
PRELIMINARY LOCAL CLIMATOLOGICAL DATA (WS FORM: F-6) , PAGE 2
STATION: MCCALL ID
MONTH: AUGUST
YEAR: 2022
LATITUDE: 44 52 N
LONGITUDE: 116 6 W
[TEMPERATURE DATA] [PRECIPITATION DATA] SYMBOLS USED IN COLUMN 16
AVERAGE MONTHLY: 69.9 TOTAL FOR MONTH: 0.76 1 = FOG OR MIST
DPTR FM NORMAL: 7.0 DPTR FM NORMAL: 0.22 2 = FOG REDUCING VISIBILITY
HIGHEST: 97 ON 17 GRTST 24HR 0.34 ON 6- 6 TO 1/4 MILE OR LESS
LOWEST: 41 ON 28 3 = THUNDER
SNOW, ICE PELLETS, HAIL 4 = ICE PELLETS
TOTAL MONTH: 0.0 INCH 5 = HAIL
GRTST 24HR 0.0 6 = FREEZING RAIN OR DRIZZLE
GRTST DEPTH: 0 7 = DUSTSTORM OR SANDSTORM:
VSBY 1/2 MILE OR LESS
8 = SMOKE OR HAZE
[NO. OF DAYS WITH] [WEATHER - DAYS WITH] 9 = BLOWING SNOW
X = TORNADO
MAX 32 OR BELOW: 0 0.01 INCH OR MORE: 6
MAX 90 OR ABOVE: 11 0.10 INCH OR MORE: 3
MIN 32 OR BELOW: 0 0.50 INCH OR MORE: 0
MIN 0 OR BELOW: 0 1.00 INCH OR MORE: 0
[HDD (BASE 65) ]
TOTAL THIS MO. 8 CLEAR (SCALE 0-3) 29
DPTR FM NORMAL -99 PTCLDY (SCALE 4-7) 2
TOTAL FM JUL 1 17 CLOUDY (SCALE 8-10) 0
DPTR FM NORMAL -173
[CDD (BASE 65) ]
TOTAL THIS MO. 167
DPTR FM NORMAL 124 [PRESSURE DATA]
TOTAL FM JAN 1 313 HIGHEST SLP 30.16 ON 30
DPTR FM NORMAL 207 LOWEST SLP 29.76 ON 27
[REMARKS]
#FINAL-08-22#