000
CXUS55 KBOI 011002
CF6MYL
PRELIMINARY LOCAL CLIMATOLOGICAL DATA (WS FORM: F-6)
STATION: MCCALL ID
MONTH: OCTOBER
YEAR: 2023
LATITUDE: 44 52 N
LONGITUDE: 116 6 W
TEMPERATURE IN F: :PCPN: SNOW: WIND :SUNSHINE: SKY :PK WND
================================================================================
1 2 3 4 5 6A 6B 7 8 9 10 11 12 13 14 15 16 17 18
12Z AVG MX 2MIN
DY MAX MIN AVG DEP HDD CDD WTR SNW DPTH SPD SPD DIR MIN PSBL S-S WX SPD DR
================================================================================
1 49 39 44 -4 21 0 0.02 M M 4.9 15 10 M M 9 1 25 20
2 52 41 47 -1 18 0 0.07 M M 2.0 9 270 M M 10 13 300
3 51 37 44 -4 21 0 0.20 M M 2.1 9 290 M M 9 1 13 320
4 61 31 46 -1 19 0 0.00 M M 3.1 10 310 M M 5 12 15 290
5 66 32 49 2 16 0 0.00 M M 3.2 14 280 M M 0 8 21 290
6 69 34 52 6 13 0 0.00 M M 2.8 10 280 M M 0 14 310
7 70 35 53 7 12 0 0.00 M M 2.2 9 180 M M 0 14 240
8 74 35 55 9 10 0 0.00 M M 2.6 15 190 M M 0 19 190
9 72 35 54 9 11 0 T M M 5.0 20 210 M M 2 30 200
10 53 39 46 1 19 0 0.11 M M 6.3 22 190 M M 9 1 28 190
11 48 30 39 -5 26 0 0.27 M M 2.9 15 340 M M 8 12 19 340
12 52 27 40 -4 25 0 0.00 M M 3.3 14 290 M M 4 12 21 280
13 57 28 43 -1 22 0 0.00 M M 4.4 21 190 M M 3 12 29 190
14 58 37 48 5 17 0 T M M 3.8 18 190 M M 7 25 190
15 67 40 54 11 11 0 0.00 M M 3.0 14 200 M M 5 19 190
16 68 35 52 10 13 0 T M M 4.0 18 240 M M 1 26 240
17 61 37 49 7 16 0 0.00 M M 2.8 12 260 M M 3 18 280
18 68 32 50 8 15 0 0.00 M M 1.2 7 200 M M 0 10 190
19 70 35 53 12 12 0 0.00 M M 2.6 12 320 M M 0 8 15 320
20 70 34 52 11 13 0 0.00 M M 1.8 9 170 M M 0 8 12 200
21 70 34 52 11 13 0 0.00 M M 1.5 10 210 M M 0 8 16 200
22 55 35 45 5 20 0 0.02 M M 2.8 18 110 M M 5 28 90
23 57 33 45 5 20 0 0.00 M M 4.9 14 260 M M 2 18 21 260
24 49 24 37 -3 28 0 0.01 M M 6.5 32 190 M M 5 1 41 190
25 40 29 35 -4 30 0 0.54 M M 7.7 17 180 M M 10 12 22 160
26 33 28 31 -8 34 0 T M M 4.4 12 270 M M 10 1 16 310
27 33 23 28 -10 37 0 0.03 M M 4.9 15 360 M M 9 1 23 30
28 33 15 24 -14 41 0 0.00 M M 7.2 15 20 M M 0 23 20
29 37 11 24 -14 41 0 0.00 M M 3.0 15 10 M M 0 21 10
30 46 14 30 -7 35 0 0.00 M M 0.8 7 280 M M 0 10 280
31 47 17 32 -5 33 0 0.00 M M 1.2 7 300 M M 0 10 180
================================================================================
SM 1736 956 662 0 1.27 M 108.9 M 116
================================================================================
AV 56.0 30.8 3.5 FASTST M M 4 MAX(MPH)
MISC ----> 32 190 41 190
================================================================================
NOTES:
# LAST OF SEVERAL OCCURRENCES
COLUMN 17 PEAK WIND IN M.P.H.
PRELIMINARY LOCAL CLIMATOLOGICAL DATA (WS FORM: F-6) , PAGE 2
STATION: MCCALL ID
MONTH: OCTOBER
YEAR: 2023
LATITUDE: 44 52 N
LONGITUDE: 116 6 W
[TEMPERATURE DATA] [PRECIPITATION DATA] SYMBOLS USED IN COLUMN 16
AVERAGE MONTHLY: 43.4 TOTAL FOR MONTH: 1.27 1 = FOG OR MIST
DPTR FM NORMAL: 0.9 DPTR FM NORMAL: -0.33 2 = FOG REDUCING VISIBILITY
HIGHEST: 74 ON 8 GRTST 24HR 0.55 ON 24-25 TO 1/4 MILE OR LESS
LOWEST: 11 ON 29 3 = THUNDER
SNOW, ICE PELLETS, HAIL 4 = ICE PELLETS
TOTAL MONTH: M 5 = HAIL
GRTST 24HR M ON M 6 = FREEZING RAIN OR DRIZZLE
GRTST DEPTH: M ON M 7 = DUSTSTORM OR SANDSTORM:
VSBY 1/2 MILE OR LESS
8 = SMOKE OR HAZE
[NO. OF DAYS WITH] [WEATHER - DAYS WITH] 9 = BLOWING SNOW
X = TORNADO
MAX 32 OR BELOW: 0 0.01 INCH OR MORE: 9
MAX 90 OR ABOVE: 0 0.10 INCH OR MORE: 4
MIN 32 OR BELOW: 14 0.50 INCH OR MORE: 1
MIN 0 OR BELOW: 0 1.00 INCH OR MORE: 0
[HDD (BASE 65) ]
TOTAL THIS MO. 662 CLEAR (SCALE 0-3) 17
DPTR FM NORMAL -36 PTCLDY (SCALE 4-7) 7
TOTAL FM JUL 1 1112 CLOUDY (SCALE 8-10) 7
DPTR FM NORMAL -106
[CDD (BASE 65) ]
TOTAL THIS MO. 0
DPTR FM NORMAL 0 [PRESSURE DATA]
TOTAL FM JAN 1 108 HIGHEST SLP 30.61 ON 29
DPTR FM NORMAL -3 LOWEST SLP 29.56 ON 10
[REMARKS]
#FINAL-10-23#