000
CXUS56 KSTO 050421
CF6MYV
PRELIMINARY LOCAL CLIMATOLOGICAL DATA (WS FORM: F-6)
STATION: MARYSVILLE
MONTH: JULY
YEAR: 2022
LATITUDE: 39 6 N
LONGITUDE: 121-34 E
TEMPERATURE IN F: :PCPN: SNOW: WIND :SUNSHINE: SKY :PK WND
================================================================================
1 2 3 4 5 6A 6B 7 8 9 10 11 12 13 14 15 16 17 18
12Z AVG MX 2MIN
DY MAX MIN AVG DEP HDD CDD WTR SNW DPTH SPD SPD DIR MIN PSBL S-S WX SPD DR
================================================================================
1 93 55 74 -3 0 9 0.00 M M 9.4 16 170 M M 0 20 170
2 84 55 70 -8 0 5 0.00 M M 14.6 25 140 M M 0 33 140
3 81 56 69 -9 0 4 0.00 0.0 M 12.1 20 140 M M 2 24 150
4 88 56 72 -6 0 7 0.00 0.0 M 8.1 14 140 M M 4 18 150
5 92 66 79 1 0 14 0.00 0.0 M 9.3 20 180 M M 4 26 200
6 87 61 74 -4 0 9 0.00 0.0 M 12.5 18 150 M M 0 24 140
7 90 58 74 -4 0 9 0.00 0.0 M 7.5 14 140 M M 0 17 140
8 96 58 77 -1 0 12 0.00 M M 5.8 16 190 M M 0 20 190
9 96 61 79 1 0 14 0.00 M M 8.5 14 150 M M 0 18 150
10 103 59 81 3 0 16 0.00 M M 4.0 9 270 M M 0 15 300
11 105 66 86 8 0 21 0.00 M M 5.3 13 140 M M 0 16 200
12 103 67 85 6 0 20 0.00 M M 9.3 16 160 M M 0 20 150
13 95 62 79 0 0 14 0.00 M M 10.0 17 150 M M 0 23 150
14 101 57 79 0 0 14 0.00 M M 4.7 15 170 M M 0 22 170
15 101 60 81 2 0 16 0.00 M M 5.7 10 180 M M 0 12 130
16 106 61 84 5 0 19 0.00 M M 3.7 10 240 M M 0 14 260
17 106 68 87 8 0 22 0.00 M M 8.4 15 160 M M 0 20 150
18 104 67 86 7 0 21 0.00 M M 9.6 17 150 M M 0 22 140
19 103 65 84 5 0 19 0.00 M M 7.5 14 180 M M 0 17 160
20 103 60 82 3 0 17 0.00 M M 5.3 15 180 M M 0 18 190
21 102 60 81 2 0 16 0.00 M M 7.0 15 140 M M 0 19 190
22 101 61 81 2 0 16 0.00 M M 8.2 15 130 M M 0 19 150
23 100 57 79 0 0 14 0.00 M M 5.4 12 160 M M 0 16 160
24 103 59 81 2 0 16 0.00 M M 4.2 9 200 M M 0 13 200
25 99 61 80 1 0 15 0.00 M M 7.3 14 150 M M 0 8 19 160
26 96 64 80 1 0 15 0.00 M M 7.2 16 180 M M 0 19 180
27 100 61 81 2 0 16 0.00 M M 6.5 14 150 M M 0 17 170
28 100 62 81 2 0 16 0.00 M M 7.4 15 180 M M 0 18 180
29 99 61 80 2 0 15 0.00 M M 7.6 14 160 M M 0 19 140
30 96 63 80 2 0 15 0.00 M M 7.9 16 160 M M 0 20 160
31 89 67 78 0 0 13 T M M 8.1 15 120 M M 1 18 120
================================================================================
SM 3022 1894 0 449 T 0.0 238.1 M 11
================================================================================
AV 97.5 61.1 7.7 FASTST M M 0 MAX(MPH)
MISC ----> 25 140 33 140
================================================================================
NOTES:
# LAST OF SEVERAL OCCURRENCES
COLUMN 17 PEAK WIND IN M.P.H.
PRELIMINARY LOCAL CLIMATOLOGICAL DATA (WS FORM: F-6) , PAGE 2
STATION: MARYSVILLE
MONTH: JULY
YEAR: 2022
LATITUDE: 39 6 N
LONGITUDE: 121-34 E
[TEMPERATURE DATA] [PRECIPITATION DATA] SYMBOLS USED IN COLUMN 16
AVERAGE MONTHLY: 79.3 TOTAL FOR MONTH: T 1 = FOG OR MIST
DPTR FM NORMAL: 0.8 DPTR FM NORMAL: -0.00 2 = FOG REDUCING VISIBILITY
HIGHEST: 106 ON 17,16 GRTST 24HR T ON 31-31 TO 1/4 MILE OR LESS
LOWEST: 55 ON 2, 1 3 = THUNDER
SNOW, ICE PELLETS, HAIL 4 = ICE PELLETS
TOTAL MONTH: 0.0 INCH 5 = HAIL
GRTST 24HR 0.0 6 = FREEZING RAIN OR DRIZZLE
GRTST DEPTH: M ON M 7 = DUSTSTORM OR SANDSTORM:
VSBY 1/2 MILE OR LESS
8 = SMOKE OR HAZE
[NO. OF DAYS WITH] [WEATHER - DAYS WITH] 9 = BLOWING SNOW
X = TORNADO
MAX 32 OR BELOW: 0 0.01 INCH OR MORE: 0
MAX 90 OR ABOVE: 26 0.10 INCH OR MORE: 0
MIN 32 OR BELOW: 0 0.50 INCH OR MORE: 0
MIN 0 OR BELOW: 0 1.00 INCH OR MORE: 0
[HDD (BASE 65) ]
TOTAL THIS MO. 0 CLEAR (SCALE 0-3) 29
DPTR FM NORMAL 0 PTCLDY (SCALE 4-7) 2
TOTAL FM JUL 1 0 CLOUDY (SCALE 8-10) 0
DPTR FM NORMAL 0
[CDD (BASE 65) ]
TOTAL THIS MO. 449
DPTR FM NORMAL 32 [PRESSURE DATA]
TOTAL FM JAN 1 1022 HIGHEST SLP 30.11 ON 9
DPTR FM NORMAL 193 LOWEST SLP 29.69 ON 17
[REMARKS]
#FINAL-07-22#