000
CXUS56 KMTR 010900
CF6OAK
PRELIMINARY LOCAL CLIMATOLOGICAL DATA (WS FORM: F-6)
STATION: OAKLAND AIRPORT
MONTH: OCTOBER
YEAR: 2021
LATITUDE: 37 43 N
LONGITUDE: 122 13 W
TEMPERATURE IN F: :PCPN: SNOW: WIND :SUNSHINE: SKY :PK WND
================================================================================
1 2 3 4 5 6A 6B 7 8 9 10 11 12 13 14 15 16 17 18
12Z AVG MX 2MIN
DY MAX MIN AVG DEP HDD CDD WTR SNW DPTH SPD SPD DIR MIN PSBL S-S WX SPD DR
================================================================================
1 87 53 70 6 0 5 0.00 M M 4.8 14 300 M M 1 1 16 300
2 87 54 71 7 0 6 0.00 M M 4.2 14 300 M M 1 1 17 310
3 88 54 71 8 0 6 0.00 M M 4.9 13 310 M M 2 15 310
4 85 54 70 7 0 5 0.00 M M 5.3 14 310 M M 4 16 310
5 69 54 62 -1 3 0 0.00 M M 11.8 23 290 M M 7 25 290
6 66 58 62 -1 3 0 0.00 M M 8.5 16 270 M M 8 23 280
7 64 58 61 -2 4 0 0.00 M M 12.5 23 270 M M 8 26 270
8 66 56 61 -2 4 0 0.00 M M 16.3 28 260 M M 7 35 270
9 74 53 64 1 1 0 0.00 M M 6.5 18 300 M M 3 21 290
10 73 49 61 -1 4 0 0.00 M M 5.6 20 290 M M 0 22 290
11 72 52 62 0 3 0 0.00 M M 14.7 26 280 M M 1 33 300
12 72 49 61 -1 4 0 0.00 M M 11.3 24 280 M M 0 28 280
13 62 50 56 -6 9 0 0.00 M M 6.9 15 270 M M 4 21 200
14 74 45 60 -2 5 0 0.00 M M 4.8 17 280 M M 1 20 250
15 80 46 63 1 2 0 0.00 M M 3.7 13 310 M M 1 15 310
16 83 48 66 4 0 1 0.00 M M 4.7 13 300 M M 1 16 300
17 66 47 57 -4 8 0 0.03 M M 11.1 28 240 M M 6 33 230
18 63 48 56 -5 9 0 0.00 M M 11.9 23 270 M M 3 27 270
19 68 45 57 -4 8 0 0.01 M M 10.1 30 180 M M 6 35 170
20 66 58 62 1 3 0 0.19 M M 9.8 25 150 M M 10 1 30 150
21 72 63 68 7 0 3 0.04 M M 11.8 18 150 M M 9 1 22 200
22 66 57 62 2 3 0 0.49 M M 10.0 28 260 M M 8 1 33 260
23 66 57 62 2 3 0 0.51 M M 8.7 24 150 M M 8 1 30 150
24 65 58 62 2 3 0 3.58 M M 19.9 35 180 M M 10 1 45 180
25 65 57 61 1 4 0 0.47 M M 12.5 24 260 M M 6 1 29 250
26 66 54 60 0 5 0 0.00 M M 6.3 14 140 M M 8 16 130
27 70 53 62 3 3 0 0.00 M M 5.3 16 310 M M 2 1 19 300
28 74 55 65 6 0 0 0.00 M M 5.0 16 300 M M 1 1 20 310
29 76 54 65 6 0 0 0.00 M M 5.5 16 290 M M 4 1 17 300
30 63 57 60 1 5 0 0.00 M M 7.5 20 280 M M 8 23 270
31 M 56 M M M M T M M 6.7 12 160 M M 8 14 140
================================================================================
SM 2148 1652 96 26 5.32 M 268.6 M 146
================================================================================
AV 71.6 53.3 8.7 FASTST M M 5 MAX(MPH)
MISC ----> 35 180 45 180
================================================================================
NOTES:
# LAST OF SEVERAL OCCURRENCES
COLUMN 17 PEAK WIND IN M.P.H.
PRELIMINARY LOCAL CLIMATOLOGICAL DATA (WS FORM: F-6) , PAGE 2
STATION: OAKLAND AIRPORT
MONTH: OCTOBER
YEAR: 2021
LATITUDE: 37 43 N
LONGITUDE: 122 13 W
[TEMPERATURE DATA] [PRECIPITATION DATA] SYMBOLS USED IN COLUMN 16
AVERAGE MONTHLY: 62.4 TOTAL FOR MONTH: 5.32 1 = FOG OR MIST
DPTR FM NORMAL: 1.0 DPTR FM NORMAL: 4.44 2 = FOG REDUCING VISIBILITY
HIGHEST: 88 ON 3 GRTST 24HR 3.58 ON 24-24 TO 1/4 MILE OR LESS
LOWEST: 45 ON 19,14 3 = THUNDER
SNOW, ICE PELLETS, HAIL 4 = ICE PELLETS
TOTAL MONTH: M 5 = HAIL
GRTST 24HR M ON M 6 = FREEZING RAIN OR DRIZZLE
GRTST DEPTH: M ON M 7 = DUSTSTORM OR SANDSTORM:
VSBY 1/2 MILE OR LESS
8 = SMOKE OR HAZE
[NO. OF DAYS WITH] [WEATHER - DAYS WITH] 9 = BLOWING SNOW
X = TORNADO
MAX 32 OR BELOW: 0 0.01 INCH OR MORE: 8
MAX 90 OR ABOVE: 0 0.10 INCH OR MORE: 5
MIN 32 OR BELOW: 0 0.50 INCH OR MORE: 2
MIN 0 OR BELOW: 0 1.00 INCH OR MORE: 1
[HDD (BASE 65) ]
TOTAL THIS MO. 96 CLEAR (SCALE 0-3) 12
DPTR FM NORMAL -37 PTCLDY (SCALE 4-7) 14
TOTAL FM JUL 1 177 CLOUDY (SCALE 8-10) 5
DPTR FM NORMAL -123
[CDD (BASE 65) ]
TOTAL THIS MO. 26
DPTR FM NORMAL 6 [PRESSURE DATA]
TOTAL FM JAN 1 156 HIGHEST SLP M ON M
DPTR FM NORMAL -19 LOWEST SLP 29.57 ON 24
[REMARKS]
#FINAL-10-21#