000
CXUS54 KMAF 012312
CF6ODO
PRELIMINARY LOCAL CLIMATOLOGICAL DATA (WS FORM: F-6)
STATION: ODESSA SCHLEYMEYER
MONTH: AUGUST
YEAR: 2023
LATITUDE: 31 55 N
LONGITUDE: 102 23 W
TEMPERATURE IN F: :PCPN: SNOW: WIND :SUNSHINE: SKY :PK WND
================================================================================
1 2 3 4 5 6A 6B 7 8 9 10 11 12 13 14 15 16 17 18
12Z AVG MX 2MIN
DY MAX MIN AVG DEP HDD CDD WTR SNW DPTH SPD SPD DIR MIN PSBL S-S WX SPD DR
================================================================================
1 102 80 91 7 0 26 0.00 M M 10.3 20 130 M M 1 26 150
2 100 79 90 6 0 25 0.00 M M 11.5 20 160 M M 0 30 200
3 101 78 90 6 0 25 0.00 M M 11.6 20 170 M M 0 29 120
4 104 80 92 8 0 27 0.00 M M 10.6 18 180 M M 0 24 100
5 105 81 93 9 0 28 0.00 M M 13.3 22 160 M M 0 28 170
6 107 80 94 10 0 29 0.00 M M 12.7 21 170 M M 0 26 150
7 108 82 95 11 0 30 0.00 M M 12.4 29 40 M M 0 8 37 30
8 102 76 89 5 0 24 T M M 8.8 26 330 M M 1 3 34 340
9 107 83 95 11 0 30 0.00 M M 8.0 24 300 M M 0 31 300
10 109 77 93 9 0 28 0.00 M M 6.9 24 190 M M 0 3 32 190
11 107 82 95 11 0 30 0.00 M M 9.2 21 190 M M 0 27 190
12 107 84 96 13 0 31 0.00 M M 9.3 21 200 M M 0 29 200
13 103 83 93 10 0 28 0.00 M M 12.9 22 170 M M 1 27 170
14 96 79 88 5 0 23 0.00 M M 14.2 25 70 M M 1 40 80
15 96 73 85 2 0 20 0.00 M M 9.7 20 80 M M 0 26 80
16 100 77 89 6 0 24 0.00 M M 8.2 15 170 M M 0 24 190
17 106 78 92 9 0 27 0.00 M M 9.8 23 140 M M 0 38 29 120
18 104 82 93 11 0 28 0.00 M M 11.8 24 140 M M 0 34 100
19 102 75 89 7 0 24 0.00 M M 11.0 24 150 M M 0 33 140
20 100 73 87 5 0 22 0.00 M M 12.6 26 120 M M 0 37 150
21 102 76 89 7 0 24 0.00 M M 10.3 23 80 M M 0 3 31 80
22 94 78 86 4 0 21 0.00 M M 10.0 26 160 M M 1 35 150
23 92 76 84 3 0 19 T M M 15.0 29 140 M M 3 8 40 140
24 96 74 85 4 0 20 0.00 M M 10.7 20 150 M M 1 26 150
25 99 71 85 4 0 20 0.00 M M 10.8 25 160 M M 0 35 190
26 99 75 87 6 0 22 0.10 M M 5.3 32 200 M M 1 38 47 200
27 97 73 85 5 0 20 0.00 M M 10.4 35 330 M M 1 38 48 340
28 89 74 82 2 0 17 0.01 M M 8.1 20 80 M M 4 31 80
29 96 69 83 3 0 18 T M M 8.2 26 50 M M 1 8 38 30
30 94 70 82 2 0 17 0.00 M M 6.8 13 60 M M 3 8 17 70
31 97 68 83 4 0 18 0.00 M M 6.2 16 200 M M 0 30 180
================================================================================
SM 3121 2386 0 745 0.11 M 316.6 M 19
================================================================================
AV100.7 77.0 10.2 FASTST M M 1 MAX(MPH)
MISC ----> 35 330 48 340
================================================================================
NOTES:
# LAST OF SEVERAL OCCURRENCES
COLUMN 17 PEAK WIND IN M.P.H.
PRELIMINARY LOCAL CLIMATOLOGICAL DATA (WS FORM: F-6) , PAGE 2
STATION: ODESSA SCHLEYMEYER
MONTH: AUGUST
YEAR: 2023
LATITUDE: 31 55 N
LONGITUDE: 102 23 W
[TEMPERATURE DATA] [PRECIPITATION DATA] SYMBOLS USED IN COLUMN 16
AVERAGE MONTHLY: 88.8 TOTAL FOR MONTH: 0.11 1 = FOG OR MIST
DPTR FM NORMAL: 6.4 DPTR FM NORMAL: -1.37 2 = FOG REDUCING VISIBILITY
HIGHEST: 109 ON 10 GRTST 24HR 0.10 ON 26-26 TO 1/4 MILE OR LESS
LOWEST: 68 ON 31 3 = THUNDER
SNOW, ICE PELLETS, HAIL 4 = ICE PELLETS
TOTAL MONTH: M 5 = HAIL
GRTST 24HR M ON M 6 = FREEZING RAIN OR DRIZZLE
GRTST DEPTH: M ON M 7 = DUSTSTORM OR SANDSTORM:
VSBY 1/2 MILE OR LESS
8 = SMOKE OR HAZE
[NO. OF DAYS WITH] [WEATHER - DAYS WITH] 9 = BLOWING SNOW
X = TORNADO
MAX 32 OR BELOW: 0 0.01 INCH OR MORE: 2
MAX 90 OR ABOVE: 30 0.10 INCH OR MORE: 1
MIN 32 OR BELOW: 0 0.50 INCH OR MORE: 0
MIN 0 OR BELOW: 0 1.00 INCH OR MORE: 0
[HDD (BASE 65) ]
TOTAL THIS MO. 0 CLEAR (SCALE 0-3) 30
DPTR FM NORMAL 0 PTCLDY (SCALE 4-7) 1
TOTAL FM JUL 1 0 CLOUDY (SCALE 8-10) 0
DPTR FM NORMAL 0
[CDD (BASE 65) ]
TOTAL THIS MO. 745
DPTR FM NORMAL 206 [PRESSURE DATA]
TOTAL FM JAN 1 2574 HIGHEST SLP 30.19 ON 15
DPTR FM NORMAL 524 LOWEST SLP 29.63 ON 10
[REMARKS]
#FINAL-08-23#