000
CXUS53 KGID 011644
CF6ODX
PRELIMINARY LOCAL CLIMATOLOGICAL DATA (WS FORM: F-6)
STATION: ORD NE
MONTH: JANUARY
YEAR: 2023
LATITUDE: 41 37 N
LONGITUDE: 98 57 W
TEMPERATURE IN F: :PCPN: SNOW: WIND :SUNSHINE: SKY :PK WND
================================================================================
1 2 3 4 5 6A 6B 7 8 9 10 11 12 13 14 15 16 17 18
12Z AVG MX 2MIN
DY MAX MIN AVG DEP HDD CDD WTR SNW DPTH SPD SPD DIR MIN PSBL S-S WX SPD DR
================================================================================
1 47 30 39 15 26 0 0.00 M M 3.1 10 30 M M 5 1 14 30
2 36 31 34 10 31 0 0.30 M M 13.3 24 40 M M 9 16 36 20
3 33 25 29 5 36 0 0.81 M M 20.4 31 310 M M 8 1238 41 310
4 31 23 27 3 38 0 0.00 M M 13.4 23 300 M M 4 28 300
5 33 10 22 -2 43 0 0.00 M M 8.4 21 300 M M 0 29 300
6 35 6 21 -3 44 0 0.00 M M 2.4 7 10 M M 2 10 350
7 32 13 23 -1 42 0 0.00 M M 2.3 8 160 M M 6 18 10 170
8 37 8 23 -1 42 0 0.00 M M 1.7 8 170 M M 2 128 9 170
9 45 13 29 5 36 0 0.00 M M 4.3 21 300 M M 1 128 30 300
10 44 18 31 7 34 0 0.00 M M 3.9 13 250 M M 1 16 240
11 36 24 30 6 35 0 0.00 M M 10.5 23 340 M M 4 1 28 340
12 30 22 26 2 39 0 0.00 M M 12.6 24 330 M M 10 1 32 330
13 32 14 23 -1 42 0 0.00 M M 5.7 16 180 M M 7 12 22 170
14 39 27 33 9 32 0 0.00 M M 6.6 16 170 M M 0 21 160
15 36 19 28 4 37 0 0.00 M M 1.6 8 330 M M 4 12 10 140
16 36 33 35 11 30 0 T M M 10.7 18 320 M M 10 24 320
17 37 30 34 10 31 0 0.00 M M 6.8 14 10 M M 10 17 30
18 30 22 26 2 39 0 0.95 M M 14.9 24 350 M M 10 12 36 10
19 34 8 21 -3 44 0 T M M 13.8 26 320 M M 8 12 33 320
20 34 2 18 -6 47 0 0.00 M M 3.9 10 330 M M 0 1 12 330
21 34 9 22 -2 43 0 T M M 3.8 10 320 M M 4 1 10 320
22 30 0 15 -9 50 0 0.00 M M 4.6 12 320 M M 3 12 15 300
23 37 -2 18 -6 47 0 0.00 M M 4.2 15 340 M M 5 12 19 340
24 36 9 23 -1 42 0 0.00 M M 4.8 14 310 M M 4 12 17 300
25 28 14 21 -3 44 0 T M M 13.8 30 330 M M 8 8 39 340
26 41 23 32 8 33 0 T M M 9.2 25 270 M M 7 18 39 290
27 41 32 37 13 28 0 T M M 12.4 28 290 M M 4 1 42 280
28 33 0 17 -7 48 0 T M M 16.2 26 10 M M 10 168 34 360
29 6 -5 1 -24 64 0 T M M 9.6 17 350 M M 6 23 350
30 10 -6 2 -23 63 0 T M M 5.3 12 210 M M 4 8 14 200
31 18 -10 4 -21 61 0 0.00 M M 4.5 14 230 M M 0 18 240
================================================================================
SM 1031 442 1271 0 2.06 M 248.7 M 156
================================================================================
AV 33.3 14.3 8.0 FASTST M M 5 MAX(MPH)
MISC ----> 31 310 42 280
================================================================================
NOTES:
# LAST OF SEVERAL OCCURRENCES
COLUMN 17 PEAK WIND IN M.P.H.
PRELIMINARY LOCAL CLIMATOLOGICAL DATA (WS FORM: F-6) , PAGE 2
STATION: ORD NE
MONTH: JANUARY
YEAR: 2023
LATITUDE: 41 37 N
LONGITUDE: 98 57 W
[TEMPERATURE DATA] [PRECIPITATION DATA] SYMBOLS USED IN COLUMN 16
AVERAGE MONTHLY: 23.8 TOTAL FOR MONTH: 2.06 1 = FOG OR MIST
DPTR FM NORMAL: -0.3 DPTR FM NORMAL: 1.69 2 = FOG REDUCING VISIBILITY
HIGHEST: 47 ON 1 GRTST 24HR 0.95 ON 18-18 TO 1/4 MILE OR LESS
LOWEST: -10 ON 31 3 = THUNDER
SNOW, ICE PELLETS, HAIL 4 = ICE PELLETS
TOTAL MONTH: M 5 = HAIL
GRTST 24HR M ON M 6 = FREEZING RAIN OR DRIZZLE
GRTST DEPTH: M ON M 7 = DUSTSTORM OR SANDSTORM:
VSBY 1/2 MILE OR LESS
8 = SMOKE OR HAZE
[NO. OF DAYS WITH] [WEATHER - DAYS WITH] 9 = BLOWING SNOW
X = TORNADO
MAX 32 OR BELOW: 10 0.01 INCH OR MORE: 3
MAX 90 OR ABOVE: 0 0.10 INCH OR MORE: 3
MIN 32 OR BELOW: 30 0.50 INCH OR MORE: 2
MIN 0 OR BELOW: 6 1.00 INCH OR MORE: 0
[HDD (BASE 65) ]
TOTAL THIS MO. 1271 CLEAR (SCALE 0-3) 8
DPTR FM NORMAL 3 PTCLDY (SCALE 4-7) 15
TOTAL FM JUL 1 3941 CLOUDY (SCALE 8-10) 8
DPTR FM NORMAL -24
[CDD (BASE 65) ]
TOTAL THIS MO. 0
DPTR FM NORMAL 0 [PRESSURE DATA]
TOTAL FM JAN 1 0 HIGHEST SLP 30.62 ON 30
DPTR FM NORMAL 0 LOWEST SLP 29.42 ON 16
[REMARKS]
SUBSTITUTED LIQUID PRECIPITATION AMOUNT (0.95) FOR 1/18/2023 FROM LOCAL
COOPERATIVE OBSERVER (ORD#2, SITE #25-6336) DUE TO THE AUTOMATED GAUGE CAPTURE
UNDER-REPRESENTING PRECIPITATION FROM THE SNOW EVENT.
#FINAL-01-23#