000
CXUS55 KGGW 010810
CF6OLF
PRELIMINARY LOCAL CLIMATOLOGICAL DATA (WS FORM: F-6)
STATION: WOLF POINT MT
MONTH: JUNE
YEAR: 2023
LATITUDE: 48 5 N
LONGITUDE: 105 35 W
TEMPERATURE IN F: :PCPN: SNOW: WIND :SUNSHINE: SKY :PK WND
================================================================================
1 2 3 4 5 6A 6B 7 8 9 10 11 12 13 14 15 16 17 18
12Z AVG MX 2MIN
DY MAX MIN AVG DEP HDD CDD WTR SNW DPTH SPD SPD DIR MIN PSBL S-S WX SPD DR
================================================================================
1 86 60 73 13 0 8 T M M 8.0 17 170 M M 1 3 32 150
2 81 63 72 11 0 7 0.22 M M 10.2 24 40 M M 5 138 32 40
3 85 63 74 13 0 9 T M M 5.2 17 110 M M 3 1 24 110
4 88 60 74 13 0 9 0.01 M M 2.4 14 150 M M 1 1 24 170
5 89 65 77 15 0 12 0.00 M M 5.9 12 170 M M 0 20 190
6 92 61 77 15 0 12 0.00 M M 4.0 13 30 M M 1 17 30
7 93 62 78 16 0 13 0.00 M M 6.2 21 40 M M 1 28 40
8 87 65 76 14 0 11 0.00 M M 11.4 23 40 M M 1 33 40
9 86 63 75 12 0 10 0.00 M M 9.8 18 40 M M 2 25 50
10 76 52 64 1 1 0 0.00 M M 11.3 21 60 M M 2 38 40
11 79 48 64 1 1 0 0.00 M M 4.8 13 110 M M 0 20 110
12 83 48 66 3 0 1 0.00 M M 3.1 10 80 M M 0 8 16 130
13 87 45 66 2 0 1 0.00 M M 2.4 9 190 M M 0 1 14 150
14 86 53 70 6 0 5 0.27 M M 6.0 17 190 M M 3 13 24 170
15 75 48 62 -2 3 0 0.00 M M 10.8 23 300 M M 1 34 280
16 75 43 59 -5 6 0 0.00 M M 5.6 13 230 M M 2 18 19 290
17 79 48 64 -1 1 0 0.01 M M 6.1 17 280 M M 3 26 230
18 83 52 68 3 0 3 0.01 M M 7.9 30 280 M M 4 44 280
19 74 45 60 -5 5 0 0.12 M M 4.4 15 90 M M 3 123 22 110
20 74 53 64 -1 1 0 0.68 M M 7.8 17 290 M M 8 13 26 290
21 75 45 60 -6 5 0 0.12 M M 4.6 16 340 M M 3 1 24 330
22 74 51 63 -3 2 0 0.00 M M 4.3 10 230 M M 2 16 210
23 75 53 64 -2 1 0 0.00 M M 10.6 18 90 M M 3 25 120
24 76 55 66 0 0 1 0.00 M M 7.7 15 60 M M 3 22 50
25 83 50 67 0 0 2 0.00 M M 3.5 13 250 M M 0 19 200
26 84 52 68 1 0 3 0.00 M M 4.7 14 240 M M 1 3 18 160
27 81 53 67 0 0 2 T M M 3.7 16 360 M M 0 3 22 340
28 86 53 70 3 0 5 0.00 M M 4.7 14 340 M M 2 3 21 360
29 87 54 71 3 0 6 0.00 M M 3.3 10 90 M M 2 8 16 80
30 95 56 76 8 0 11 0.00 M M 5.9 20 90 M M 0 27 90
================================================================================
SM 2474 1619 26 131 1.44 M 186.3 M 57
================================================================================
AV 82.5 54.0 6.2 FASTST M M 2 MAX(MPH)
MISC ----> 30 280 44 280
================================================================================
NOTES:
# LAST OF SEVERAL OCCURRENCES
COLUMN 17 PEAK WIND IN M.P.H.
PRELIMINARY LOCAL CLIMATOLOGICAL DATA (WS FORM: F-6) , PAGE 2
STATION: WOLF POINT MT
MONTH: JUNE
YEAR: 2023
LATITUDE: 48 5 N
LONGITUDE: 105 35 W
[TEMPERATURE DATA] [PRECIPITATION DATA] SYMBOLS USED IN COLUMN 16
AVERAGE MONTHLY: 68.2 TOTAL FOR MONTH: 1.44 1 = FOG OR MIST
DPTR FM NORMAL: 3.9 DPTR FM NORMAL: -1.62 2 = FOG REDUCING VISIBILITY
HIGHEST: 95 ON 30 GRTST 24HR 0.77 ON 19-20 TO 1/4 MILE OR LESS
LOWEST: 43 ON 16 3 = THUNDER
SNOW, ICE PELLETS, HAIL 4 = ICE PELLETS
TOTAL MONTH: M 5 = HAIL
GRTST 24HR M ON M 6 = FREEZING RAIN OR DRIZZLE
GRTST DEPTH: M ON M 7 = DUSTSTORM OR SANDSTORM:
VSBY 1/2 MILE OR LESS
8 = SMOKE OR HAZE
[NO. OF DAYS WITH] [WEATHER - DAYS WITH] 9 = BLOWING SNOW
X = TORNADO
MAX 32 OR BELOW: 0 0.01 INCH OR MORE: 8
MAX 90 OR ABOVE: 3 0.10 INCH OR MORE: 5
MIN 32 OR BELOW: 0 0.50 INCH OR MORE: 1
MIN 0 OR BELOW: 0 1.00 INCH OR MORE: 0
[HDD (BASE 65) ]
TOTAL THIS MO. 26 CLEAR (SCALE 0-3) 24
DPTR FM NORMAL -63 PTCLDY (SCALE 4-7) 5
TOTAL FM JUL 1 9100 CLOUDY (SCALE 8-10) 1
DPTR FM NORMAL 606
[CDD (BASE 65) ]
TOTAL THIS MO. 131
DPTR FM NORMAL 64 [PRESSURE DATA]
TOTAL FM JAN 1 162 HIGHEST SLP M ON M
DPTR FM NORMAL 83 LOWEST SLP 29.38 ON 18
[REMARKS]
#FINAL-06-23#