000
CXUS53 KOAX 011030
CF6OMA
PRELIMINARY LOCAL CLIMATOLOGICAL DATA (WS FORM: F-6)
STATION: OMAHA NE
MONTH: FEBRUARY
YEAR: 2024
LATITUDE: 41 17 N
LONGITUDE: 95 54 W
TEMPERATURE IN F: :PCPN: SNOW: WIND :SUNSHINE: SKY :PK WND
================================================================================
1 2 3 4 5 6A 6B 7 8 9 10 11 12 13 14 15 16 17 18
12Z AVG MX 2MIN
DY MAX MIN AVG DEP HDD CDD WTR SNW DPTH SPD SPD DIR MIN PSBL S-S WX SPD DR
================================================================================
1 51 29 40 15 25 0 0.00 0.0 0 4.1 12 110 M M 5 14 110
2 48 39 44 18 21 0 0.00 0.0 0 11.3 20 110 M M 8 1 28 100
3 47 37 42 16 23 0 0.00 0.0 0 9.8 16 120 M M 10 18 24 80
4 46 31 39 13 26 0 0.00 0.0 0 9.3 17 10 M M 9 18 22 30
5 52 24 38 12 27 0 0.00 0.0 0 4.8 10 270 M M 4 1 15 270
6 52 26 39 13 26 0 0.00 0.0 0 8.9 16 170 M M 6 1 20 170
7 56 43 50 24 15 0 0.01 0.0 0 20.9 30 170 M M 10 40 160
8 56 41 49 22 16 0 0.01 0.0 0 16.1 28 180 M M 7 39 190
9 45 31 38 11 27 0 0.00 0.0 0 9.5 17 340 M M 4 23 360
10 38 26 32 5 33 0 0.00 0.0 0 10.3 18 350 M M 10 25 360
11 40 22 31 3 34 0 0.00 0.0 0 4.2 9 150 M M 5 13 280
12 51 21 36 8 29 0 0.00 0.0 0 6.2 14 360 M M 3 19 350
13 54 31 43 15 22 0 0.00 0.0 0 3.6 10 360 M M 7 13 340
14 60 24 42 14 23 0 T 0.0 0 12.6 32 340 M M 5 8 42 330
15 42 21 32 3 33 0 0.00 0.0 0 13.4 30 350 M M 6 41 350
16 31 8 20 -9 45 0 0.08 0.8 1 14.4 26 330 M M 8 1 35 330
17 36 7 22 -7 43 0 0.00 0.0 T 9.5 21 250 M M 0 28 250
18 49 23 36 6 29 0 0.00 0.0 0 4.2 15 250 M M 1 20 260
19 58 20 39 9 26 0 0.00 0.0 0 7.6 21 160 M M 2 27 180
20 68 24 46 16 19 0 0.00 0.0 0 8.7 22 200 M M 1 29 200
21 68 29 49 18 16 0 0.00 0.0 0 6.0 12 320 M M 6 16 50
22 64 33 49 18 16 0 0.00 0.0 0 10.3 25 350 M M 6 31 350
23 60 27 44 12 21 0 0.00 0.0 0 12.3 31 320 M M 3 42 310
24 65 22 44 12 21 0 0.00 0.0 0 8.3 21 180 M M 1 1 31 170
25 67 25 46 14 19 0 0.00 0.0 0 5.8 14 80 M M 0 18 80
26 80 38 59 26 6 0 0.00 0.0 0 10.9 26 250 M M 2 38 240
27 49 15 32 -1 33 0 T T 0 20.4 38 350 M M 6 50 360
28 34 7 21 -13 44 0 0.00 0.0 0 12.7 30 320 M M 1 39 320
29 61 25 43 9 22 0 0.00 0.0 0 18.4 32 170 M M 1 44 180
================================================================================
SM 1528 749 740 0 0.10 0.8 294.5 M 137
================================================================================
AV 52.7 25.8 10.2 FASTST M M 5 MAX(MPH)
MISC ----> 38 350 50 360
================================================================================
NOTES:
# LAST OF SEVERAL OCCURRENCES
COLUMN 17 PEAK WIND IN M.P.H.
PRELIMINARY LOCAL CLIMATOLOGICAL DATA (WS FORM: F-6) , PAGE 2
STATION: OMAHA NE
MONTH: FEBRUARY
YEAR: 2024
LATITUDE: 41 17 N
LONGITUDE: 95 54 W
[TEMPERATURE DATA] [PRECIPITATION DATA] SYMBOLS USED IN COLUMN 16
AVERAGE MONTHLY: 39.3 TOTAL FOR MONTH: 0.10 1 = FOG OR MIST
DPTR FM NORMAL: 10.4 DPTR FM NORMAL: -0.85 2 = FOG REDUCING VISIBILITY
HIGHEST: 80 ON 26 GRTST 24HR 0.08 ON 16-16 TO 1/4 MILE OR LESS
LOWEST: 7 ON 28,17 3 = THUNDER
SNOW, ICE PELLETS, HAIL 4 = ICE PELLETS
TOTAL MONTH: 0.8 INCH 5 = HAIL
GRTST 24HR 0.8 ON 16-16 6 = FREEZING RAIN OR DRIZZLE
GRTST DEPTH: 1 ON 16 7 = DUSTSTORM OR SANDSTORM:
VSBY 1/2 MILE OR LESS
8 = SMOKE OR HAZE
[NO. OF DAYS WITH] [WEATHER - DAYS WITH] 9 = BLOWING SNOW
X = TORNADO
MAX 32 OR BELOW: 1 0.01 INCH OR MORE: 3
MAX 90 OR ABOVE: 0 0.10 INCH OR MORE: 0
MIN 32 OR BELOW: 23 0.50 INCH OR MORE: 0
MIN 0 OR BELOW: 0 1.00 INCH OR MORE: 0
[HDD (BASE 65) ]
TOTAL THIS MO. 740 CLEAR (SCALE 0-3) 11
DPTR FM NORMAL -269 PTCLDY (SCALE 4-7) 14
TOTAL FM JUL 1 4055 CLOUDY (SCALE 8-10) 4
DPTR FM NORMAL -566
[CDD (BASE 65) ]
TOTAL THIS MO. 0
DPTR FM NORMAL 0 [PRESSURE DATA]
TOTAL FM JAN 1 0 HIGHEST SLP 30.50 ON 16
DPTR FM NORMAL 0 LOWEST SLP 29.31 ON 27
[REMARKS]
#FINAL-02-24#