000
CXUS53 KOAX 010930
CF6OMA
PRELIMINARY LOCAL CLIMATOLOGICAL DATA (WS FORM: F-6)
STATION: OMAHA NE
MONTH: APRIL
YEAR: 2021
LATITUDE: 41 17 N
LONGITUDE: 95 54 W
TEMPERATURE IN F: :PCPN: SNOW: WIND :SUNSHINE: SKY :PK WND
================================================================================
1 2 3 4 5 6A 6B 7 8 9 10 11 12 13 14 15 16 17 18
12Z AVG MX 2MIN
DY MAX MIN AVG DEP HDD CDD WTR SNW DPTH SPD SPD DIR MIN PSBL S-S WX SPD DR
================================================================================
1 53 20 37 -9 28 0 0.00 0.0 0 10.3 22 170 M M 1 29 170
2 74 38 56 10 9 0 0.00 0.0 0 21.6 36 170 M M 0 46 170
3 80 41 61 14 4 0 0.00 0.0 0 4.9 14 150 M M 2 18 170
4 88 47 68 21 0 3 0.00 0.0 0 10.9 22 220 M M 6 34 240
5 85 61 73 25 0 8 T 0.0 0 17.9 28 170 M M 6 37 180
6 76 60 68 20 0 3 0.04 0.0 0 16.7 33 180 M M 8 42 170
7 67 48 58 10 7 0 0.62 0.0 0 13.8 26 340 M M 10 13 34 340
8 50 46 48 -1 17 0 0.20 0.0 0 15.2 24 330 M M 10 18 32 350
9 63 44 54 5 11 0 0.01 0.0 0 11.8 23 310 M M 8 1 30 320
10 63 41 52 2 13 0 0.00 0.0 0 12.9 28 330 M M 7 39 320
11 69 34 52 2 13 0 0.00 0.0 0 7.4 35 330 M M 1 47 330
12 60 39 50 0 15 0 0.00 0.0 0 16.4 26 290 M M 2 35 310
13 56 36 46 -5 19 0 0.00 0.0 0 13.2 25 270 M M 2 35 300
14 50 31 41 -10 24 0 0.00 0.0 0 11.1 21 330 M M 4 28 310
15 52 29 41 -11 24 0 0.00 0.0 0 7.5 16 330 M M 7 23 330
16 48 37 43 -9 22 0 0.14 0.0 0 6.0 10 340 M M 10 1 14 320
17 57 42 50 -2 15 0 0.11 0.0 0 10.5 20 350 M M 8 1 25 350
18 64 38 51 -2 14 0 0.00 0.0 0 6.8 20 330 M M 5 26 320
19 46 31 39 -14 26 0 0.01 0.1 0 14.3 26 350 M M 8 18 37 340
20 49 30 40 -14 25 0 T 0.0 0 8.1 22 340 M M 7 29 330
21 48 32 40 -14 25 0 T T 0 11.3 25 340 M M 6 31 350
22 59 28 44 -10 21 0 0.00 0.0 0 11.6 29 180 M M 4 37 170
23 64 44 54 -1 11 0 0.01 0.0 0 11.2 23 190 M M 7 32 180
24 62 37 50 -5 15 0 0.00 0.0 0 10.8 21 320 M M 5 28 330
25 77 40 59 4 6 0 0.00 0.0 0 15.5 30 160 M M 6 40 180
26 92 58 75 19 0 10 0.00 0.0 0 15.9 25 170 M M 5 36 160
27 81 54 68 12 0 3 0.00 0.0 0 11.4 23 320 M M 8 30 310
28 69 50 60 4 5 0 0.07 0.0 0 8.5 22 310 M M 9 13 28 310
29 77 45 61 4 4 0 0.00 0.0 0 8.4 26 340 M M 1 39 360
30 84 47 66 9 0 1 0.00 0.0 0 4.8 10 150 M M 6 14 140
================================================================================
SM 1963 1228 373 28 1.21 0.1 346.7 M 169
================================================================================
AV 65.4 40.9 11.6 FASTST M M 6 MAX(MPH)
MISC ----> 36 170 47 330
================================================================================
NOTES:
# LAST OF SEVERAL OCCURRENCES
COLUMN 17 PEAK WIND IN M.P.H.
PRELIMINARY LOCAL CLIMATOLOGICAL DATA (WS FORM: F-6) , PAGE 2
STATION: OMAHA NE
MONTH: APRIL
YEAR: 2021
LATITUDE: 41 17 N
LONGITUDE: 95 54 W
[TEMPERATURE DATA] [PRECIPITATION DATA] SYMBOLS USED IN COLUMN 16
AVERAGE MONTHLY: 53.2 TOTAL FOR MONTH: 1.21 1 = FOG OR MIST
DPTR FM NORMAL: 1.5 DPTR FM NORMAL: -1.75 2 = FOG REDUCING VISIBILITY
HIGHEST: 92 ON 26 GRTST 24HR 0.70 ON 7- 8 TO 1/4 MILE OR LESS
LOWEST: 20 ON 1 3 = THUNDER
SNOW, ICE PELLETS, HAIL 4 = ICE PELLETS
TOTAL MONTH: 0.1 INCH 5 = HAIL
GRTST 24HR 0.1 ON 19-19 6 = FREEZING RAIN OR DRIZZLE
GRTST DEPTH: 0 7 = DUSTSTORM OR SANDSTORM:
VSBY 1/2 MILE OR LESS
8 = SMOKE OR HAZE
[NO. OF DAYS WITH] [WEATHER - DAYS WITH] 9 = BLOWING SNOW
X = TORNADO
MAX 32 OR BELOW: 0 0.01 INCH OR MORE: 9
MAX 90 OR ABOVE: 1 0.10 INCH OR MORE: 4
MIN 32 OR BELOW: 7 0.50 INCH OR MORE: 1
MIN 0 OR BELOW: 0 1.00 INCH OR MORE: 0
[HDD (BASE 65) ]
TOTAL THIS MO. 373 CLEAR (SCALE 0-3) 7
DPTR FM NORMAL -40 PTCLDY (SCALE 4-7) 16
TOTAL FM JUL 1 5718 CLOUDY (SCALE 8-10) 7
DPTR FM NORMAL -283
[CDD (BASE 65) ]
TOTAL THIS MO. 28
DPTR FM NORMAL 13 [PRESSURE DATA]
TOTAL FM JAN 1 28 HIGHEST SLP 30.63 ON 1
DPTR FM NORMAL 12 LOWEST SLP 29.39 ON 26
[REMARKS]
#FINAL-04-21#