000
CXAK56 PAFG 010957
CF6OME
PRELIMINARY LOCAL CLIMATOLOGICAL DATA (WS FORM: F-6)
STATION: NOME AK
MONTH: MARCH
YEAR: 2023
LATITUDE: 64 30 N
LONGITUDE: 165 26 W
TEMPERATURE IN F: :PCPN: SNOW: WIND :SUNSHINE: SKY :PK WND
================================================================================
1 2 3 4 5 6A 6B 7 8 9 10 11 12 13 14 15 16 17 18
12Z AVG MX 2MIN
DY MAX MIN AVG DEP HDD CDD WTR SNW DPTH SPD SPD DIR MIN PSBL S-S WX SPD DR
================================================================================
1 22 -1 11 2 54 0 0.10 M M 19.5 30 360 M M 10 189 34 350
2 0 -21 -10 -19 75 0 0.00 M M 7.5 24 360 M M 0 19 30 360
3 -6 -21 -13 -22 78 0 T M M 5.9 24 70 M M 4 1 32 80
4 26 -6 10 1 55 0 0.32 M M 23.3 37 70 M M 10 12 45 70
5 33 25 29 20 36 0 0.26 M M 21.7 28 100 M M 10 16 34 130
6 33 32 33 24 32 0 0.71 M M 14.2 20 130 M M 10 16 25 150
7 34 27 31 22 34 0 0.01 M M 16.1 23 150 M M 10 16 29 150
8 27 6 17 8 48 0 T M M 9.0 23 260 M M 7 19 27 260
9 12 -3 5 -4 60 0 T M M 1.5 8 330 M M 5 12 10 330
10 14 -6 4 -4 61 0 0.00 M M 0.1 3 30 M M 3 18 5 360
11 22 6 14 6 51 0 0.00 M M 4.8 21 360 M M 8 23 350
12 8 -6 1 -7 64 0 T M M 1.7 15 360 M M 0 17 360
13 10 -5 3 -5 62 0 0.05 M M 9.2 17 40 M M 9 18 22 80
14 10 -3 4 -5 61 0 0.00 M M 12.9 23 10 M M 1 29 310
15 10 -9 1 -8 64 0 0.00 M M 3.9 28 360 M M 0 89 37 360
16 11 -13 -1 -10 66 0 T M M 1.2 6 10 M M 0 6 320
17 11 -11 0 -9 65 0 T M M 1.7 14 330 M M 0 15 340
18 12 -12 0 -9 65 0 T M M 2.2 7 90 M M 0 10 140
19 14 -10 2 -7 63 0 0.00 M M 9.4 22 90 M M 1 27 70
20 31 14 23 14 42 0 0.28 M M 28.4 40 110 M M 9 129 54 110
21 26 12 19 9 46 0 0.02 M M 13.1 22 180 M M 10 1 28 180
22 20 2 11 1 54 0 0.01 M M 9.2 17 270 M M 8 18 M M
23 12 -9 2 -8 63 0 0.01 M M 7.6 16 290 M M 8 18 17 290
24 7 -5 1 -9 64 0 T M M 10.1 22 270 M M 9 18 25 260
25 32 2 17 6 48 0 0.32 M M 22.5 33 90 M M 9 12 42 150
26 32 24 28 17 37 0 0.04 M M 12.5 20 180 M M 6 1 27 180
27 25 3 14 3 51 0 T M M 10.7 25 270 M M 6 1 29 270
28 18 0 9 -3 56 0 T M M 14.3 22 70 M M 10 1 29 70
29 28 15 22 10 43 0 0.38 M M 19.9 28 90 M M 10 12 35 80
30 35 18 27 14 38 0 0.11 M M 8.3 17 70 M M 10 1 21 70
31 25 10 18 5 47 0 0.00 M M 9.2 26 270 M M 4 8 30 270
================================================================================
SM 594 55 1683 0 2.62 M 331.6 M 187
================================================================================
AV 19.2 1.8 10.7 FASTST M M 6 MAX(MPH)
MISC ----> 40 110 54 110
================================================================================
NOTES:
# LAST OF SEVERAL OCCURRENCES
COLUMN 17 PEAK WIND IN M.P.H.
PRELIMINARY LOCAL CLIMATOLOGICAL DATA (WS FORM: F-6) , PAGE 2
STATION: NOME AK
MONTH: MARCH
YEAR: 2023
LATITUDE: 64 30 N
LONGITUDE: 165 26 W
[TEMPERATURE DATA] [PRECIPITATION DATA] SYMBOLS USED IN COLUMN 16
AVERAGE MONTHLY: 10.5 TOTAL FOR MONTH: 2.62 1 = FOG OR MIST
DPTR FM NORMAL: 0.9 DPTR FM NORMAL: 1.88 2 = FOG REDUCING VISIBILITY
HIGHEST: 35 ON 30 GRTST 24HR 0.71 ON 6- 6 TO 1/4 MILE OR LESS
LOWEST: -21 ON 3, 2 3 = THUNDER
SNOW, ICE PELLETS, HAIL 4 = ICE PELLETS
TOTAL MONTH: M 5 = HAIL
GRTST 24HR M ON M 6 = FREEZING RAIN OR DRIZZLE
GRTST DEPTH: M ON M 7 = DUSTSTORM OR SANDSTORM:
VSBY 1/2 MILE OR LESS
8 = SMOKE OR HAZE
[NO. OF DAYS WITH] [WEATHER - DAYS WITH] 9 = BLOWING SNOW
X = TORNADO
MAX 32 OR BELOW: 27 0.01 INCH OR MORE: 14
MAX 90 OR ABOVE: 0 0.10 INCH OR MORE: 8
MIN 32 OR BELOW: 31 0.50 INCH OR MORE: 1
MIN 0 OR BELOW: 17 1.00 INCH OR MORE: 0
[HDD (BASE 65) ]
TOTAL THIS MO. 1683 CLEAR (SCALE 0-3) 9
DPTR FM NORMAL -34 PTCLDY (SCALE 4-7) 9
TOTAL FM JUL 1 10488 CLOUDY (SCALE 8-10) 13
DPTR FM NORMAL -360
[CDD (BASE 65) ]
TOTAL THIS MO. 0
DPTR FM NORMAL 0 [PRESSURE DATA]
TOTAL FM JAN 1 0 HIGHEST SLP M ON M
DPTR FM NORMAL 0 LOWEST SLP 28.49 ON 1
[REMARKS]
#FINAL-03-23#