000
CXAK56 PAFG 010950
CF6OME
PRELIMINARY LOCAL CLIMATOLOGICAL DATA (WS FORM: F-6)
STATION: NOME AK
MONTH: JANUARY
YEAR: 2023
LATITUDE: 64 30 N
LONGITUDE: 165 26 W
TEMPERATURE IN F: :PCPN: SNOW: WIND :SUNSHINE: SKY :PK WND
================================================================================
1 2 3 4 5 6A 6B 7 8 9 10 11 12 13 14 15 16 17 18
12Z AVG MX 2MIN
DY MAX MIN AVG DEP HDD CDD WTR SNW DPTH SPD SPD DIR MIN PSBL S-S WX SPD DR
================================================================================
1 22 12 17 11 48 0 T M M 17.9 36 10 M M 1 43 20
2 20 14 17 11 48 0 T M M 9.5 23 350 M M 9 26 350
3 24 16 20 14 45 0 0.05 M M 7.6 16 60 M M 10 1 22 60
4 25 6 16 11 49 0 0.02 M M 5.0 14 100 M M 6 1 17 90
5 26 2 14 9 51 0 0.01 M M 6.5 15 80 M M 6 12 18 80
6 21 9 15 10 50 0 T M M 7.4 13 90 M M 10 1 15 100
7 18 9 14 9 51 0 0.02 M M 3.1 7 60 M M 10 1 9 50
8 18 -2 8 3 57 0 T M M 6.0 15 40 M M 9 1 18 40
9 12 -9 2 -3 63 0 0.00 M M 6.4 21 10 M M 0 27 360
10 17 3 10 5 55 0 0.10 M M 13.8 28 350 M M 4 1 33 30
11 21 12 17 12 48 0 0.15 M M 12.2 23 100 M M 10 1 29 100
12 13 -6 4 -1 61 0 0.02 M M 6.8 16 140 M M 10 1 20 140
13 12 -13 0 -5 65 0 0.00 M M 5.0 16 50 M M 6 1 19 40
14 17 -9 4 -1 61 0 0.00 M M 12.6 22 10 M M 2 25 360
15 18 2 10 5 55 0 0.03 M M 10.5 23 30 M M 4 1 27 30
16 22 9 16 11 49 0 T M M 16.2 31 30 M M 10 1689 36 30
17 10 -10 0 -5 65 0 0.01 M M 11.5 18 350 M M 8 18 22 350
18 0 -17 -8 -13 73 0 0.00 M M 9.5 16 340 M M 1 23 360
19 -11 -26 -18 -23 83 0 0.00 M M 1.7 7 300 M M 0 8 310
20 -5 -27 -16 -21 81 0 0.00 M M 7.2 17 280 M M 3 18 21 330
21 -10 -25 -17 -23 82 0 0.00 M M 6.9 21 290 M M 0 26 280
22 2 -25 -11 -17 76 0 T M M 12.5 37 10 M M 0 89 47 360
23 2 -11 -4 -10 69 0 0.00 M M 8.6 26 30 M M 0 31 70
24 0 -12 -6 -12 71 0 0.00 M M 11.4 25 30 M M 0 28 50
25 -1 -11 -6 -12 71 0 0.01 M M 8.2 20 20 M M 4 18 24 30
26 7 -4 2 -4 63 0 0.01 M M 15.2 32 70 M M 7 18 41 70
27 24 7 16 10 49 0 0.24 M M 19.2 30 80 M M 10 169 40 70
28 25 17 21 14 44 0 0.17 M M 9.3 20 110 M M 10 16 24 120
29 35 22 29 22 36 0 0.02 M M 17.3 25 90 M M 7 1 31 100
30 31 20 26 19 39 0 0.23 M M 11.2 23 90 M M 10 12 27 70
31 25 11 18 11 47 0 0.03 M M 2.0 10 250 M M 10 12 12 250
================================================================================
SM 440 -36 1805 0 1.12 M 298.2 M 177
================================================================================
AV 14.2 -1.2 9.6 FASTST M M 6 MAX(MPH)
MISC ----> 37 10 47 360
================================================================================
NOTES:
# LAST OF SEVERAL OCCURRENCES
COLUMN 17 PEAK WIND IN M.P.H.
PRELIMINARY LOCAL CLIMATOLOGICAL DATA (WS FORM: F-6) , PAGE 2
STATION: NOME AK
MONTH: JANUARY
YEAR: 2023
LATITUDE: 64 30 N
LONGITUDE: 165 26 W
[TEMPERATURE DATA] [PRECIPITATION DATA] SYMBOLS USED IN COLUMN 16
AVERAGE MONTHLY: 6.5 TOTAL FOR MONTH: 1.12 1 = FOG OR MIST
DPTR FM NORMAL: 0.9 DPTR FM NORMAL: 0.18 2 = FOG REDUCING VISIBILITY
HIGHEST: 35 ON 29 GRTST 24HR 0.33 ON 24-25 TO 1/4 MILE OR LESS
LOWEST: -27 ON 20 3 = THUNDER
SNOW, ICE PELLETS, HAIL 4 = ICE PELLETS
TOTAL MONTH: M 5 = HAIL
GRTST 24HR M ON M 6 = FREEZING RAIN OR DRIZZLE
GRTST DEPTH: M ON M 7 = DUSTSTORM OR SANDSTORM:
VSBY 1/2 MILE OR LESS
8 = SMOKE OR HAZE
[NO. OF DAYS WITH] [WEATHER - DAYS WITH] 9 = BLOWING SNOW
X = TORNADO
MAX 32 OR BELOW: 30 0.01 INCH OR MORE: 16
MAX 90 OR ABOVE: 0 0.10 INCH OR MORE: 5
MIN 32 OR BELOW: 31 0.50 INCH OR MORE: 0
MIN 0 OR BELOW: 15 1.00 INCH OR MORE: 0
[HDD (BASE 65) ]
TOTAL THIS MO. 1805 CLEAR (SCALE 0-3) 10
DPTR FM NORMAL -36 PTCLDY (SCALE 4-7) 9
TOTAL FM JUL 1 7076 CLOUDY (SCALE 8-10) 12
DPTR FM NORMAL -494
[CDD (BASE 65) ]
TOTAL THIS MO. 0
DPTR FM NORMAL 0 [PRESSURE DATA]
TOTAL FM JAN 1 0 HIGHEST SLP M ON M
DPTR FM NORMAL 0 LOWEST SLP 28.97 ON 1
[REMARKS]
#FINAL-01-23#