000
CXAK56 PAFG 010954
CF6OME
PRELIMINARY LOCAL CLIMATOLOGICAL DATA (WS FORM: F-6)
STATION: NOME AK
MONTH: OCTOBER
YEAR: 2021
LATITUDE: 64 30 N
LONGITUDE: 165 26 W
TEMPERATURE IN F: :PCPN: SNOW: WIND :SUNSHINE: SKY :PK WND
================================================================================
1 2 3 4 5 6A 6B 7 8 9 10 11 12 13 14 15 16 17 18
12Z AVG MX 2MIN
DY MAX MIN AVG DEP HDD CDD WTR SNW DPTH SPD SPD DIR MIN PSBL S-S WX SPD DR
================================================================================
1 38 26 32 -5 33 0 T M M 13.7 26 350 M M 4 1 32 360
2 38 24 31 -5 34 0 T M M 10.4 20 320 M M 2 1 25 330
3 36 21 29 -7 36 0 0.00 M M 5.4 13 130 M M 4 16 140
4 39 33 36 1 29 0 0.52 M M 21.9 33 120 M M 10 1 41 110
5 44 39 42 7 23 0 0.43 M M 16.0 25 120 M M 10 1 30 120
6 44 35 40 6 25 0 0.03 M M 9.4 17 30 M M 9 1 23 40
7 41 29 35 1 30 0 0.00 M M 7.2 16 270 M M 4 1 20 50
8 42 37 40 6 25 0 0.10 M M 16.4 25 30 M M 9 33 30
9 42 28 35 2 30 0 0.00 M M 6.2 14 10 M M 4 16 360
10 38 27 33 0 32 0 0.00 M M 5.8 14 40 M M 3 17 40
11 39 32 36 4 29 0 0.03 M M 8.9 18 30 M M 8 1 22 30
12 40 29 35 3 30 0 0.00 M M 6.9 14 110 M M 9 17 70
13 38 30 34 2 31 0 T M M 1.7 7 50 M M 10 1 8 40
14 37 25 31 0 34 0 0.00 M M 2.4 12 350 M M 8 16 360
15 36 24 30 -1 35 0 T M M 8.5 18 320 M M 6 23 330
16 31 26 29 -1 36 0 0.01 M M 13.3 21 40 M M 7 18 27 40
17 32 17 25 -5 40 0 0.00 M M 12.4 26 30 M M 0 30 30
18 33 15 24 -6 41 0 0.00 M M 11.6 23 130 M M 5 8 31 120
19 35 30 33 4 32 0 0.32 M M 15.5 26 90 M M 10 1 34 100
20 36 33 35 6 30 0 0.18 M M 10.2 17 150 M M 10 1 21 150
21 35 30 33 5 32 0 0.04 M M 9.1 20 230 M M 9 18 22 30
22 40 31 36 8 29 0 0.00 M M 14.7 30 30 M M 7 33 20
23 35 22 29 1 36 0 0.00 M M 4.0 10 330 M M 2 12 330
24 33 23 28 1 37 0 0.02 M M 7.6 22 280 M M 9 18 27 290
25 29 22 26 -1 39 0 T M M 11.1 21 290 M M 8 18 27 300
26 25 19 22 -4 43 0 0.01 M M 5.4 12 310 M M 10 1 14 320
27 26 13 20 -6 45 0 0.00 M M 4.1 12 350 M M 6 18 13 350
28 30 12 21 -5 44 0 0.02 M M 8.6 26 170 M M 8 18 32 150
29 29 11 20 -5 45 0 T M M 11.5 23 230 M M 8 18 26 230
30 20 6 13 -12 52 0 0.00 M M 3.5 10 330 M M 1 11 330
31 26 10 18 -6 47 0 0.00 M M 2.9 10 330 M M 0 15 340
================================================================================
SM 1087 759 1084 0 1.71 M 286.3 M 200
================================================================================
AV 35.1 24.5 9.2 FASTST M M 6 MAX(MPH)
MISC ----> 33 120 41 110
================================================================================
NOTES:
# LAST OF SEVERAL OCCURRENCES
COLUMN 17 PEAK WIND IN M.P.H.
PRELIMINARY LOCAL CLIMATOLOGICAL DATA (WS FORM: F-6) , PAGE 2
STATION: NOME AK
MONTH: OCTOBER
YEAR: 2021
LATITUDE: 64 30 N
LONGITUDE: 165 26 W
[TEMPERATURE DATA] [PRECIPITATION DATA] SYMBOLS USED IN COLUMN 16
AVERAGE MONTHLY: 29.8 TOTAL FOR MONTH: 1.71 1 = FOG OR MIST
DPTR FM NORMAL: -0.6 DPTR FM NORMAL: -0.13 2 = FOG REDUCING VISIBILITY
HIGHEST: 44 ON 6, 5 GRTST 24HR 0.77 ON 4- 5 TO 1/4 MILE OR LESS
LOWEST: 6 ON 30 3 = THUNDER
SNOW, ICE PELLETS, HAIL 4 = ICE PELLETS
TOTAL MONTH: M 5 = HAIL
GRTST 24HR M ON M 6 = FREEZING RAIN OR DRIZZLE
GRTST DEPTH: M ON M 7 = DUSTSTORM OR SANDSTORM:
VSBY 1/2 MILE OR LESS
8 = SMOKE OR HAZE
[NO. OF DAYS WITH] [WEATHER - DAYS WITH] 9 = BLOWING SNOW
X = TORNADO
MAX 32 OR BELOW: 9 0.01 INCH OR MORE: 12
MAX 90 OR ABOVE: 0 0.10 INCH OR MORE: 5
MIN 32 OR BELOW: 26 0.50 INCH OR MORE: 1
MIN 0 OR BELOW: 0 1.00 INCH OR MORE: 0
[HDD (BASE 65) ]
TOTAL THIS MO. 1084 CLEAR (SCALE 0-3) 5
DPTR FM NORMAL 13 PTCLDY (SCALE 4-7) 13
TOTAL FM JUL 1 2687 CLOUDY (SCALE 8-10) 13
DPTR FM NORMAL 96
[CDD (BASE 65) ]
TOTAL THIS MO. 0
DPTR FM NORMAL 0 [PRESSURE DATA]
TOTAL FM JAN 1 2 HIGHEST SLP M ON M
DPTR FM NORMAL -1 LOWEST SLP 28.94 ON 8
[REMARKS]
#FINAL-10-21#