000
CXAK56 PAFG 010948
CF6OME
PRELIMINARY LOCAL CLIMATOLOGICAL DATA (WS FORM: F-6)
STATION: NOME AK
MONTH: MARCH
YEAR: 2021
LATITUDE: 64 30 N
LONGITUDE: 165 26 W
TEMPERATURE IN F: :PCPN: SNOW: WIND :SUNSHINE: SKY :PK WND
================================================================================
1 2 3 4 5 6A 6B 7 8 9 10 11 12 13 14 15 16 17 18
12Z AVG MX 2MIN
DY MAX MIN AVG DEP HDD CDD WTR SNW DPTH SPD SPD DIR MIN PSBL S-S WX SPD DR
================================================================================
1 4 -7 -1 -10 66 0 T M M 11.5 20 50 M M 7 26 40
2 6 -8 -1 -10 66 0 0.00 M M 10.8 28 350 M M 1 8 35 350
3 0 -10 -5 -14 70 0 0.00 M M 9.5 29 350 M M 0 8 35 360
4 13 -4 5 -4 60 0 0.33 M M 25.5 45 90 M M 7 1289 53 90
5 18 3 11 2 54 0 T M M 10.7 18 170 M M 7 18 18 170
6 20 -9 6 -3 59 0 M M M 16.0 32 70 M M 4 129 38 70
7 33 16 25 15 40 0 M M M 25.2 40 130 M M 5 19 40 130
8 32 13 23 13 42 0 M M M 15.3 35 140 M M 5 9 40 140
9 23 -5 9 -1 56 0 T M M 13.2 41 270 M M 4 19 47 260
10 -5 -24 -14 -24 79 0 T M M 10.3 21 270 M M 1 25 270
11 -5 -26 -15 -25 80 0 0.00 M M 1.2 7 250 M M 1 18 10 240
12 8 -8 0 -10 65 0 T M M 16.3 28 90 M M 9 18 33 80
13 13 7 10 0 55 0 0.07 M M 27.7 37 90 M M 8 1289 47 90
14 22 12 17 7 48 0 0.24 M M 17.4 33 90 M M 10 12 40 90
15 22 7 15 5 50 0 T M M 8.8 18 80 M M 10 1 23 70
16 16 -8 4 -6 61 0 0.12 M M 4.0 14 180 M M 8 128 16 180
17 13 -2 6 -4 59 0 0.05 M M 9.9 20 10 M M 5 18 23 360
18 6 -19 -6 -16 71 0 T M M 5.5 25 360 M M 1 8 30 360
19 4 -23 -9 -19 74 0 0.00 M M 6.5 20 30 M M 0 8 23 30
20 17 1 9 -1 56 0 0.00 M M 13.8 26 40 M M 0 8 32 30
21 19 6 13 2 52 0 T M M 5.0 20 300 M M 8 18 23 300
22 7 -9 -1 -12 66 0 T M M 17.2 29 290 M M 1 89 35 300
23 17 -12 3 -8 62 0 0.25 M M 15.6 32 110 M M 7 129 39 100
24 29 6 18 7 47 0 0.08 M M 11.5 22 220 M M 9 189 26 210
25 18 -2 8 -3 57 0 T M M 7.5 22 270 M M 6 18 24 280
26 14 -7 4 -7 61 0 T M M 7.0 15 60 M M 8 18 20 60
27 8 -12 -2 -14 67 0 0.00 M M 3.2 12 80 M M 0 18 15 80
28 33 6 20 8 45 0 0.43 M M 21.5 37 90 M M 10 128 47 70
29 32 26 29 17 36 0 0.26 M M 8.2 15 140 M M 10 1 19 140
30 26 0 13 0 52 0 0.02 M M 12.7 33 300 M M 9 189 38 300
31 9 -10 0 -13 65 0 0.00 M M 11.5 25 310 M M 0 18 31 280
================================================================================
SM 472 -102 1821 0 1.85 M 380.0 M 161
================================================================================
AV 15.2 -3.3 12.3 FASTST M M 5 MAX(MPH)
MISC ----> 45 90 53 90
================================================================================
NOTES:
# LAST OF SEVERAL OCCURRENCES
COLUMN 17 PEAK WIND IN M.P.H.
PRELIMINARY LOCAL CLIMATOLOGICAL DATA (WS FORM: F-6) , PAGE 2
STATION: NOME AK
MONTH: MARCH
YEAR: 2021
LATITUDE: 64 30 N
LONGITUDE: 165 26 W
[TEMPERATURE DATA] [PRECIPITATION DATA] SYMBOLS USED IN COLUMN 16
AVERAGE MONTHLY: 6.0 TOTAL FOR MONTH: 1.85 1 = FOG OR MIST
DPTR FM NORMAL: -4.3 DPTR FM NORMAL: 1.20 2 = FOG REDUCING VISIBILITY
HIGHEST: 33 ON 28, 7 GRTST 24HR 0.57 ON 28-29 TO 1/4 MILE OR LESS
LOWEST: -26 ON 11 3 = THUNDER
SNOW, ICE PELLETS, HAIL 4 = ICE PELLETS
TOTAL MONTH: M 5 = HAIL
GRTST 24HR M ON M 6 = FREEZING RAIN OR DRIZZLE
GRTST DEPTH: M ON M 7 = DUSTSTORM OR SANDSTORM:
VSBY 1/2 MILE OR LESS
8 = SMOKE OR HAZE
[NO. OF DAYS WITH] [WEATHER - DAYS WITH] 9 = BLOWING SNOW
X = TORNADO
MAX 32 OR BELOW: 29 0.01 INCH OR MORE: 10
MAX 90 OR ABOVE: 0 0.10 INCH OR MORE: 6
MIN 32 OR BELOW: 31 0.50 INCH OR MORE: 0
MIN 0 OR BELOW: 20 1.00 INCH OR MORE: 0
[HDD (BASE 65) ]
TOTAL THIS MO. 1821 CLEAR (SCALE 0-3) 10
DPTR FM NORMAL 125 PTCLDY (SCALE 4-7) 14
TOTAL FM JUL 1 10451 CLOUDY (SCALE 8-10) 7
DPTR FM NORMAL -524
[CDD (BASE 65) ]
TOTAL THIS MO. 0
DPTR FM NORMAL 0 [PRESSURE DATA]
TOTAL FM JAN 1 0 HIGHEST SLP M ON M
DPTR FM NORMAL 0 LOWEST SLP 29.02 ON 4
[REMARKS]
#FINAL-03-21#