197
CXAK56 PAFG 011400
CF6OME
PRELIMINARY LOCAL CLIMATOLOGICAL DATA (WS FORM: F-6)
STATION: NOME AK
MONTH: OCTOBER
YEAR: 2020
LATITUDE: 64 30 N
LONGITUDE: 165 26 W
TEMPERATURE IN F: :PCPN: SNOW: WIND :SUNSHINE: SKY :PK WND
================================================================================
1 2 3 4 5 6A 6B 7 8 9 10 11 12 13 14 15 16 17 18
12Z AVG MX 2MIN
DY MAX MIN AVG DEP HDD CDD WTR SNW DPTH SPD SPD DIR MIN PSBL S-S WX SPD DR
================================================================================
1 51 44 48 12 17 0 0.09 M M 11.9 22 80 M M 9 1 27 100
2 54 45 50 15 15 0 0.01 M M 11.8 23 30 M M 9 27 40
3 50 43 47 12 18 0 0.05 M M 6.4 13 30 M M 10 14 30
4 44 40 42 8 23 0 0.40 M M 9.2 20 360 M M 10 1 25 350
5 43 30 37 3 28 0 T M M 13.4 29 360 M M 4 34 360
6 39 23 31 -2 34 0 0.01 M M 10.0 29 120 M M 5 1 35 120
7 45 38 42 9 23 0 0.54 M M 27.8 38 110 M M 10 18 48 120
8 47 44 46 14 19 0 0.03 M M 18.2 28 120 M M 9 1 35 120
9 49 40 45 13 20 0 0.00 M M 7.3 17 90 M M 4 22 90
10 45 35 40 9 25 0 0.00 M M 4.9 18 20 M M 4 22 20
11 44 33 39 8 26 0 T M M 6.2 10 160 M M 7 12 110
12 38 24 31 0 34 0 0.00 M M 8.7 24 20 M M 2 29 20
13 32 19 26 -4 39 0 0.00 M M 3.7 12 40 M M 2 13 40
14 33 19 26 -4 39 0 T M M 4.8 12 80 M M 6 1 15 80
15 40 30 35 6 30 0 0.08 M M 17.1 28 150 M M 10 1 33 170
16 40 38 39 10 26 0 0.07 M M 28.2 37 140 M M 10 18 46 140
17 41 35 38 10 27 0 0.54 M M 23.0 31 120 M M 10 1 39 130
18 41 35 38 10 27 0 0.07 M M 10.5 15 140 M M 9 1 M M
19 40 32 36 9 29 0 0.01 M M 5.8 16 120 M M 9 12 20 120
20 42 28 35 8 30 0 0.01 M M 4.6 10 170 M M 6 13 180
21 42 33 38 12 27 0 0.00 M M 6.3 10 40 M M 9 13 170
22 44 33 39 13 26 0 0.00 M M 10.3 18 70 M M 0 23 70
23 36 30 33 7 32 0 0.12 M M 13.1 18 90 M M 7 1 24 60
24 38 35 37 12 28 0 T M M 9.9 17 80 M M 10 1 23 70
25 40 34 37 12 28 0 0.01 M M 5.2 10 50 M M 10 12 60
26 38 24 31 7 34 0 0.00 M M 5.7 13 350 M M 5 17 350
27 33 24 29 5 36 0 0.01 M M 2.7 10 40 M M 9 1 11 40
28 33 17 25 2 40 0 T M M 2.8 10 350 M M 2 1 11 350
29 28 7 18 -5 47 0 0.11 M M 3.5 12 320 M M 4 1 12 320
30 27 6 17 -6 48 0 T M M 5.0 16 290 M M 4 1 20 310
31 28 8 18 -4 47 0 0.00 M M 4.7 14 350 M M 1 18 350
================================================================================
SM 1245 926 922 0 2.16 M 302.7 M 206
================================================================================
AV 40.2 29.9 9.8 FASTST M M 7 MAX(MPH)
MISC ----> 38 110 48 120
================================================================================
NOTES:
# LAST OF SEVERAL OCCURRENCES
COLUMN 17 PEAK WIND IN M.P.H.
PRELIMINARY LOCAL CLIMATOLOGICAL DATA (WS FORM: F-6) , PAGE 2
STATION: NOME AK
MONTH: OCTOBER
YEAR: 2020
LATITUDE: 64 30 N
LONGITUDE: 165 26 W
[TEMPERATURE DATA] [PRECIPITATION DATA] SYMBOLS USED IN COLUMN 16
AVERAGE MONTHLY: 35.0 TOTAL FOR MONTH: 2.16 1 = FOG OR MIST
DPTR FM NORMAL: 6.3 DPTR FM NORMAL: 0.55 2 = FOG REDUCING VISIBILITY
HIGHEST: 54 ON 2 GRTST 24HR 0.56 ON 16-17 TO 1/4 MILE OR LESS
LOWEST: 6 ON 30 3 = THUNDER
SNOW, ICE PELLETS, HAIL 4 = ICE PELLETS
TOTAL MONTH: M 5 = HAIL
GRTST 24HR M ON M 6 = FREEZING RAIN OR DRIZZLE
GRTST DEPTH: M ON M 7 = DUSTSTORM OR SANDSTORM:
VSBY 1/2 MILE OR LESS
8 = SMOKE OR HAZE
[NO. OF DAYS WITH] [WEATHER - DAYS WITH] 9 = BLOWING SNOW
X = TORNADO
MAX 32 OR BELOW: 4 0.01 INCH OR MORE: 17
MAX 90 OR ABOVE: 0 0.10 INCH OR MORE: 5
MIN 32 OR BELOW: 15 0.50 INCH OR MORE: 2
MIN 0 OR BELOW: 0 1.00 INCH OR MORE: 0
[HDD (BASE 65) ]
TOTAL THIS MO. 922 CLEAR (SCALE 0-3) 5
DPTR FM NORMAL -202 PTCLDY (SCALE 4-7) 11
TOTAL FM JUL 1 2399 CLOUDY (SCALE 8-10) 15
DPTR FM NORMAL -252
[CDD (BASE 65) ]
TOTAL THIS MO. 0
DPTR FM NORMAL 0 [PRESSURE DATA]
TOTAL FM JAN 1 0 HIGHEST SLP 30.67 ON 21
DPTR FM NORMAL -3 LOWEST SLP 29.06 ON 7
[REMARKS]
#FINAL-10-20#