000
CXUS56 KBOI 011002
CF6ONO
PRELIMINARY LOCAL CLIMATOLOGICAL DATA (WS FORM: F-6)
STATION: ONTARIO OR
MONTH: APRIL
YEAR: 2021
LATITUDE: 44 1 N
LONGITUDE: 117 1 W
TEMPERATURE IN F: :PCPN: SNOW: WIND :SUNSHINE: SKY :PK WND
================================================================================
1 2 3 4 5 6A 6B 7 8 9 10 11 12 13 14 15 16 17 18
12Z AVG MX 2MIN
DY MAX MIN AVG DEP HDD CDD WTR SNW DPTH SPD SPD DIR MIN PSBL S-S WX SPD DR
================================================================================
1 75 27 51 4 14 0 0.00 M M 5.5 17 130 M M 0 24 140
2 78 36 57 9 8 0 0.00 M M 3.9 15 150 M M 0 20 140
3 80 37 59 11 6 0 0.00 M M 4.1 10 250 M M 0 13 60
4 76 45 61 13 4 0 0.00 M M 8.7 32 330 M M 0 45 330
5 57 39 48 0 17 0 0.02 M M 18.6 39 330 M M 4 49 330
6 67 34 51 3 14 0 0.00 M M 7.7 21 310 M M 0 27 310
7 74 28 51 3 14 0 0.00 M M 7.5 23 320 M M 0 31 330
8 59 33 46 -3 19 0 0.00 M M 13.0 32 340 M M 3 40 340
9 64 22 43 -6 22 0 0.00 M M 4.0 10 150 M M 0 8 15 140
10 63 30 47 -2 18 0 0.00 M M 12.6 29 350 M M 2 41 350
11 56 32 44 -5 21 0 0.00 M M 9.6 20 330 M M 0 26 330
12 60 31 46 -3 19 0 0.00 M M 4.9 13 320 M M 0 18 320
13 64 33 49 -1 16 0 0.00 M M 8.6 21 350 M M 1 29 10
14 64 40 52 2 13 0 0.00 M M 9.2 20 330 M M 1 25 330
15 68 29 49 -1 16 0 0.00 M M 3.9 13 340 M M 3 17 360
16 70 36 53 3 12 0 0.00 M M 4.7 13 240 M M 0 16 280
17 71 31 51 1 14 0 0.00 M M 3.3 14 170 M M 0 19 140
18 79 32 56 5 9 0 0.00 M M 2.6 9 250 M M 0 13 80
19 71 43 57 6 8 0 0.00 M M 14.6 35 330 M M 0 8 44 320
20 66 39 53 2 12 0 0.00 M M 6.9 24 140 M M 0 34 140
21 73 32 53 1 12 0 0.00 M M 6.0 24 330 M M 0 8 30 330
22 74 41 58 6 7 0 0.00 M M 8.8 20 340 M M 0 29 340
23 72 45 59 7 6 0 0.00 M M 7.9 18 320 M M 0 25 320
24 68 47 58 6 7 0 0.00 M M 7.0 23 270 M M 6 30 280
25 62 47 55 2 10 0 T M M 5.5 22 210 M M 7 30 210
26 51 38 45 -8 20 0 0.17 M M 7.0 18 250 M M 8 23 240
27 69 32 51 -2 14 0 0.00 M M 2.0 9 190 M M 2 12 14 30
28 77 39 58 4 7 0 0.00 M M 3.1 12 320 M M 0 16 270
29 86 42 64 10 1 0 0.00 M M 3.1 10 140 M M 0 16 140
30 87 49 68 14 0 3 0.00 M M 5.9 20 340 M M 0 28 350
================================================================================
SM 2081 1089 360 3 0.19 M 210.2 M 37
================================================================================
AV 69.4 36.3 7.0 FASTST M M 1 MAX(MPH)
MISC ----> 39 330 49 330
================================================================================
NOTES:
# LAST OF SEVERAL OCCURRENCES
COLUMN 17 PEAK WIND IN M.P.H.
PRELIMINARY LOCAL CLIMATOLOGICAL DATA (WS FORM: F-6) , PAGE 2
STATION: ONTARIO OR
MONTH: APRIL
YEAR: 2021
LATITUDE: 44 1 N
LONGITUDE: 117 1 W
[TEMPERATURE DATA] [PRECIPITATION DATA] SYMBOLS USED IN COLUMN 16
AVERAGE MONTHLY: 52.8 TOTAL FOR MONTH: 0.19 1 = FOG OR MIST
DPTR FM NORMAL: 2.4 DPTR FM NORMAL: -0.61 2 = FOG REDUCING VISIBILITY
HIGHEST: 87 ON 30 GRTST 24HR 0.17 ON 25-26 TO 1/4 MILE OR LESS
LOWEST: 22 ON 9 3 = THUNDER
SNOW, ICE PELLETS, HAIL 4 = ICE PELLETS
TOTAL MONTH: M 5 = HAIL
GRTST 24HR M ON M 6 = FREEZING RAIN OR DRIZZLE
GRTST DEPTH: M ON M 7 = DUSTSTORM OR SANDSTORM:
VSBY 1/2 MILE OR LESS
8 = SMOKE OR HAZE
[NO. OF DAYS WITH] [WEATHER - DAYS WITH] 9 = BLOWING SNOW
X = TORNADO
MAX 32 OR BELOW: 0 0.01 INCH OR MORE: 2
MAX 90 OR ABOVE: 0 0.10 INCH OR MORE: 1
MIN 32 OR BELOW: 11 0.50 INCH OR MORE: 0
MIN 0 OR BELOW: 0 1.00 INCH OR MORE: 0
[HDD (BASE 65) ]
TOTAL THIS MO. 360 CLEAR (SCALE 0-3) 26
DPTR FM NORMAL -81 PTCLDY (SCALE 4-7) 3
TOTAL FM JUL 1 4886 CLOUDY (SCALE 8-10) 1
DPTR FM NORMAL -855
[CDD (BASE 65) ]
TOTAL THIS MO. 3
DPTR FM NORMAL 2 [PRESSURE DATA]
TOTAL FM JAN 1 3 HIGHEST SLP M ON M
DPTR FM NORMAL 2 LOWEST SLP 29.66 ON 24
[REMARKS]
#FINAL-04-21#