000
CXUS51 KAKQ 010810
CF6ORF
PRELIMINARY LOCAL CLIMATOLOGICAL DATA (WS FORM: F-6)
STATION: NORFOLK VA
MONTH: FEBRUARY
YEAR: 2022
LATITUDE: 36 54 N
LONGITUDE: 76 12 W
TEMPERATURE IN F: :PCPN: SNOW: WIND :SUNSHINE: SKY :PK WND
================================================================================
1 2 3 4 5 6A 6B 7 8 9 10 11 12 13 14 15 16 17 18
12Z AVG MX 2MIN
DY MAX MIN AVG DEP HDD CDD WTR SNW DPTH SPD SPD DIR MIN PSBL S-S WX SPD DR
================================================================================
1 41 33 37 -5 28 0 0.00 0.0 1 8.5 14 30 M M 0 18 20
2 41 33 37 -5 28 0 0.00 0.0 T 4.7 10 360 M M 7 12 14 340
3 68 36 52 10 13 0 0.00 0.0 0 8.8 25 200 M M 3 12 34 200
4 75 36 56 13 9 0 0.29 0.0 0 19.3 31 220 M M 7 1 40 210
5 40 29 35 -8 30 0 0.01 0.0 0 12.8 23 20 M M 4 1 30 30
6 37 28 33 -10 32 0 T T 0 12.7 20 30 M M 6 22 20
7 40 37 39 -4 26 0 0.96 0.0 0 11.4 21 10 M M 10 18 26 10
8 47 32 40 -3 25 0 0.00 0.0 0 5.0 12 240 M M 4 8 18 230
9 56 27 42 -1 23 0 0.00 0.0 0 4.5 12 30 M M 1 17 120
10 64 32 48 5 17 0 0.00 0.0 0 10.8 23 220 M M 0 28 240
11 67 36 52 8 13 0 0.00 0.0 0 11.0 22 190 M M 0 26 200
12 69 43 56 12 9 0 0.00 0.0 0 8.6 16 210 M M 1 20 210
13 49 33 41 -3 24 0 T T 0 15.0 22 20 M M 5 1 30 350
14 37 29 33 -11 32 0 0.00 0.0 0 6.9 18 10 M M 3 23 360
15 38 27 33 -11 32 0 0.00 0.0 0 7.4 15 70 M M 0 19 90
16 62 31 47 3 18 0 0.00 0.0 0 8.1 21 210 M M 0 26 210
17 74 45 60 15 5 0 0.00 0.0 0 14.5 31 190 M M 2 40 200
18 70 38 54 9 11 0 0.03 0.0 0 18.2 35 200 M M 6 1 46 200
19 55 28 42 -3 23 0 0.00 0.0 0 12.2 24 360 M M 0 33 360
20 42 28 35 -10 30 0 0.00 0.0 0 10.7 22 20 M M 0 29 350
21 67 29 48 3 17 0 0.00 0.0 0 8.5 21 200 M M 1 25 190
22 71 55 63 17 2 0 0.00 0.0 0 15.1 25 200 M M 7 40 220
23 70 52 61 15 4 0 0.08 0.0 0 11.5 21 10 M M 5 1 27 210
24 52 38 45 -1 20 0 0.25 0.0 0 14.5 23 30 M M 8 1 27 10
25 60 38 49 3 16 0 0.00 0.0 0 9.2 21 10 M M 7 1 29 240
26 44 36 40 -6 25 0 0.00 0.0 0 9.6 26 20 M M 6 32 20
27 46 36 41 -5 24 0 0.00 0.0 0 6.9 17 230 M M 6 20 220
28 45 33 39 -8 26 0 0.00 0.0 0 7.1 17 60 M M 0 20 60
================================================================================
SM 1527 978 562 0 1.62 T 293.5 M 99
================================================================================
AV 54.5 34.9 10.5 FASTST M M 4 MAX(MPH)
MISC ----> 35 200 46 200
================================================================================
NOTES:
# LAST OF SEVERAL OCCURRENCES
COLUMN 17 PEAK WIND IN M.P.H.
PRELIMINARY LOCAL CLIMATOLOGICAL DATA (WS FORM: F-6) , PAGE 2
STATION: NORFOLK VA
MONTH: FEBRUARY
YEAR: 2022
LATITUDE: 36 54 N
LONGITUDE: 76 12 W
[TEMPERATURE DATA] [PRECIPITATION DATA] SYMBOLS USED IN COLUMN 16
AVERAGE MONTHLY: 44.7 TOTAL FOR MONTH: 1.62 1 = FOG OR MIST
DPTR FM NORMAL: 0.5 DPTR FM NORMAL: -1.28 2 = FOG REDUCING VISIBILITY
HIGHEST: 75 ON 4 GRTST 24HR 0.96 ON 7- 7 TO 1/4 MILE OR LESS
LOWEST: 27 ON 15, 9 3 = THUNDER
SNOW, ICE PELLETS, HAIL 4 = ICE PELLETS
TOTAL MONTH: T 5 = HAIL
GRTST 24HR T ON 6- 6 6 = FREEZING RAIN OR DRIZZLE
GRTST DEPTH: 3 ON M 7 = DUSTSTORM OR SANDSTORM:
VSBY 1/2 MILE OR LESS
8 = SMOKE OR HAZE
[NO. OF DAYS WITH] [WEATHER - DAYS WITH] 9 = BLOWING SNOW
X = TORNADO
MAX 32 OR BELOW: 0 0.01 INCH OR MORE: 6
MAX 90 OR ABOVE: 0 0.10 INCH OR MORE: 3
MIN 32 OR BELOW: 11 0.50 INCH OR MORE: 1
MIN 0 OR BELOW: 0 1.00 INCH OR MORE: 0
[HDD (BASE 65) ]
TOTAL THIS MO. 562 CLEAR (SCALE 0-3) 13
DPTR FM NORMAL -20 PTCLDY (SCALE 4-7) 13
TOTAL FM JUL 1 2321 CLOUDY (SCALE 8-10) 2
DPTR FM NORMAL -40
[CDD (BASE 65) ]
TOTAL THIS MO. 0
DPTR FM NORMAL -1 [PRESSURE DATA]
TOTAL FM JAN 1 2 HIGHEST SLP 30.71 ON 15
DPTR FM NORMAL 1 LOWEST SLP 29.61 ON 18
[REMARKS]
#FINAL-02-22#