000
CXUS51 KBOX 010910
CF6ORH
PRELIMINARY LOCAL CLIMATOLOGICAL DATA (WS FORM: F-6)
STATION: WORCESTER MA
MONTH: FEBRUARY
YEAR: 2024
LATITUDE: 42 16 N
LONGITUDE: 71 52 W
TEMPERATURE IN F: :PCPN: SNOW: WIND :SUNSHINE: SKY :PK WND
================================================================================
1 2 3 4 5 6A 6B 7 8 9 10 11 12 13 14 15 16 17 18
12Z AVG MX 2MIN
DY MAX MIN AVG DEP HDD CDD WTR SNW DPTH SPD SPD DIR MIN PSBL S-S WX SPD DR
================================================================================
1 37 30 34 9 31 0 0.00 0.0 M 7.7 15 240 M M 10 20 230
2 39 32 36 11 29 0 0.01 0.0 M 8.5 16 360 M M 10 1 23 10
3 36 26 31 6 34 0 0.00 0.0 M 10.5 17 360 M M 2 23 330
4 38 19 29 4 36 0 0.00 0.0 M 9.0 16 310 M M 0 26 320
5 38 23 31 6 34 0 0.00 0.0 M 10.8 17 320 M M 1 24 340
6 36 24 30 5 35 0 0.00 0.0 M 7.7 17 30 M M 1 26 30
7 41 27 34 9 31 0 0.00 0.0 M 5.6 12 30 M M 2 20 50
8 47 29 38 12 27 0 0.00 0.0 M 4.7 10 130 M M 0 14 140
9 48 31 40 14 25 0 T T M 10.5 18 220 M M 4 126 25 220
10 57 38 48 22 17 0 0.05 0.0 M 10.7 20 270 M M 1 1 29 270
11 45 33 39 13 26 0 0.00 0.0 M 10.7 24 280 M M 2 37 270
12 43 29 36 10 29 0 0.00 0.0 M 7.1 15 310 M M 2 21 300
13 33 27 30 4 35 0 0.28 4.6 M 10.2 22 30 M M 7 1 39 40
14 30 22 26 -1 39 0 T 0.0 M 19.4 30 300 M M 2 44 330
15 34 20 27 0 38 0 0.01 0.6 M 13.1 28 290 M M 3 1 39 290
16 34 25 30 3 35 0 T 0.0 M 17.9 36 300 M M 3 128 50 300
17 31 21 26 -1 39 0 0.02 0.5 M 8.8 24 310 M M 8 128 33 300
18 32 16 24 -4 41 0 0.00 0.0 M 11.8 26 230 M M 6 35 220
19 36 21 29 1 36 0 T T M 11.2 25 300 M M 1 35 310
20 35 17 26 -2 39 0 0.00 0.0 M 4.8 15 290 M M 0 20 290
21 37 20 29 1 36 0 0.00 0.0 M 4.0 15 150 M M 1 22 130
22 40 21 31 3 34 0 0.01 T M 8.9 17 230 M M 5 1 23 230
23 43 34 39 10 26 0 0.20 0.0 M 4.0 14 210 M M 8 128 18 220
24 41 18 30 1 35 0 0.00 0.0 M 11.5 21 330 M M 2 35 320
25 36 12 24 -5 41 0 0.00 0.0 M 8.2 18 220 M M 0 24 220
26 53 26 40 10 25 0 0.00 0.0 M 11.6 24 220 M M 1 32 230
27 62 33 48 18 17 0 0.09 0.0 M 8.6 21 190 M M 2 1 31 200
28 55 33 44 14 21 0 0.68 0.3 M 18.0 39 300 M M 10 12 57 300
29 33 22 28 -2 37 0 T T M 22.8 39 290 M M 5 1 60 260
================================================================================
SM 1170 729 928 0 1.35 6.0 298.3 M 99
================================================================================
AV 40.3 25.1 10.3 FASTST M M 3 MAX(MPH)
MISC ----> # 39 300 60 260
================================================================================
NOTES:
# LAST OF SEVERAL OCCURRENCES
COLUMN 17 PEAK WIND IN M.P.H.
PRELIMINARY LOCAL CLIMATOLOGICAL DATA (WS FORM: F-6) , PAGE 2
STATION: WORCESTER MA
MONTH: FEBRUARY
YEAR: 2024
LATITUDE: 42 16 N
LONGITUDE: 71 52 W
[TEMPERATURE DATA] [PRECIPITATION DATA] SYMBOLS USED IN COLUMN 16
AVERAGE MONTHLY: 32.7 TOTAL FOR MONTH: 1.35 1 = FOG OR MIST
DPTR FM NORMAL: 5.7 DPTR FM NORMAL: -1.91 2 = FOG REDUCING VISIBILITY
HIGHEST: 62 ON 27 GRTST 24HR 0.68 ON 28-28 TO 1/4 MILE OR LESS
LOWEST: 12 ON 25 3 = THUNDER
SNOW, ICE PELLETS, HAIL 4 = ICE PELLETS
TOTAL MONTH: 6.0 INCHES 5 = HAIL
GRTST 24HR 4.6 ON 13-13 6 = FREEZING RAIN OR DRIZZLE
GRTST DEPTH: M ON M 7 = DUSTSTORM OR SANDSTORM:
VSBY 1/2 MILE OR LESS
8 = SMOKE OR HAZE
[NO. OF DAYS WITH] [WEATHER - DAYS WITH] 9 = BLOWING SNOW
X = TORNADO
MAX 32 OR BELOW: 3 0.01 INCH OR MORE: 9
MAX 90 OR ABOVE: 0 0.10 INCH OR MORE: 3
MIN 32 OR BELOW: 24 0.50 INCH OR MORE: 1
MIN 0 OR BELOW: 0 1.00 INCH OR MORE: 0
[HDD (BASE 65) ]
TOTAL THIS MO. 928 CLEAR (SCALE 0-3) 19
DPTR FM NORMAL -136 PTCLDY (SCALE 4-7) 6
TOTAL FM JUL 1 4020 CLOUDY (SCALE 8-10) 4
DPTR FM NORMAL -799
[CDD (BASE 65) ]
TOTAL THIS MO. 0
DPTR FM NORMAL 0 [PRESSURE DATA]
TOTAL FM JAN 1 0 HIGHEST SLP 30.52 ON 21
DPTR FM NORMAL 0 LOWEST SLP 29.40 ON 24
[REMARKS]
#FINAL-02-24#