000
CXUS51 KBOX 010810
CF6ORH
PRELIMINARY LOCAL CLIMATOLOGICAL DATA (WS FORM: F-6)
STATION: WORCESTER MA
MONTH: APRIL
YEAR: 2021
LATITUDE: 42 16 N
LONGITUDE: 71 52 W
TEMPERATURE IN F: :PCPN: SNOW: WIND :SUNSHINE: SKY :PK WND
================================================================================
1 2 3 4 5 6A 6B 7 8 9 10 11 12 13 14 15 16 17 18
12Z AVG MX 2MIN
DY MAX MIN AVG DEP HDD CDD WTR SNW DPTH SPD SPD DIR MIN PSBL S-S WX SPD DR
================================================================================
1 53 30 42 2 23 0 0.25 0.0 M 15.1 28 310 M M 9 1 40 330
2 32 24 28 -13 37 0 0.00 0.0 M 10.9 21 300 M M 7 28 310
3 49 26 38 -3 27 0 0.00 0.0 M 10.1 20 300 M M 1 24 310
4 56 33 45 3 20 0 0.00 0.0 M 10.4 22 310 M M 0 30 310
5 57 41 49 7 16 0 0.00 0.0 M 16.9 28 310 M M 1 39 310
6 62 41 52 10 13 0 0.00 0.0 M 9.1 20 320 M M 3 25 320
7 63 41 52 9 13 0 0.00 0.0 M 6.3 15 70 M M 2 20 30
8 68 46 57 14 8 0 0.00 0.0 M 7.4 13 120 M M 3 17 120
9 68 43 56 12 9 0 0.00 0.0 M 7.7 16 210 M M 0 20 210
10 73 51 62 18 3 0 0.00 0.0 M 12.6 21 250 M M 3 24 290
11 57 42 50 6 15 0 T 0.0 M 10.1 18 70 M M 7 12 26 80
12 49 39 44 -1 21 0 0.02 0.0 M 10.0 21 70 M M 8 1 29 60
13 62 39 51 6 14 0 0.00 0.0 M 8.7 20 40 M M 7 31 30
14 64 45 55 9 10 0 0.00 0.0 M 5.4 16 170 M M 7 20 170
15 46 33 40 -6 25 0 0.83 T M 7.9 18 70 M M 10 1 25 50
16 36 33 35 -11 30 0 0.73 6.8 M 15.9 30 340 M M 10 128 43 330
17 47 35 41 -6 24 0 0.01 0.0 M 9.3 17 310 M M 10 1 26 10
18 58 36 47 0 18 0 T 0.0 M 8.5 21 290 M M 6 26 280
19 64 43 54 6 11 0 0.00 0.0 M 8.2 15 280 M M 5 20 220
20 70 47 59 11 6 0 0.00 0.0 M 12.1 29 240 M M 3 37 240
21 66 32 49 1 16 0 0.18 0.0 M 15.6 44 250 M M 5 13 47 270
22 42 28 35 -14 30 0 T 0.0 M 18.8 35 280 M M 4 45 270
23 55 32 44 -5 21 0 0.00 0.0 M 17.1 33 290 M M 1 43 290
24 68 42 55 6 10 0 0.00 0.0 M 12.9 23 270 M M 0 29 280
25 52 46 49 -1 16 0 0.17 0.0 M 7.9 25 290 M M 8 1 32 290
26 53 39 46 -4 19 0 0.00 0.0 M 15.4 30 300 M M 0 38 300
27 66 38 52 2 13 0 0.00 0.0 M 12.2 23 290 M M 5 30 280
28 69 47 58 7 7 0 0.17 0.0 M 5.8 21 300 M M 5 3 24 300
29 54 46 50 -1 15 0 0.72 0.0 M 6.3 13 40 M M 9 12 18 40
30 58 40 49 -3 16 0 0.05 0.0 M 21.5 40 280 M M 8 12 54 290
================================================================================
SM 1717 1158 506 0 3.13 6.8 336.1 M 147
================================================================================
AV 57.2 38.6 11.2 FASTST M M 5 MAX(MPH)
MISC ----> 44 250 54 290
================================================================================
NOTES:
# LAST OF SEVERAL OCCURRENCES
COLUMN 17 PEAK WIND IN M.P.H.
PRELIMINARY LOCAL CLIMATOLOGICAL DATA (WS FORM: F-6) , PAGE 2
STATION: WORCESTER MA
MONTH: APRIL
YEAR: 2021
LATITUDE: 42 16 N
LONGITUDE: 71 52 W
[TEMPERATURE DATA] [PRECIPITATION DATA] SYMBOLS USED IN COLUMN 16
AVERAGE MONTHLY: 47.9 TOTAL FOR MONTH: 3.13 1 = FOG OR MIST
DPTR FM NORMAL: 1.9 DPTR FM NORMAL: -0.98 2 = FOG REDUCING VISIBILITY
HIGHEST: 73 ON 10 GRTST 24HR 1.48 ON 15-16 TO 1/4 MILE OR LESS
LOWEST: 24 ON 2 3 = THUNDER
SNOW, ICE PELLETS, HAIL 4 = ICE PELLETS
TOTAL MONTH: 6.8 INCHES 5 = HAIL
GRTST 24HR 6.8 ON 16-16 6 = FREEZING RAIN OR DRIZZLE
GRTST DEPTH: M ON M 7 = DUSTSTORM OR SANDSTORM:
VSBY 1/2 MILE OR LESS
8 = SMOKE OR HAZE
[NO. OF DAYS WITH] [WEATHER - DAYS WITH] 9 = BLOWING SNOW
X = TORNADO
MAX 32 OR BELOW: 1 0.01 INCH OR MORE: 10
MAX 90 OR ABOVE: 0 0.10 INCH OR MORE: 7
MIN 32 OR BELOW: 6 0.50 INCH OR MORE: 3
MIN 0 OR BELOW: 0 1.00 INCH OR MORE: 0
[HDD (BASE 65) ]
TOTAL THIS MO. 506 CLEAR (SCALE 0-3) 11
DPTR FM NORMAL -65 PTCLDY (SCALE 4-7) 14
TOTAL FM JUL 1 5592 CLOUDY (SCALE 8-10) 5
DPTR FM NORMAL -755
[CDD (BASE 65) ]
TOTAL THIS MO. 0
DPTR FM NORMAL -3 [PRESSURE DATA]
TOTAL FM JAN 1 0 HIGHEST SLP 30.30 ON 3
DPTR FM NORMAL -3 LOWEST SLP 29.28 ON 30
[REMARKS]
#FINAL-04-21#