115
CXUS51 KBOX 010910
CF6ORH
PRELIMINARY LOCAL CLIMATOLOGICAL DATA (WS FORM: F-6)
STATION: WORCESTER MA
MONTH: FEBRUARY
YEAR: 2021
LATITUDE: 42 16 N
LONGITUDE: 71 52 W
TEMPERATURE IN F: :PCPN: SNOW: WIND :SUNSHINE: SKY :PK WND
================================================================================
1 2 3 4 5 6A 6B 7 8 9 10 11 12 13 14 15 16 17 18
12Z AVG MX 2MIN
DY MAX MIN AVG DEP HDD CDD WTR SNW DPTH SPD SPD DIR MIN PSBL S-S WX SPD DR
================================================================================
1 29 17 23 -2 42 0 0.69 13.8 M 16.4 30 40 M M 10 128 49 40
2 31 27 29 4 36 0 0.18 2.7 M 16.7 29 40 M M 8 16 45 40
3 30 26 28 3 37 0 T T M 12.6 20 310 M M 10 1 26 310
4 35 25 30 5 35 0 T T M 11.6 21 340 M M 6 27 340
5 37 27 32 7 33 0 0.02 0.5 M 9.4 17 250 M M 6 18 24 220
6 38 26 32 7 33 0 0.00 0.0 M 14.4 35 240 M M 1 43 240
7 29 24 27 1 38 0 0.47 5.1 M 7.7 23 300 M M 7 12 30 300
8 26 12 19 -7 46 0 0.00 0.0 M 8.8 18 320 M M 0 25 280
9 24 18 21 -5 44 0 0.18 2.9 M 4.4 9 310 M M 10 18 13 10
10 28 14 21 -5 44 0 0.00 0.0 M 8.1 20 310 M M 4 25 300
11 28 14 21 -5 44 0 0.00 0.0 M 8.3 16 320 M M 6 21 300
12 24 8 16 -10 49 0 0.00 0.0 M 9.2 26 300 M M 5 35 290
13 27 14 21 -6 44 0 T T M 6.6 12 350 M M 5 16 330
14 34 23 29 2 36 0 0.00 0.0 M 4.7 9 290 M M 10 13 70
15 30 26 28 1 37 0 0.04 0.0 M 6.8 12 60 M M 10 1268 16 20
16 40 26 33 6 32 0 0.72 T M 11.6 32 280 M M 9 126 46 260
17 29 19 24 -3 41 0 0.00 0.0 M 10.4 26 310 M M 0 37 310
18 26 21 24 -4 41 0 0.03 0.3 M 5.4 12 50 M M 10 18 19 50
19 27 21 24 -4 41 0 0.25 4.6 M 9.4 14 40 M M 10 18 20 50
20 30 20 25 -3 40 0 T 0.0 M 11.7 22 310 M M 8 18 28 320
21 32 15 24 -4 41 0 0.00 0.0 M 9.9 20 320 M M 0 27 320
22 38 19 29 1 36 0 0.31 1.0 M 11.0 22 180 M M 6 1 32 190
23 41 32 37 8 28 0 T T M 11.9 21 290 M M 7 8 32 290
24 46 35 41 12 24 0 T 0.0 M 15.0 26 220 M M 3 35 220
25 45 28 37 8 28 0 T 0.0 M 17.2 32 290 M M 2 46 280
26 39 24 32 3 33 0 0.00 0.0 M 8.7 18 320 M M 0 22 320
27 45 27 36 6 29 0 0.28 0.9 M 12.3 29 290 M M 6 12 39 300
28 42 32 37 7 28 0 0.01 0.0 M 6.6 20 300 M M 3 18 26 300
================================================================================
SM 930 620 1040 0 3.18 31.8 286.8 M 162
================================================================================
AV 33.2 22.1 10.2 FASTST M M 6 MAX(MPH)
MISC ----> 35 240 49 40
================================================================================
NOTES:
# LAST OF SEVERAL OCCURRENCES
COLUMN 17 PEAK WIND IN M.P.H.
PRELIMINARY LOCAL CLIMATOLOGICAL DATA (WS FORM: F-6) , PAGE 2
STATION: WORCESTER MA
MONTH: FEBRUARY
YEAR: 2021
LATITUDE: 42 16 N
LONGITUDE: 71 52 W
[TEMPERATURE DATA] [PRECIPITATION DATA] SYMBOLS USED IN COLUMN 16
AVERAGE MONTHLY: 27.7 TOTAL FOR MONTH: 3.18 1 = FOG OR MIST
DPTR FM NORMAL: 0.7 DPTR FM NORMAL: -0.05 2 = FOG REDUCING VISIBILITY
HIGHEST: 46 ON 24 GRTST 24HR 0.84 ON 1- 2 TO 1/4 MILE OR LESS
LOWEST: 8 ON 12 3 = THUNDER
SNOW, ICE PELLETS, HAIL 4 = ICE PELLETS
TOTAL MONTH: 31.8 INCHES 5 = HAIL
GRTST 24HR 13.8 ON 1- 1 6 = FREEZING RAIN OR DRIZZLE
GRTST DEPTH: M ON M 7 = DUSTSTORM OR SANDSTORM:
VSBY 1/2 MILE OR LESS
8 = SMOKE OR HAZE
[NO. OF DAYS WITH] [WEATHER - DAYS WITH] 9 = BLOWING SNOW
X = TORNADO
MAX 32 OR BELOW: 16 0.01 INCH OR MORE: 12
MAX 90 OR ABOVE: 0 0.10 INCH OR MORE: 8
MIN 32 OR BELOW: 27 0.50 INCH OR MORE: 2
MIN 0 OR BELOW: 0 1.00 INCH OR MORE: 0
[HDD (BASE 65) ]
TOTAL THIS MO. 1040 CLEAR (SCALE 0-3) 8
DPTR FM NORMAL -24 PTCLDY (SCALE 4-7) 11
TOTAL FM JUL 1 4296 CLOUDY (SCALE 8-10) 9
DPTR FM NORMAL -540
[CDD (BASE 65) ]
TOTAL THIS MO. 0
DPTR FM NORMAL 0 [PRESSURE DATA]
TOTAL FM JAN 1 0 HIGHEST SLP 30.50 ON 18
DPTR FM NORMAL 0 LOWEST SLP 29.31 ON 3
[REMARKS]
#FINAL-02-21#