000
CXUS53 KARX 011000
CF6OVS
PRELIMINARY LOCAL CLIMATOLOGICAL DATA (WS FORM: F-6)
STATION: BOSCOBEL_(ASOS) WI
MONTH: FEBRUARY
YEAR: 2022
LATITUDE: 43 9 N
LONGITUDE: 90 41 W
TEMPERATURE IN F: :PCPN: SNOW: WIND :SUNSHINE: SKY :PK WND
================================================================================
1 2 3 4 5 6A 6B 7 8 9 10 11 12 13 14 15 16 17 18
12Z AVG MX 2MIN
DY MAX MIN AVG DEP HDD CDD WTR SNW DPTH SPD SPD DIR MIN PSBL S-S WX SPD DR
================================================================================
1 41 15 28 8 37 0 T T M 7.9 18 270 M M 2 32 280
2 17 8 13 -7 52 0 0.00 M M 8.9 15 360 M M 1 22 330
3 16 -7 5 -15 60 0 0.00 M M 4.5 13 360 M M 0 8 19 350
4 15 -11 2 -18 63 0 T M M 3.6 16 300 M M 4 8 24 310
5 26 -6 10 -10 55 0 0.00 0.0 M 4.6 14 180 M M 3 18 27 180
6 40 9 25 4 40 0 T T M 6.5 18 290 M M 6 27 260
7 25 7 16 -5 49 0 0.00 M M 4.6 14 320 M M 5 23 320
8 40 9 25 4 40 0 0.00 M M 3.8 10 230 M M 1 8 16 170
9 39 31 35 13 30 0 T M M 9.9 18 300 M M 9 31 290
10 39 23 31 9 34 0 T M M 9.9 24 220 M M 8 37 220
11 42 13 28 6 37 0 0.01 M M 11.7 23 280 M M 9 34 310
12 15 5 10 -12 55 0 0.00 0.0 M 7.1 16 340 M M 4 24 10
13 15 3 9 -14 56 0 T M M 3.9 12 330 M M 4 8 19 340
14 27 10 19 -4 46 0 0.00 M M 1.6 9 320 M M 5 8 11 320
15 37 9 23 -1 42 0 T M M 3.3 15 130 M M 0 8 26 120
16 47 30 39 15 26 0 0.00 M M 7.0 15 360 M M 5 23 340
17 30 4 17 -7 48 0 0.00 M M 9.4 16 330 M M 3 25 10
18 42 0 21 -4 44 0 0.01 M M 11.1 32 290 M M 5 50 300
19 22 5 14 -11 51 0 T M M 9.4 22 290 M M 0 31 290
20 54 22 38 12 27 0 0.00 0.0 M 7.6 21 240 M M 0 33 210
21 35 25 30 4 35 0 M M M 8.8 18 70 M M 8 18 28 70
22 26 11 19 -7 46 0 0.04 M M 8.9 16 300 M M 10 12368 28 40
23 22 5 14 -13 51 0 0.00 0.0 M 4.4 14 310 M M 2 22 330
24 25 11 18 -9 47 0 0.06 M M 5.1 13 100 M M 9 1 19 90
25 26 8 17 -11 48 0 T M M 4.9 12 270 M M 4 8 16 260
26 34 0 17 -11 48 0 M M M 6.8 17 220 M M 0 24 220
27 42 20 31 3 34 0 0.00 M M 4.1 10 230 M M 0 15 200
28 51 20 36 7 29 0 0.00 0.0 M 3.3 14 280 M M 1 8 20 250
================================================================================
SM 890 279 1230 0 0.12 T 182.6 M 108
================================================================================
AV 31.8 10.0 6.5 FASTST M M 4 MAX(MPH)
MISC ----> 32 290 50 300
================================================================================
NOTES:
# LAST OF SEVERAL OCCURRENCES
COLUMN 17 PEAK WIND IN M.P.H.
PRELIMINARY LOCAL CLIMATOLOGICAL DATA (WS FORM: F-6) , PAGE 2
STATION: BOSCOBEL_(ASOS) WI
MONTH: FEBRUARY
YEAR: 2022
LATITUDE: 43 9 N
LONGITUDE: 90 41 W
[TEMPERATURE DATA] [PRECIPITATION DATA] SYMBOLS USED IN COLUMN 16
AVERAGE MONTHLY: 20.9 TOTAL FOR MONTH: 0.12 1 = FOG OR MIST
DPTR FM NORMAL: -2.8 DPTR FM NORMAL: -0.84 2 = FOG REDUCING VISIBILITY
HIGHEST: 54 ON 20 GRTST 24HR 0.06 ON 24-24 TO 1/4 MILE OR LESS
LOWEST: -11 ON 4 3 = THUNDER
SNOW, ICE PELLETS, HAIL 4 = ICE PELLETS
TOTAL MONTH: T 5 = HAIL
GRTST 24HR T ON 1- 1 6 = FREEZING RAIN OR DRIZZLE
GRTST DEPTH: M ON M 7 = DUSTSTORM OR SANDSTORM:
VSBY 1/2 MILE OR LESS
8 = SMOKE OR HAZE
[NO. OF DAYS WITH] [WEATHER - DAYS WITH] 9 = BLOWING SNOW
X = TORNADO
MAX 32 OR BELOW: 14 0.01 INCH OR MORE: 4
MAX 90 OR ABOVE: 0 0.10 INCH OR MORE: 0
MIN 32 OR BELOW: 28 0.50 INCH OR MORE: 0
MIN 0 OR BELOW: 5 1.00 INCH OR MORE: 0
[HDD (BASE 65) ]
TOTAL THIS MO. 1230 CLEAR (SCALE 0-3) 12
DPTR FM NORMAL 75 PTCLDY (SCALE 4-7) 12
TOTAL FM JUL 1 4988 CLOUDY (SCALE 8-10) 4
DPTR FM NORMAL -235
[CDD (BASE 65) ]
TOTAL THIS MO. 0
DPTR FM NORMAL 0 [PRESSURE DATA]
TOTAL FM JAN 1 0 HIGHEST SLP 30.69 ON 3
DPTR FM NORMAL 0 LOWEST SLP 29.40 ON 11
[REMARKS]
#FINAL-02-22#