000
CXUS53 KARX 010900
CF6OVS
PRELIMINARY LOCAL CLIMATOLOGICAL DATA (WS FORM: F-6)
STATION: BOSCOBEL_(ASOS) WI
MONTH: MARCH
YEAR: 2021
LATITUDE: 43 9 N
LONGITUDE: 90 41 W
TEMPERATURE IN F: :PCPN: SNOW: WIND :SUNSHINE: SKY :PK WND
================================================================================
1 2 3 4 5 6A 6B 7 8 9 10 11 12 13 14 15 16 17 18
12Z AVG MX 2MIN
DY MAX MIN AVG DEP HDD CDD WTR SNW DPTH SPD SPD DIR MIN PSBL S-S WX SPD DR
================================================================================
1 33 15 24 -6 41 0 0.00 0.0 M 5.1 16 360 M M 2 8 25 360
2 42 10 26 -4 39 0 0.00 0.0 M 6.1 18 220 M M 0 18 30 210
3 56 22 39 9 26 0 0.00 0.0 M 2.2 9 310 M M 1 1 11 300
4 46 23 35 4 30 0 0.00 0.0 M 3.3 10 90 M M 3 17 30
5 48 17 33 2 32 0 0.00 0.0 M 1.9 9 260 M M 4 1 13 280
6 51 21 36 4 29 0 0.00 0.0 M 1.5 7 190 M M 2 1 10 10
7 52 20 36 4 29 0 0.00 0.0 M 3.4 13 170 M M 2 1 23 190
8 66 34 50 18 15 0 0.00 0.0 M 3.1 9 270 M M 1 14 270
9 68 33 51 18 14 0 0.00 0.0 M 4.3 17 180 M M 2 29 180
10 67 45 56 23 9 0 0.30 0.0 M 9.6 26 230 M M 8 1 39 220
11 55 30 43 10 22 0 0.00 0.0 M 9.6 24 240 M M 5 38 230
12 52 24 38 4 27 0 0.00 0.0 0 2.8 15 340 M M 0 18 21 340
13 62 21 42 8 23 0 0.00 0.0 0 2.6 12 230 M M 0 18 19 210
14 52 27 40 6 25 0 0.00 0.0 0 8.0 18 80 M M 0 18 31 50
15 36 30 33 -2 32 0 0.25 M M 7.3 17 70 M M 8 12 32 70
16 38 31 35 0 30 0 0.00 0.0 M 2.3 7 100 M M 10 1 11 50
17 39 34 37 1 28 0 0.06 M M 3.8 12 30 M M 10 18 20 20
18 55 37 46 10 19 0 0.00 0.0 M 8.9 20 60 M M 0 34 70
19 55 20 38 2 27 0 0.00 0.0 M 1.5 8 230 M M 0 8 14 80
20 62 19 41 4 24 0 0.00 0.0 M 4.7 15 200 M M 0 1 23 200
21 67 39 53 16 12 0 0.00 0.0 0 9.2 22 200 M M 0 38 180
22 61 43 52 14 13 0 T 0.0 0 3.5 12 210 M M 7 22 230
23 55 39 47 9 18 0 0.64 M M 4.2 12 80 M M 6 1 20 80
24 56 44 50 12 15 0 0.08 M M 9.0 21 240 M M 10 1 34 240
25 48 39 44 5 21 0 0.29 M M 3.3 12 300 M M 10 1 15 340
26 51 34 43 4 22 0 T 0.0 0 1.8 9 220 M M 9 1 13 200
27 49 35 42 2 23 0 0.26 0.0 0 4.0 22 320 M M 9 1 35 300
28 47 26 37 -3 28 0 T 0.0 0 9.4 24 330 M M 3 8 34 330
29 73 25 49 9 16 0 0.00 0.0 0 11.1 22 190 M M 1 52 210
30 60 36 48 7 17 0 0.00 0.0 0 12.3 21 280 M M 2 33 180
31 42 27 35 -6 30 0 0.00 0.0 0 10.5 21 290 M M 6 33 330
================================================================================
SM 1644 900 736 0 1.88 0.0 170.3 M 121
================================================================================
AV 53.0 29.0 5.5 FASTST M M 4 MAX(MPH)
MISC ----> 26 230 52 210
================================================================================
NOTES:
# LAST OF SEVERAL OCCURRENCES
COLUMN 17 PEAK WIND IN M.P.H.
PRELIMINARY LOCAL CLIMATOLOGICAL DATA (WS FORM: F-6) , PAGE 2
STATION: BOSCOBEL_(ASOS) WI
MONTH: MARCH
YEAR: 2021
LATITUDE: 43 9 N
LONGITUDE: 90 41 W
[TEMPERATURE DATA] [PRECIPITATION DATA] SYMBOLS USED IN COLUMN 16
AVERAGE MONTHLY: 41.0 TOTAL FOR MONTH: 1.88 1 = FOG OR MIST
DPTR FM NORMAL: 5.7 DPTR FM NORMAL: -0.03 2 = FOG REDUCING VISIBILITY
HIGHEST: 73 ON 29 GRTST 24HR 0.72 ON 23-24 TO 1/4 MILE OR LESS
LOWEST: 10 ON 2 3 = THUNDER
SNOW, ICE PELLETS, HAIL 4 = ICE PELLETS
TOTAL MONTH: 0.0 INCH 5 = HAIL
GRTST 24HR 0.0 6 = FREEZING RAIN OR DRIZZLE
GRTST DEPTH: 0 7 = DUSTSTORM OR SANDSTORM:
VSBY 1/2 MILE OR LESS
8 = SMOKE OR HAZE
[NO. OF DAYS WITH] [WEATHER - DAYS WITH] 9 = BLOWING SNOW
X = TORNADO
MAX 32 OR BELOW: 0 0.01 INCH OR MORE: 7
MAX 90 OR ABOVE: 0 0.10 INCH OR MORE: 5
MIN 32 OR BELOW: 18 0.50 INCH OR MORE: 1
MIN 0 OR BELOW: 0 1.00 INCH OR MORE: 0
[HDD (BASE 65) ]
TOTAL THIS MO. 736 CLEAR (SCALE 0-3) 17
DPTR FM NORMAL -185 PTCLDY (SCALE 4-7) 8
TOTAL FM JUL 1 5839 CLOUDY (SCALE 8-10) 6
DPTR FM NORMAL -456
[CDD (BASE 65) ]
TOTAL THIS MO. 0
DPTR FM NORMAL -1 [PRESSURE DATA]
TOTAL FM JAN 1 0 HIGHEST SLP 30.60 ON 19
DPTR FM NORMAL -1 LOWEST SLP 29.47 ON 24
[REMARKS]
#FINAL-03-21#