000
CXUS53 KPAH 220730
CF6OWB
PRELIMINARY LOCAL CLIMATOLOGICAL DATA (WS FORM: F-6)
STATION: OWENSBORO KY
MONTH: APRIL
YEAR: 2024
LATITUDE: 37 45 N
LONGITUDE: 87 10 W
TEMPERATURE IN F: :PCPN: SNOW: WIND :SUNSHINE: SKY :PK WND
================================================================================
1 2 3 4 5 6A 6B 7 8 9 10 11 12 13 14 15 16 17 18
12Z AVG MX 2MIN
DY MAX MIN AVG DEP HDD CDD WTR SNW DPTH SPD SPD DIR MIN PSBL S-S WX SPD DR
================================================================================
1 80 64 72 18 0 7 0.00 M M 11.5 22 220 M M 7 26 230
2 79 46 63 9 2 0 0.72 M M 18.0 37 220 M M 8 13 44 220
3 52 41 47 -8 18 0 0.05 M M 16.9 32 300 M M 8 158 37 300
4 45 38 42 -13 23 0 0.05 M M 11.1 21 310 M M 10 1 24 320
5 48 33 41 -15 24 0 0.00 M M 6.6 15 330 M M 6 18 320
6 61 31 46 -10 19 0 0.00 M M 4.7 13 130 M M 0 16 140
7 76 40 58 2 7 0 0.13 M M 12.8 24 150 M M 4 3 31 170
8 77 52 65 8 0 0 0.01 M M 8.1 25 220 M M 2 3 30 220
9 67 59 63 6 2 0 0.02 M M 9.0 18 170 M M 9 22 160
10 66 58 62 5 3 0 0.96 M M 7.0 16 170 M M 10 13 21 160
11 62 52 57 -1 8 0 0.68 M M 12.3 24 320 M M 10 1 31 290
12 64 47 56 -2 9 0 0.03 M M 14.7 29 300 M M 3 18 36 300
13 75 42 59 0 6 0 0.00 M M 5.8 12 150 M M 0 16 250
14 82 56 69 10 0 4 0.00 M M 12.4 25 240 M M 0 31 240
15 86 60 73 14 0 8 0.00 M M 6.2 12 190 M M 1 8 15 220
16 86 65 76 16 0 11 0.38 M M 11.2 25 180 M M 2 13 29 170
17 84 65 75 15 0 10 0.02 M M 13.9 29 250 M M 4 36 250
18 84 55 70 10 0 5 0.24 M M 8.0 38 340 M M 3 13 45 340
19 63 53 58 -3 7 0 0.82 M M 9.1 22 320 M M 8 13 26 320
20 59 45 52 -9 13 0 0.00 M M 8.8 20 330 M M 0 28 330
21 57 41 49 -12 16 0 0.00 M M 8.7 22 300 M M 3 26 330
================================================================================
SM 1453 1043 157 45 4.11 M 216.8 M 98
================================================================================
AV 69.2 49.7 10.3 FASTST M M 5 MAX(MPH)
MISC ----> 38 340 45 340
================================================================================
NOTES:
# LAST OF SEVERAL OCCURRENCES
COLUMN 17 PEAK WIND IN M.P.H.
PRELIMINARY LOCAL CLIMATOLOGICAL DATA (WS FORM: F-6) , PAGE 2
STATION: OWENSBORO KY
MONTH: APRIL
YEAR: 2024
LATITUDE: 37 45 N
LONGITUDE: 87 10 W
[TEMPERATURE DATA] [PRECIPITATION DATA] SYMBOLS USED IN COLUMN 16
AVERAGE MONTHLY: 59.4 TOTAL FOR MONTH: 4.11 1 = FOG OR MIST
DPTR FM NORMAL: 1.7 DPTR FM NORMAL: 1.06 2 = FOG REDUCING VISIBILITY
HIGHEST: 86 ON 16,15 GRTST 24HR 1.12 ON 10-11 TO 1/4 MILE OR LESS
LOWEST: 31 ON 6 3 = THUNDER
SNOW, ICE PELLETS, HAIL 4 = ICE PELLETS
TOTAL MONTH: M 5 = HAIL
GRTST 24HR M ON M 6 = FREEZING RAIN OR DRIZZLE
GRTST DEPTH: M ON M 7 = DUSTSTORM OR SANDSTORM:
VSBY 1/2 MILE OR LESS
8 = SMOKE OR HAZE
[NO. OF DAYS WITH] [WEATHER - DAYS WITH] 9 = BLOWING SNOW
X = TORNADO
MAX 32 OR BELOW: 0 0.01 INCH OR MORE: 13
MAX 90 OR ABOVE: 0 0.10 INCH OR MORE: 7
MIN 32 OR BELOW: 1 0.50 INCH OR MORE: 4
MIN 0 OR BELOW: 0 1.00 INCH OR MORE: 0
[HDD (BASE 65) ]
TOTAL THIS MO. 157 CLEAR (SCALE 0-3) 8
DPTR FM NORMAL -20 PTCLDY (SCALE 4-7) 8
TOTAL FM JUL 1 3432 CLOUDY (SCALE 8-10) 5
DPTR FM NORMAL -348
[CDD (BASE 65) ]
TOTAL THIS MO. 45
DPTR FM NORMAL 18 [PRESSURE DATA]
TOTAL FM JAN 1 57 HIGHEST SLP M ON M
DPTR FM NORMAL 24 LOWEST SLP 29.35 ON 2
[REMARKS]