000
CXUS56 KLOX 011257
CF6OXR
PRELIMINARY LOCAL CLIMATOLOGICAL DATA (WS FORM: F-6)
STATION: OXNARD AIRPORT CA
MONTH: JANUARY
YEAR: 2024
LATITUDE: 34 12 N
LONGITUDE: 119 12 W
TEMPERATURE IN F: :PCPN: SNOW: WIND :SUNSHINE: SKY :PK WND
================================================================================
1 2 3 4 5 6A 6B 7 8 9 10 11 12 13 14 15 16 17 18
12Z AVG MX 2MIN
DY MAX MIN AVG DEP HDD CDD WTR SNW DPTH SPD SPD DIR MIN PSBL S-S WX SPD DR
================================================================================
1 68 48 58 2 7 0 0.00 M M 6.8 17 300 M M 0 22 60
2 63 48 56 0 9 0 0.00 M M 6.1 13 270 M M 2 17 40
3 62 50 56 0 9 0 0.14 M M 12.5 30 280 M M 3 12 41 270
4 63 43 53 -3 12 0 0.00 M M 5.4 16 290 M M 0 24 300
5 66 47 57 1 8 0 0.00 M M 8.1 13 40 M M 0 17 40
6 63 47 55 -1 10 0 0.00 M M 10.9 30 270 M M 3 38 270
7 59 41 50 -6 15 0 0.00 M M 13.8 32 280 M M 0 43 280
8 60 37 49 -7 16 0 0.00 M M 6.7 15 290 M M 0 20 300
9 61 42 52 -4 13 0 0.00 M M 6.2 13 30 M M 0 19 40
10 62 41 52 -4 13 0 0.00 M M 11.8 28 280 M M 0 37 280
11 60 46 53 -3 12 0 0.00 M M 12.1 37 280 M M 1 48 280
12 61 41 51 -5 14 0 0.00 M M 7.0 13 40 M M 0 19 50
13 60 43 52 -4 13 0 0.00 M M 4.8 10 30 M M 0 16 240
14 62 44 53 -3 12 0 0.00 M M 4.2 9 50 M M 0 14 20
15 62 46 54 -2 11 0 0.00 M M 4.5 14 270 M M 2 1 18 260
16 61 45 53 -3 12 0 0.00 M M 4.4 17 270 M M 3 12 20 270
17 59 51 55 -1 10 0 T M M 4.2 10 170 M M 10 12 15 170
18 65 53 59 3 6 0 0.00 M M 5.1 12 190 M M 4 18 17 190
19 67 50 59 3 6 0 0.00 M M 4.1 12 150 M M 5 18 16 190
20 60 54 57 1 8 0 0.51 M M 5.3 13 70 M M 10 18 17 60
21 64 55 60 4 5 0 0.02 M M 4.6 9 60 M M 7 1 13 190
22 62 53 58 2 7 0 1.07 M M 4.9 13 70 M M 9 1 17 80
23 63 48 56 0 9 0 0.00 M M 5.6 17 270 M M 2 12 20 270
24 62 48 55 -1 10 0 0.00 M M 3.2 9 50 M M 5 1 13 40
25 62 52 57 1 8 0 T M M 2.7 12 280 M M 6 1 16 240
26 74 48 61 5 4 0 0.00 M M 7.0 20 50 M M 0 26 40
27 79 53 66 10 0 1 0.00 M M 9.6 25 60 M M 0 35 60
28 81 55 68 12 0 3 0.00 M M 6.7 24 70 M M 0 34 70
29 74 51 63 7 2 0 0.00 M M 4.5 12 270 M M 0 17 50
30 64 50 57 1 8 0 0.00 M M 4.7 15 280 M M 3 12 18 280
31 63 52 58 2 7 0 0.05 M M 6.6 13 150 M M 4 1 21 160
================================================================================
SM 1992 1482 276 4 1.79 M 204.1 M 79
================================================================================
AV 64.3 47.8 6.6 FASTST M M 3 MAX(MPH)
MISC ----> 37 280 48 280
================================================================================
NOTES:
# LAST OF SEVERAL OCCURRENCES
COLUMN 17 PEAK WIND IN M.P.H.
PRELIMINARY LOCAL CLIMATOLOGICAL DATA (WS FORM: F-6) , PAGE 2
STATION: OXNARD AIRPORT CA
MONTH: JANUARY
YEAR: 2024
LATITUDE: 34 12 N
LONGITUDE: 119 12 W
[TEMPERATURE DATA] [PRECIPITATION DATA] SYMBOLS USED IN COLUMN 16
AVERAGE MONTHLY: 56.0 TOTAL FOR MONTH: 1.79 1 = FOG OR MIST
DPTR FM NORMAL: 0.0 DPTR FM NORMAL: -1.13 2 = FOG REDUCING VISIBILITY
HIGHEST: 81 ON 28 GRTST 24HR 1.07 ON 22-22 TO 1/4 MILE OR LESS
LOWEST: 37 ON 8 3 = THUNDER
SNOW, ICE PELLETS, HAIL 4 = ICE PELLETS
TOTAL MONTH: M 5 = HAIL
GRTST 24HR M ON M 6 = FREEZING RAIN OR DRIZZLE
GRTST DEPTH: M ON M 7 = DUSTSTORM OR SANDSTORM:
VSBY 1/2 MILE OR LESS
8 = SMOKE OR HAZE
[NO. OF DAYS WITH] [WEATHER - DAYS WITH] 9 = BLOWING SNOW
X = TORNADO
MAX 32 OR BELOW: 0 0.01 INCH OR MORE: 5
MAX 90 OR ABOVE: 0 0.10 INCH OR MORE: 3
MIN 32 OR BELOW: 0 0.50 INCH OR MORE: 2
MIN 0 OR BELOW: 0 1.00 INCH OR MORE: 1
[HDD (BASE 65) ]
TOTAL THIS MO. 276 CLEAR (SCALE 0-3) 21
DPTR FM NORMAL -9 PTCLDY (SCALE 4-7) 7
TOTAL FM JUL 1 599 CLOUDY (SCALE 8-10) 3
DPTR FM NORMAL -232
[CDD (BASE 65) ]
TOTAL THIS MO. 4
DPTR FM NORMAL -2 [PRESSURE DATA]
TOTAL FM JAN 1 4 HIGHEST SLP 30.32 ON 8
DPTR FM NORMAL -2 LOWEST SLP 29.71 ON 22
[REMARKS]
#FINAL-01-24#