000
CXUS55 KRIW 011508
CF6P60
PRELIMINARY LOCAL CLIMATOLOGICAL DATA (WS FORM: F-6)
STATION: LAKE YELLOWSTONE WY
MONTH: MARCH
YEAR: 2023
LATITUDE: 44 32 N
LONGITUDE: 110 25 W
TEMPERATURE IN F: :PCPN: SNOW: WIND :SUNSHINE: SKY :PK WND
================================================================================
1 2 3 4 5 6A 6B 7 8 9 10 11 12 13 14 15 16 17 18
12Z AVG MX 2MIN
DY MAX MIN AVG DEP HDD CDD WTR SNW DPTH SPD SPD DIR MIN PSBL S-S WX SPD DR
================================================================================
1 24 -4 10 -7 55 0 0.04 M M 1.3 13 280 M M 0 19 280
2 20 -10 5 -12 60 0 0.04 M M 1.8 10 260 M M 0 22 280
3 21 -3 9 -8 56 0 0.17 M M 3.6 17 270 M M 0 32 290
4 20 -5 8 -10 57 0 0.17 M M 1.1 6 110 M M 0 10 160
5 22 -6 8 -10 57 0 0.05 M M 1.8 13 270 M M 0 22 280
6 22 -1 11 -7 54 0 0.06 M M 1.9 15 280 M M 0 25 270
7 19 -8 6 -13 59 0 0.09 M M 1.3 8 270 M M 0 14 280
8 22 -19 2 -17 63 0 0.10 M M 0.2 6 320 M M 0 10 90
9 20 1 11 -8 54 0 0.05 M M 1.9 13 270 M M 0 26 280
10 32 13 23 3 42 0 1.14 M M 4.0 16 270 M M 0 34 210
11 27 -6 11 -9 54 0 0.00 M M 4.0 15 280 M M 0 26 300
12 30 -15 8 -12 57 0 0.00 M M 1.0 8 220 M M 0 15 190
13 34 11 23 3 42 0 0.08 M M 1.7 10 260 M M 0 20 260
14 38 28 33 12 32 0 0.33 M M 3.8 14 260 M M 0 25 250
15 33 2 18 -3 47 0 0.60 M M 5.5 18 260 M M 0 39 250
16 22 -13 5 -16 60 0 0.00 M M 0.6 6 170 M M 0 11 130
17 27 -22 3 -19 62 0 0.00 M M 1.2 6 300 M M 0 8 110
18 33 -21 6 -16 59 0 0.00 M M 1.2 12 280 M M 0 21 240
19 35 -16 10 -12 55 0 0.00 M M 1.6 9 200 M M 0 20 250
20 36 5 21 -1 44 0 0.08 M M 1.9 10 270 M M 0 20 280
21 31 10 21 -2 44 0 0.01 M M 2.0 10 280 M M 0 17 260
22 30 -5 13 -10 52 0 0.00 M M 1.1 7 90 M M 0 13 130
23 31 16 24 1 41 0 0.06 M M 2.1 14 280 M M 0 22 280
24 28 9 19 -4 46 0 0.15 M M 1.4 12 290 M M 0 20 260
25 20 9 15 -9 50 0 0.38 M M 2.4 12 280 M M 0 22 300
26 18 6 12 -12 53 0 0.25 M M 1.8 13 290 M M 0 21 280
27 23 -7 8 -16 57 0 0.04 M M 1.6 10 280 M M 0 18 230
28 26 -12 7 -17 58 0 0.01 M M 1.0 8 210 M M 0 17 220
29 39 10 25 1 40 0 0.01 M M 1.0 8 120 M M 0 17 170
30 32 20 26 1 39 0 0.08 M M 2.3 12 290 M M 0 22 290
31 33 18 26 1 39 0 0.04 M M 3.7 14 260 M M 0 31 270
================================================================================
SM 848 -15 1588 0 4.03 M 61.8 M 0
================================================================================
AV 27.4 -0.5 2.0 FASTST M M 0 MAX(MPH)
MISC ----> 18 260 39 250
================================================================================
NOTES:
# LAST OF SEVERAL OCCURRENCES
COLUMN 17 PEAK WIND IN M.P.H.
PRELIMINARY LOCAL CLIMATOLOGICAL DATA (WS FORM: F-6) , PAGE 2
STATION: LAKE YELLOWSTONE WY
MONTH: MARCH
YEAR: 2023
LATITUDE: 44 32 N
LONGITUDE: 110 25 W
[TEMPERATURE DATA] [PRECIPITATION DATA] SYMBOLS USED IN COLUMN 16
AVERAGE MONTHLY: 13.4 TOTAL FOR MONTH: 4.03 1 = FOG OR MIST
DPTR FM NORMAL: -7.8 DPTR FM NORMAL: 2.13 2 = FOG REDUCING VISIBILITY
HIGHEST: 39 ON 29 GRTST 24HR 1.14 ON 10-10 TO 1/4 MILE OR LESS
LOWEST: -22 ON 17 3 = THUNDER
SNOW, ICE PELLETS, HAIL 4 = ICE PELLETS
TOTAL MONTH: M 5 = HAIL
GRTST 24HR M ON M 6 = FREEZING RAIN OR DRIZZLE
GRTST DEPTH: M ON M 7 = DUSTSTORM OR SANDSTORM:
VSBY 1/2 MILE OR LESS
8 = SMOKE OR HAZE
[NO. OF DAYS WITH] [WEATHER - DAYS WITH] 9 = BLOWING SNOW
X = TORNADO
MAX 32 OR BELOW: 23 0.01 INCH OR MORE: 24
MAX 90 OR ABOVE: 0 0.10 INCH OR MORE: 9
MIN 32 OR BELOW: 31 0.50 INCH OR MORE: 2
MIN 0 OR BELOW: 17 1.00 INCH OR MORE: 1
[HDD (BASE 65) ]
TOTAL THIS MO. 1588 CLEAR (SCALE 0-3) 31
DPTR FM NORMAL 230 PTCLDY (SCALE 4-7) 0
TOTAL FM JUL 1 9563 CLOUDY (SCALE 8-10) 0
DPTR FM NORMAL 2
[CDD (BASE 65) ]
TOTAL THIS MO. 0
DPTR FM NORMAL 0 [PRESSURE DATA]
TOTAL FM JAN 1 0 HIGHEST SLP 30.76 ON 18
DPTR FM NORMAL 0 LOWEST SLP 29.39 ON 10
[REMARKS]
#FINAL-03-23#