000
CXUS56 KPQR 162302
CF6PDX
PRELIMINARY LOCAL CLIMATOLOGICAL DATA (WS FORM: F-6)
STATION: PORTLAND OR
MONTH: JUNE
YEAR: 2023
LATITUDE: 45 35 N
LONGITUDE: 122 36 W
TEMPERATURE IN F: :PCPN: SNOW: WIND :SUNSHINE: SKY :PK WND
================================================================================
1 2 3 4 5 6A 6B 7 8 9 10 11 12 13 14 15 16 17 18
12Z AVG MX 2MIN
DY MAX MIN AVG DEP HDD CDD WTR SNW DPTH SPD SPD DIR MIN PSBL S-S WX SPD DR
================================================================================
1 73 47 60 -2 5 0 0.00 0.0 0 5.1 15 310 M M 3 20 320
2 77 50 64 2 1 0 0.00 0.0 0 6.2 13 320 M M 1 16 320
3 81 51 66 4 0 1 0.00 0.0 0 8.5 21 320 M M 1 27 320
4 77 52 65 3 0 0 0.00 0.0 0 11.5 24 320 M M 2 31 320
5 82 53 68 6 0 3 0.00 0.0 0 9.4 24 320 M M 1 31 320
6 92 56 74 11 0 9 0.00 0.0 0 5.4 14 320 M M 1 19 340
7 84 61 73 10 0 8 0.00 0.0 0 5.8 12 280 M M 4 16 150
8 72 57 65 2 0 0 0.01 0.0 0 4.0 12 320 M M 9 14 310
9 62 56 59 -4 6 0 0.08 0.0 0 3.8 10 310 M M 10 14 330
10 73 55 64 1 1 0 0.00 0.0 0 6.3 15 320 M M 5 21 320
11 79 56 68 5 0 3 0.00 0.0 0 8.7 22 320 M M 3 28 320
12 89 61 75 12 0 10 0.00 0.0 0 5.0 15 310 M M 2 20 310
13 76 58 67 3 0 2 0.00 0.0 0 8.2 20 310 M M 5 25 320
14 70 54 62 -2 3 0 0.00 0.0 0 8.8 18 320 M M 6 24 320
15 77 50 64 0 1 0 0.00 0.0 0 6.6 15 320 M M 5 24 320
16 80 55 68 4 0 3 T 0.0 0 5.6 20 320 M M 6 24 350
17 67 55 61 -3 4 0 0.00 0.0 0 7.9 16 310 M M 9 21 320
18 58 50 54 -10 11 0 0.98 0.0 0 5.2 15 260 M M 9 138 20 250
19 63 49 56 -9 9 0 0.14 0.0 0 5.2 24 300 M M 7 1 28 300
20 68 53 61 -4 4 0 0.00 0.0 0 6.3 15 300 M M 8 17 240
21 79 50 65 0 0 0 0.00 0.0 0 5.4 14 320 M M 3 18 320
22 88 57 73 8 0 8 0.00 0.0 0 7.4 15 290 M M 2 22 310
23 85 57 71 5 0 6 0.00 0.0 0 5.8 20 320 M M 3 3 23 310
24 83 54 69 3 0 4 0.00 0.0 0 6.8 14 320 M M 1 17 320
25 83 55 69 3 0 4 0.00 0.0 0 7.4 15 320 M M 1 24 320
26 81 56 69 3 0 4 0.00 0.0 0 6.5 15 300 M M 4 19 320
27 81 58 70 4 0 5 0.00 0.0 0 4.7 12 320 M M 6 14 360
28 87 58 73 6 0 8 0.00 0.0 0 5.8 12 350 M M 3 16 290
29 89 60 75 8 0 10 0.00 0.0 0 6.4 15 310 M M 2 20 310
30 86 60 73 6 0 8 0.00 0.0 0 8.5 17 320 M M 1 23 320
================================================================================
SM 2342 1644 45 96 1.21 0.0 198.2 M 123
================================================================================
AV 78.1 54.8 6.6 FASTST M M 4 MAX(MPH)
MISC ----> # 24 320 # 31 320
================================================================================
NOTES:
# LAST OF SEVERAL OCCURRENCES
COLUMN 17 PEAK WIND IN M.P.H.
PRELIMINARY LOCAL CLIMATOLOGICAL DATA (WS FORM: F-6) , PAGE 2
STATION: PORTLAND OR
MONTH: JUNE
YEAR: 2023
LATITUDE: 45 35 N
LONGITUDE: 122 36 W
[TEMPERATURE DATA] [PRECIPITATION DATA] SYMBOLS USED IN COLUMN 16
AVERAGE MONTHLY: 66.4 TOTAL FOR MONTH: 1.21 1 = FOG OR MIST
DPTR FM NORMAL: 2.2 DPTR FM NORMAL: -0.42 2 = FOG REDUCING VISIBILITY
HIGHEST: 92 ON 6 GRTST 24HR 1.00 ON 18-19 TO 1/4 MILE OR LESS
LOWEST: 47 ON 1 3 = THUNDER
SNOW, ICE PELLETS, HAIL 4 = ICE PELLETS
TOTAL MONTH: 0.0 INCH 5 = HAIL
GRTST 24HR 0.0 6 = FREEZING RAIN OR DRIZZLE
GRTST DEPTH: 0 7 = DUSTSTORM OR SANDSTORM:
VSBY 1/2 MILE OR LESS
8 = SMOKE OR HAZE
[NO. OF DAYS WITH] [WEATHER - DAYS WITH] 9 = BLOWING SNOW
X = TORNADO
MAX 32 OR BELOW: 0 0.01 INCH OR MORE: 4
MAX 90 OR ABOVE: 1 0.10 INCH OR MORE: 2
MIN 32 OR BELOW: 0 0.50 INCH OR MORE: 1
MIN 0 OR BELOW: 0 1.00 INCH OR MORE: 0
[HDD (BASE 65) ]
TOTAL THIS MO. 45 CLEAR (SCALE 0-3) 15
DPTR FM NORMAL -35 PTCLDY (SCALE 4-7) 11
TOTAL FM JUL 1 4063 CLOUDY (SCALE 8-10) 4
DPTR FM NORMAL -40
[CDD (BASE 65) ]
TOTAL THIS MO. 96
DPTR FM NORMAL 40 [PRESSURE DATA]
TOTAL FM JAN 1 195 HIGHEST SLP 30.24 ON 20
DPTR FM NORMAL 116 LOWEST SLP 29.67 ON 6
[REMARKS]
#FINAL-06-23#