000
CXUS54 KEWX 011010
CF6PEZ
PRELIMINARY LOCAL CLIMATOLOGICAL DATA (WS FORM: F-6)
STATION: PLEASANTON MUNICIPAL AIRPORT
MONTH: OCTOBER
YEAR: 2022
LATITUDE: 28 57 N
LONGITUDE: 98 31 W
TEMPERATURE IN F: :PCPN: SNOW: WIND :SUNSHINE: SKY :PK WND
================================================================================
1 2 3 4 5 6A 6B 7 8 9 10 11 12 13 14 15 16 17 18
12Z AVG MX 2MIN
DY MAX MIN AVG DEP HDD CDD WTR SNW DPTH SPD SPD DIR MIN PSBL S-S WX SPD DR
================================================================================
1 90 58 74 M 0 9 0.00 M M 3.4 9 120 M M 0 M M
2 86 56 71 M 0 6 0.00 M M 1.4 8 100 M M 0 M M
3 86 60 73 M 0 8 0.00 M M 1.2 7 100 M M 0 M M
4 89 63 76 M 0 11 0.00 M M 1.5 7 150 M M 0 M M
5 91 57 74 M 0 9 0.00 M M 2.1 7 130 M M 0 M M
6 92 57 75 M 0 10 0.00 M M 2.5 8 100 M M 1 16 110
7 84 65 75 M 0 10 0.00 M M 1.0 6 130 M M 1 M M
8 92 60 76 M 0 11 0.00 M M 3.9 9 70 M M 1 M M
9 91 62 77 M 0 12 0.00 M M 3.8 12 140 M M 2 16 150
10 90 60 75 M 0 10 0.00 M M 4.8 12 130 M M 1 1 20 140
11 91 64 78 M 0 13 0.00 M M 5.1 10 140 M M 3 16 140
12 96 70 83 M 0 18 0.00 M M 2.8 8 220 M M 4 1 M M
13 96 68 82 M 0 17 0.00 M M 5.0 8 100 M M 0 M M
14 93 70 82 M 0 17 0.00 M M 4.7 13 140 M M 4 18 150
15 95 71 83 M 0 18 0.00 M M 6.3 13 140 M M 4 21 140
16 94 71 83 M 0 18 0.00 M M 3.7 9 130 M M 5 1 18 90
17 78 61 70 M 0 5 0.41 M M 7.7 15 50 M M 6 25 40
18 73 49 61 M 4 0 0.00 M M 6.1 14 40 M M 4 20 360
19 76 43 60 M 5 0 0.00 M M 1.3 7 80 M M 0 M M
20 83 45 64 M 1 0 0.00 0.0 M 3.2 10 210 M M 0 17 210
21 87 50 69 M 0 4 0.00 0.0 M 5.3 9 160 M M 0 17 190
22 89 57 73 M 0 8 0.00 M M 8.0 15 150 M M 0 23 170
23 89 66 78 M 0 13 0.00 M M 9.6 17 170 M M 2 24 170
24 94 61 78 M 0 13 0.61 M M 8.8 25 330 M M 6 32 330
25 78 50 64 M 1 0 0.00 0.0 M 3.7 12 350 M M 1 16 320
26 81 45 63 M 2 0 0.00 M M 4.1 10 80 M M 0 M M
27 82 52 67 M 0 2 0.00 M M 4.7 13 130 M M 5 8 18 150
28 78 56 67 M 0 2 0.46 M M 8.4 21 330 M M 5 3 27 330
29 75 52 64 M 1 0 0.00 M M 5.7 14 310 M M 1 20 310
30 80 49 65 M 0 0 0.00 M M 1.0 6 310 M M 0 M M
31 84 55 70 M 0 5 0.00 M M 3.0 9 100 M M 5 3 22 130
================================================================================
SM 2683 1803 14 249 1.48 0.0 133.7 M 61
================================================================================
AV 86.5 58.2 4.3 FASTST M M 2 MAX(MPH)
MISC ----> 25 330 32 330
================================================================================
NOTES:
# LAST OF SEVERAL OCCURRENCES
COLUMN 17 PEAK WIND IN M.P.H.
PRELIMINARY LOCAL CLIMATOLOGICAL DATA (WS FORM: F-6) , PAGE 2
STATION: PLEASANTON MUNICIPAL AIRPORT
MONTH: OCTOBER
YEAR: 2022
LATITUDE: 28 57 N
LONGITUDE: 98 31 W
[TEMPERATURE DATA] [PRECIPITATION DATA] SYMBOLS USED IN COLUMN 16
AVERAGE MONTHLY: 72.4 TOTAL FOR MONTH: 1.48 1 = FOG OR MIST
DPTR FM NORMAL: 0.0 DPTR FM NORMAL: M 2 = FOG REDUCING VISIBILITY
HIGHEST: 96 ON 13,12 GRTST 24HR 0.61 ON 24-24 TO 1/4 MILE OR LESS
LOWEST: 43 ON 19 3 = THUNDER
SNOW, ICE PELLETS, HAIL 4 = ICE PELLETS
TOTAL MONTH: 0.0 INCH 5 = HAIL
GRTST 24HR 0.0 6 = FREEZING RAIN OR DRIZZLE
GRTST DEPTH: M ON M 7 = DUSTSTORM OR SANDSTORM:
VSBY 1/2 MILE OR LESS
8 = SMOKE OR HAZE
[NO. OF DAYS WITH] [WEATHER - DAYS WITH] 9 = BLOWING SNOW
X = TORNADO
MAX 32 OR BELOW: 0 0.01 INCH OR MORE: 3
MAX 90 OR ABOVE: 13 0.10 INCH OR MORE: 3
MIN 32 OR BELOW: 0 0.50 INCH OR MORE: 1
MIN 0 OR BELOW: 0 1.00 INCH OR MORE: 0
[HDD (BASE 65) ]
TOTAL THIS MO. 14 CLEAR (SCALE 0-3) 21
DPTR FM NORMAL M PTCLDY (SCALE 4-7) 10
TOTAL FM JUL 1 14 CLOUDY (SCALE 8-10) 0
DPTR FM NORMAL M
[CDD (BASE 65) ]
TOTAL THIS MO. 249
DPTR FM NORMAL M [PRESSURE DATA]
TOTAL FM JAN 1 4007 HIGHEST SLP M ON M
DPTR FM NORMAL M LOWEST SLP M ON M
[REMARKS]
#FINAL-10-22#