000
CXUS51 KPHI 022110
CLMPHL
CLIMATE REPORT
NATIONAL WEATHER SERVICE MOUNT HOLLY NJ
410 PM EST FRI FEB 02 2024
...................................
...THE PHILADELPHIA PA CLIMATE SUMMARY FOR THE MONTH OF JANUARY 2024...
CLIMATE NORMAL PERIOD: 1991 TO 2020
CLIMATE RECORD PERIOD: 1872 TO 2024
WEATHER OBSERVED NORMAL DEPART LAST YEAR`S
VALUE DATE(S) VALUE FROM VALUE DATE(S)
NORMAL
................................................................
TEMPERATURE (F)
RECORD
HIGH 74 01/26/1950
LOW -7 01/22/1984
01/17/1982
HIGHEST 59 60 -1 65
LOWEST 14 9 5 28
AVG. MAXIMUM 42.8 41.3 1.5 50.5
AVG. MINIMUM 30.4 26.0 4.4 36.1
MEAN 36.6 33.7 2.9 43.3
DAYS MAX >= 90 0 0.0 0.0 0
DAYS MAX <= 32 6 6.4 -0.4 0
DAYS MIN <= 32 18 22.5 -4.5 9
DAYS MIN <= 0 0 0.0 0.0 0
PRECIPITATION (INCHES)
RECORD
MAXIMUM 8.86 1978
MINIMUM 0.45 1955
TOTALS 5.91 3.13 2.78 3.36
DAILY AVG. 0.19 0.10 0.09 0.11
DAYS >= .01 12 11.0 1.0 12
DAYS >= .10 10 6.0 4.0 6
DAYS >= .50 3 2.1 0.9 3
DAYS >= 1.00 2 0.7 1.3 1
GREATEST
24 HR. TOTAL 2.09 01/09 TO 01/09 1.10
SNOWFALL (INCHES)
RECORDS
TOTAL 33.8 1996
24 HR TOTAL MM
TOTALS 8.0 7.1 0.9 T
SINCE 7/1 8.0 10.8 -2.8 MM
SNOWDEPTH AVG. 1 0
DAYS >= 1.0 3 1.5 1.5 0
GREATEST
SNOW DEPTH 5 01/20 0 MM
24 HR TOTAL 4.6 01/19 TO 01/19 MM
DEGREE DAYS
HEATING TOTAL 872 972 -100 664
SINCE 7/1 2241 2589 -348 MM
COOLING TOTAL 0 0 0 0
SINCE 1/1 0 0 0 MM
................................................................
WIND (MPH)
AVERAGE WIND SPEED 9.2
HIGHEST WIND SPEED/DIRECTION 39/260 DATE 01/13
HIGHEST GUST SPEED/DIRECTION 51/180 DATE 01/09
SKY COVER
POSSIBLE SUNSHINE (PERCENT) MM
AVERAGE SKY COVER 0.70
NUMBER OF DAYS FAIR 7
NUMBER OF DAYS PC 7
NUMBER OF DAYS CLOUDY 17
AVERAGE RH (PERCENT) 70
WEATHER CONDITIONS. NUMBER OF DAYS WITH
THUNDERSTORM 0 MIXED PRECIP 0
HEAVY RAIN 4 RAIN 5
LIGHT RAIN 13 FREEZING RAIN 0
LT FREEZING RAIN 1 HEAVY SNOW 0
SNOW 1 LIGHT SNOW 6
SLEET 0 FOG 15
FOG W/VIS <= 1/4 MILE 3 HAZE 0
- INDICATES NEGATIVE NUMBERS.
R INDICATES RECORD WAS SET OR TIED.
MM INDICATES DATA IS MISSING.
T INDICATES TRACE AMOUNT.
$$