000
CXUS53 KUNR 071513
CF6PHP
PRELIMINARY LOCAL CLIMATOLOGICAL DATA (WS FORM: F-6)
STATION: PHILIP SD
MONTH: JUNE
YEAR: 2022
LATITUDE: 44 3 N
LONGITUDE: 101 36 W
TEMPERATURE IN F: :PCPN: SNOW: WIND :SUNSHINE: SKY :PK WND
================================================================================
1 2 3 4 5 6A 6B 7 8 9 10 11 12 13 14 15 16 17 18
12Z AVG MX 2MIN
DY MAX MIN AVG DEP HDD CDD WTR SNW DPTH SPD SPD DIR MIN PSBL S-S WX SPD DR
================================================================================
1 73 36 55 -8 10 0 0.00 M M 7.4 16 320 M M 1 25 310
2 79 42 61 -2 4 0 0.00 M M 9.2 22 300 M M 2 31 310
3 72 39 56 -8 9 0 0.11 M M 9.1 23 160 M M 4 13 30 180
4 74 50 62 -2 3 0 0.03 M M 7.5 20 80 M M 4 1 26 80
5 73 55 64 0 1 0 0.20 M M 8.1 17 80 M M 8 13 21 90
6 64 54 59 -5 6 0 0.47 M M 9.1 20 40 M M 10 13 23 30
7 73 48 61 -4 4 0 0.12 M M 4.9 28 320 M M 6 13 37 320
8 73 46 60 -5 5 0 0.00 M M 8.6 22 310 M M 3 29 300
9 78 54 66 1 0 1 0.00 M M 7.4 17 90 M M 2 12 25 100
10 84 53 69 3 0 4 0.00 M M 6.5 18 200 M M 3 12 27 190
11 91 M M M M M M M M M M M M M M M M
12 89 M M M M M M M M M M M M M M 3 M M
13 91 62 77 10 0 12 0.03 M M M 24 80 M M 6 13 33 70
14 75 49 62 -5 3 0 0.00 M M 11.3 36 300 M M 2 46 300
15 81 47 64 -3 1 0 0.00 M M 11.0 26 250 M M 0 36 240
16 84 55 70 2 0 5 0.00 M M 9.7 23 290 M M 0 32 310
17 88 53 71 3 0 6 0.00 M M 14.5 29 130 M M 0 40 110
18 102 67 85 17 0 20 0.00 M M 14.4 30 180 M M 0 39 210
19 98 70 84 16 0 19 0.03 M M 15.1 33 240 M M 2 3 46 240
20 83 55 69 0 0 4 0.25 M M 10.4 45 250 M M 2 13 60 260
21 78 51 65 -4 0 0 0.00 M M 10.9 24 320 M M 0 32 300
22 91 50 71 2 0 6 0.00 M M 4.5 16 180 M M 0 27 150
23 96 64 80 10 0 15 0.00 M M 5.3 12 80 M M 0 15 80
24 93 59 76 6 0 11 0.07 M M 9.7 31 340 M M 1 13 43 350
25 73 47 60 -10 5 0 T M M 18.7 36 320 M M 2 46 320
26 79 45 62 -9 3 0 0.00 M M 7.6 17 310 M M 0 26 300
27 90 46 68 -3 0 3 0.00 M M 8.7 24 310 M M 0 8 33 310
28 89 52 71 0 0 6 0.00 M M 7.9 15 90 M M 0 22 90
29 103 64 84 13 0 19 0.01 M M 8.4 28 180 M M 1 3 38 180
30 87 57 72 0 0 7 0.00 M M 8.5 20 360 M M 0 26 360
================================================================================
SM 2504 1470 54 138 1.32 M 254.4 M 59
================================================================================
AV 83.5 52.5 9.4 FASTST M M 2 MAX(MPH)
MISC ----> 45 250 60 260
================================================================================
NOTES:
# LAST OF SEVERAL OCCURRENCES
COLUMN 17 PEAK WIND IN M.P.H.
PRELIMINARY LOCAL CLIMATOLOGICAL DATA (WS FORM: F-6) , PAGE 2
STATION: PHILIP SD
MONTH: JUNE
YEAR: 2022
LATITUDE: 44 3 N
LONGITUDE: 101 36 W
[TEMPERATURE DATA] [PRECIPITATION DATA] SYMBOLS USED IN COLUMN 16
AVERAGE MONTHLY: 68.0 TOTAL FOR MONTH: 1.32 1 = FOG OR MIST
DPTR FM NORMAL: 0.6 DPTR FM NORMAL: -1.58 2 = FOG REDUCING VISIBILITY
HIGHEST: 103 ON 29 GRTST 24HR 0.54 ON 5- 6 TO 1/4 MILE OR LESS
LOWEST: 36 ON 1 3 = THUNDER
SNOW, ICE PELLETS, HAIL 4 = ICE PELLETS
TOTAL MONTH: M 5 = HAIL
GRTST 24HR M ON M 6 = FREEZING RAIN OR DRIZZLE
GRTST DEPTH: M ON M 7 = DUSTSTORM OR SANDSTORM:
VSBY 1/2 MILE OR LESS
8 = SMOKE OR HAZE
[NO. OF DAYS WITH] [WEATHER - DAYS WITH] 9 = BLOWING SNOW
X = TORNADO
MAX 32 OR BELOW: 0 0.01 INCH OR MORE: 10
MAX 90 OR ABOVE: 9 0.10 INCH OR MORE: 5
MIN 32 OR BELOW: 0 0.50 INCH OR MORE: 0
MIN 0 OR BELOW: 0 1.00 INCH OR MORE: 0
[HDD (BASE 65) ]
TOTAL THIS MO. 54 CLEAR (SCALE 0-3) 21
DPTR FM NORMAL -4 PTCLDY (SCALE 4-7) 6
TOTAL FM JUL 1 6764 CLOUDY (SCALE 8-10) 3
DPTR FM NORMAL -366
[CDD (BASE 65) ]
TOTAL THIS MO. 138
DPTR FM NORMAL 9 [PRESSURE DATA]
TOTAL FM JAN 1 147 HIGHEST SLP 30.40 ON 26
DPTR FM NORMAL -8 LOWEST SLP 29.33 ON 12
[REMARKS]
#FINAL-06-22#