000
CXUS55 KPSR 011005
CF6PHX
PRELIMINARY LOCAL CLIMATOLOGICAL DATA (WS FORM: F-6)
STATION: PHOENIX AZ
MONTH: APRIL
YEAR: 2020
LATITUDE: 33 25 N
LONGITUDE: 112 1 W
TEMPERATURE IN F: :PCPN: SNOW: WIND :SUNSHINE: SKY :PK WND
================================================================================
1 2 3 4 5 6A 6B 7 8 9 10 11 12 13 14 15 16 17 18
12Z AVG MX 2MIN
DY MAX MIN AVG DEP HDD CDD WTR SNW DPTH SPD SPD DIR MIN PSBL S-S WX SPD DR
================================================================================
1 85 60 73 4 0 8 0.00 0.0 0 6.0 16 250 M M 6 21 230
2 85 57 71 2 0 6 0.00 0.0 0 8.0 21 270 M M 0 8 25 270
3 84 57 71 2 0 6 0.00 0.0 0 6.1 17 270 M M 1 23 270
4 84 57 71 2 0 6 0.00 0.0 0 6.6 16 210 M M 0 20 220
5 86 58 72 2 0 7 0.00 0.0 0 7.8 18 210 M M 1 23 210
6 85 58 72 2 0 7 0.00 0.0 0 9.3 22 280 M M 3 24 270
7 84 56 70 0 0 5 0.00 0.0 0 8.1 17 270 M M 2 23 160
8 83 58 71 1 0 6 0.00 0.0 0 9.8 26 210 M M 4 36 220
9 74 54 64 -7 1 0 0.00 0.0 0 4.6 14 300 M M 2 22 310
10 79 53 66 -5 0 1 0.00 0.0 0 5.2 17 230 M M 3 21 210
11 71 57 64 -7 1 0 0.08 0.0 0 6.7 15 180 M M 6 21 190
12 77 52 65 -7 0 0 0.00 0.0 0 7.8 17 270 M M 3 23 250
13 78 59 69 -3 0 4 0.00 0.0 0 6.9 18 230 M M 6 25 210
14 80 59 70 -2 0 5 0.00 0.0 0 8.6 17 310 M M 1 24 290
15 83 55 69 -3 0 4 0.00 0.0 0 5.0 14 270 M M 0 21 260
16 86 56 71 -2 0 6 0.00 0.0 0 6.9 16 270 M M 1 23 270
17 89 58 74 1 0 9 0.00 0.0 0 9.4 22 200 M M 3 29 200
18 80 58 69 -4 0 4 0.00 0.0 0 7.4 18 290 M M 3 23 300
19 83 59 71 -3 0 6 0.00 0.0 0 5.8 14 290 M M 4 16 300
20 87 62 75 1 0 10 0.00 0.0 0 8.0 18 270 M M 4 28 260
21 83 63 73 -1 0 8 0.00 0.0 0 6.8 23 270 M M 1 33 360
22 91 61 76 1 0 11 0.00 0.0 0 5.7 18 280 M M 1 23 270
23 97 65 81 6 0 16 0.00 0.0 0 8.0 23 260 M M 1 29 260
24 98 69 84 9 0 19 0.00 0.0 0 6.5 16 260 M M 1 20 260
25 99 70 85 9 0 20 0.00 0.0 0 5.2 13 280 M M 2 17 300
26 102 71 87 11 0 22 0.00 0.0 0 6.8 17 300 M M 4 24 330
27 102 73 88 12 0 23 0.00 0.0 0 7.4 21 280 M M 4 26 250
28 101 69 85 9 0 20 0.00 0.0 0 5.2 13 260 M M 4 18 260
29 104 73 89 12 0 24 0.00 0.0 0 5.6 13 280 M M 1 20 310
30 101 75 88 11 0 23 0.00 0.0 M 5.8 14 300 M M 7 19 330
================================================================================
SM 2621 1832 2 286 0.08 0.0 207.0 M 79
================================================================================
AV 87.4 61.1 6.9 FASTST M M 3 MAX(MPH)
MISC ----> 26 210 36 220
================================================================================
NOTES:
# LAST OF SEVERAL OCCURRENCES
COLUMN 17 PEAK WIND IN M.P.H.
PRELIMINARY LOCAL CLIMATOLOGICAL DATA (WS FORM: F-6) , PAGE 2
STATION: PHOENIX AZ
MONTH: APRIL
YEAR: 2020
LATITUDE: 33 25 N
LONGITUDE: 112 1 W
[TEMPERATURE DATA] [PRECIPITATION DATA] SYMBOLS USED IN COLUMN 16
AVERAGE MONTHLY: 74.2 TOTAL FOR MONTH: 0.08 1 = FOG OR MIST
DPTR FM NORMAL: 1.5 DPTR FM NORMAL: -0.20 2 = FOG REDUCING VISIBILITY
HIGHEST: 104 ON 29 GRTST 24HR 0.08 ON 11-11 TO 1/4 MILE OR LESS
LOWEST: 52 ON 12 3 = THUNDER
SNOW, ICE PELLETS, HAIL 4 = ICE PELLETS
TOTAL MONTH: 0.0 INCH 5 = HAIL
GRTST 24HR 0.0 6 = FREEZING RAIN OR DRIZZLE
GRTST DEPTH: 0 7 = DUSTSTORM OR SANDSTORM:
VSBY 1/2 MILE OR LESS
8 = SMOKE OR HAZE
[NO. OF DAYS WITH] [WEATHER - DAYS WITH] 9 = BLOWING SNOW
X = TORNADO
MAX 32 OR BELOW: 0 0.01 INCH OR MORE: 1
MAX 90 OR ABOVE: 9 0.10 INCH OR MORE: 0
MIN 32 OR BELOW: 0 0.50 INCH OR MORE: 0
MIN 0 OR BELOW: 0 1.00 INCH OR MORE: 0
[HDD (BASE 65) ]
TOTAL THIS MO. 2 CLEAR (SCALE 0-3) 16
DPTR FM NORMAL -18 PTCLDY (SCALE 4-7) 14
TOTAL FM JUL 1 832 CLOUDY (SCALE 8-10) 0
DPTR FM NORMAL -99
[CDD (BASE 65) ]
TOTAL THIS MO. 286
DPTR FM NORMAL 35 [PRESSURE DATA]
TOTAL FM JAN 1 331 HIGHEST SLP 30.10 ON 9
DPTR FM NORMAL -24 LOWEST SLP 29.66 ON 4
[REMARKS]
#FINAL-04-20#