000
CXUS51 KRLX 012210
CLMPKB
CLIMATE REPORT
NATIONAL WEATHER SERVICE CHARLESTON WV
510 PM EST FRI DEC 01 2023
...................................
...THE PARKERSBURG WV CLIMATE SUMMARY FOR THE MONTH OF NOVEMBER 2023...
CLIMATE NORMAL PERIOD: 1991 TO 2020
CLIMATE RECORD PERIOD: 1926 TO 2023
WEATHER OBSERVED NORMAL DEPART LAST YEAR`S
VALUE DATE(S) VALUE FROM VALUE
NORMAL
..............................................................
TEMPERATURE (F)
RECORD
HIGH 86 11/03/1961
LOW 4 11/30/1929
HIGHEST 74 11/07 82
11/08
LOWEST 15 11/29 17
AVG. MAXIMUM 56.9 54.8 2.1 56.9
AVG. MINIMUM 32.0 34.6 -2.6 36.1
MEAN 44.4 44.7 -0.3 46.5
DAYS MAX <= 32 0 0.6 -0.6 0
DAYS MAX >= 80 0 1
DAYS MIN <= 32 20 14.3 5.7 12
DAYS MIN <= 10 0 0
PRECIPITATION (INCHES)
RECORD
MAXIMUM 7.89 1985
MINIMUM 0.11 1904
TOTALS 2.17 2.88 -0.71 3.73
DAILY AVG. 0.07 0.10 -0.03 0.12
DAYS >= .01 6 10.7 -4.7 13
DAYS >= .10 4 6.7 -2.7 4
DAYS >= .50 2 1.9 0.1 1
DAYS >= 1.00 0 0.4 -0.4 1
GREATEST
24 HR. TOTAL 0.90 11/21 TO 11/21 2.15
DEGREE DAYS
HEATING TOTAL 608 610 -2 560
SINCE 7/1 893 994 -101 MM
COOLING TOTAL 0 1 -1 14
SINCE 1/1 823 998 -175 MM
FALL FREEZE DATES
RECORD
EARLIEST 32 09/23/1995
LATEST 29 11/21/1985
NORMAL 10/22
1ST OBS. 2023 32 10/23
..............................................................
WIND (MPH)
AVERAGE WIND SPEED 4.9
HIGHEST WIND SPEED/DIRECTION 23/290 DATE 11/27
23/290 11/28
HIGHEST GUST SPEED/DIRECTION 34/290 DATE 11/28
SKY COVER
AVERAGE SKY COVER 0.27
NUMBER OF DAYS FAIR 20
NUMBER OF DAYS PC 5
NUMBER OF DAYS CLOUDY 5
AVERAGE RH (PERCENT) 63
WEATHER CONDITIONS. NUMBER OF DAYS WITH
THUNDERSTORM 0 MIXED PRECIP 0
HEAVY RAIN 2 RAIN 3
LIGHT RAIN 7 FREEZING RAIN 0
LT FREEZING RAIN 0 HAIL 0
HEAVY SNOW 0 SNOW 0
LIGHT SNOW 1 SLEET 0
FOG 10 FOG W/VIS <= 1/4 MILE 2
HAZE 1
- INDICATES NEGATIVE NUMBERS.
R INDICATES RECORD WAS SET OR TIED.
MM INDICATES DATA IS MISSING.
T INDICATES TRACE AMOUNT.
$$