000
CXUS56 KLOX 011630
CLMPMD
CLIMATE REPORT
NATIONAL WEATHER SERVICE LOS ANGELES/OXNARD
930 AM PDT FRI SEP 01 2023
...................................
...THE PALMDALE AIRPORT CA CLIMATE SUMMARY FOR THE MONTH OF AUGUST 2023...
CLIMATE NORMAL PERIOD: 1991 TO 2020
CLIMATE RECORD PERIOD: 1931 TO 2023
WEATHER OBSERVED NORMAL DEPART LAST YEAR`S
VALUE DATE(S) VALUE FROM VALUE
NORMAL
..............................................................
TEMPERATURE (F)
HIGHEST 103 08/15
LOWEST 55 08/06
AVG. MAXIMUM 94.8 97.7 -2.9
AVG. MINIMUM 64.1 66.0 -1.9
MEAN 79.5 81.8 -2.3
DAYS MAX >= 90 24
DAYS MAX <= 32 0
DAYS MIN <= 32 0
DAYS MIN <= 0 0
PRECIPITATION (INCHES)
TOTALS 3.94 0.03 3.91
DAILY AVG. 0.13
DAYS >= .01 2
DAYS >= .10 1
DAYS >= .50 1
DAYS >= 1.00 1
GREATEST
24 HR. TOTAL 3.93 08/20 TO 08/21
STORM TOTAL 3.93
DEGREE DAYS
HEATING TOTAL 0 0 0 0
SINCE 7/1 0 0 0 MM
COOLING TOTAL 459 522 -63 675
SINCE 1/1 1447 1556 -109 MM
..............................................................
WIND (MPH)
AVERAGE WIND SPEED 8.9
HIGHEST WIND SPEED/DIRECTION 29/280 DATE 08/05
29/210 08/08
HIGHEST GUST SPEED/DIRECTION 42/210 DATE 08/09
SKY COVER
POSSIBLE SUNSHINE (PERCENT) MM
AVERAGE SKY COVER 0.08
NUMBER OF DAYS FAIR 28
NUMBER OF DAYS PC 2
NUMBER OF DAYS CLOUDY 1
AVERAGE RH (PERCENT) 37
WEATHER CONDITIONS. NUMBER OF DAYS WITH
THUNDERSTORM 5 MIXED PRECIP 0
HEAVY RAIN 1 RAIN 1
LIGHT RAIN 8 FREEZING RAIN 0
LT FREEZING RAIN 0 HAIL 0
HEAVY SNOW 0 SNOW 0
LIGHT SNOW 0 SLEET 0
FOG 1 FOG W/VIS <= 1/4 MILE 0
HAZE 1
- INDICATES NEGATIVE NUMBERS.
R INDICATES RECORD WAS SET OR TIED.
MM INDICATES DATA IS MISSING.
T INDICATES TRACE AMOUNT.
$$