000
CXUS56 KLOX 011630
CLMPMD
CLIMATE REPORT
NATIONAL WEATHER SERVICE LOS ANGELES/OXNARD
930 AM PDT SAT APR 01 2023
...................................
...THE PALMDALE AIRPORT CA CLIMATE SUMMARY FOR THE MONTH OF MARCH 2023...
CLIMATE NORMAL PERIOD: 1991 TO 2020
CLIMATE RECORD PERIOD: 1931 TO 2023
WEATHER OBSERVED NORMAL DEPART LAST YEAR`S
VALUE DATE(S) VALUE FROM VALUE
NORMAL
..............................................................
TEMPERATURE (F)
HIGHEST 66 03/12
03/13
03/28
LOWEST 28 03/27
AVG. MAXIMUM 57.4 67.5 -10.1
AVG. MINIMUM 38.2 40.2 -2.0
MEAN 47.8 53.8 -6.0
DAYS MAX >= 90 0
DAYS MAX <= 32 0
DAYS MIN <= 32 4
DAYS MIN <= 0 0
PRECIPITATION (INCHES)
TOTALS 1.15 0.87 0.28
DAILY AVG. 0.04
DAYS >= .01 9
DAYS >= .10 5
DAYS >= .50 0
DAYS >= 1.00 0
GREATEST
24 HR. TOTAL 0.49 03/20 TO 03/21
STORM TOTAL 0.47
DEGREE DAYS
HEATING TOTAL 527 348 179 300
SINCE 7/1 2887 2504 383 MM
COOLING TOTAL 0 2 -2 8
SINCE 1/1 0 2 -2 MM
..............................................................
WIND (MPH)
AVERAGE WIND SPEED 12.6
HIGHEST WIND SPEED/DIRECTION 40/220 DATE 03/04
HIGHEST GUST SPEED/DIRECTION 51/220 DATE 03/10
SKY COVER
POSSIBLE SUNSHINE (PERCENT) MM
AVERAGE SKY COVER 0.25
NUMBER OF DAYS FAIR 21
NUMBER OF DAYS PC 9
NUMBER OF DAYS CLOUDY 1
AVERAGE RH (PERCENT) 61
WEATHER CONDITIONS. NUMBER OF DAYS WITH
THUNDERSTORM 0 MIXED PRECIP 0
HEAVY RAIN 1 RAIN 4
LIGHT RAIN 11 FREEZING RAIN 0
LT FREEZING RAIN 0 HAIL 0
HEAVY SNOW 0 SNOW 0
LIGHT SNOW 1 SLEET 0
FOG 5 FOG W/VIS <= 1/4 MILE 0
HAZE 1
- INDICATES NEGATIVE NUMBERS.
R INDICATES RECORD WAS SET OR TIED.
MM INDICATES DATA IS MISSING.
T INDICATES TRACE AMOUNT.
$$