000
CXUS51 KALY 020445
CLMPOU
CLIMATE REPORT
NATIONAL WEATHER SERVICE ALBANY NY
1245 AM EDT SUN APR 02 2023
...................................
...THE POUGHKEEPSIE NY CLIMATE SUMMARY FOR THE MONTH OF MARCH 2023...
CLIMATE NORMAL PERIOD: 1991 TO 2020
CLIMATE RECORD PERIOD: 1931 TO 2023
WEATHER OBSERVED NORMAL DEPART LAST YEAR`S
VALUE DATE(S) VALUE FROM VALUE DATE(S)
NORMAL
................................................................
TEMPERATURE (F)
RECORD
HIGH 86 03/31/1998
LOW -13 03/19/1967
HIGHEST 64 03/22 73 03/18
LOWEST 20 03/01 12 03/04
AVG. MAXIMUM 49.5 47.9 1.6 51.0
AVG. MINIMUM 28.9 27.4 1.5 29.8
MEAN 39.2 37.6 1.6 40.4
DAYS MAX >= 90 0 0.0 0.0 0
DAYS MAX <= 32 0 1.7 -1.7 1
DAYS MIN <= 32 21 22.3 -1.3 21
DAYS MIN <= 0 0 0.3 -0.3 0
PRECIPITATION (INCHES)
RECORD
MAXIMUM 7.39 1983
MINIMUM 0.15 1981
TOTALS 3.39 3.09 0.30 2.87
DAILY AVG. 0.11 0.09
DAYS >= .01 11 11.2 -0.2 14
DAYS >= .10 9 6.6 2.4 10
DAYS >= .50 1 1.8 -0.8 1
DAYS >= 1.00 1 0.6 0.4 0
GREATEST
24 HR. TOTAL 1.56 03/13 TO 03/14
DEGREE DAYS
HEATING TOTAL 792 848 -56 755
SINCE 7/1 4570 5269 -699 4812
COOLING TOTAL 0 0 0 0
SINCE 1/1 0 0 0 0
................................................................
WIND (MPH)
AVERAGE WIND SPEED 6.0
HIGHEST WIND SPEED/DIRECTION 29/320 DATE 03/07
HIGHEST GUST SPEED/DIRECTION 40/280 DATE 03/29
SKY COVER
AVERAGE SKY COVER 0.47
AVERAGE RH (PERCENT) 63
WEATHER CONDITIONS. NUMBER OF DAYS WITH
THUNDERSTORM 0 MIXED PRECIP 0
HEAVY RAIN 0 RAIN 5
LIGHT RAIN 10 FREEZING RAIN 0
LT FREEZING RAIN 0 HAIL 0
HEAVY SNOW 0 SNOW 1
LIGHT SNOW 6 SLEET 0
FOG 12 FOG W/VIS <= 1/4 MILE 1
HAZE 4
- INDICATES NEGATIVE NUMBERS.
R INDICATES RECORD WAS SET OR TIED.
MM INDICATES DATA IS MISSING.
T INDICATES TRACE AMOUNT.
$$