676
CXUS56 KLOX 011255
CF6PRB
PRELIMINARY LOCAL CLIMATOLOGICAL DATA (WS FORM: F-6)
STATION: PASO ROBLES AIRPORT CA
MONTH: FEBRUARY
YEAR: 2021
LATITUDE: 35 40 N
LONGITUDE: 120 38 W
TEMPERATURE IN F: :PCPN: SNOW: WIND :SUNSHINE: SKY :PK WND
================================================================================
1 2 3 4 5 6A 6B 7 8 9 10 11 12 13 14 15 16 17 18
12Z AVG MX 2MIN
DY MAX MIN AVG DEP HDD CDD WTR SNW DPTH SPD SPD DIR MIN PSBL S-S WX SPD DR
================================================================================
1 66 43 55 7 10 0 0.00 M M 5.6 17 220 M M 3 23 220
2 68 38 53 5 12 0 0.00 M M 4.1 15 330 M M 1 20 320
3 60 40 50 1 15 0 T M M 9.9 18 320 M M 5 21 320
4 61 35 48 -1 17 0 0.00 M M 5.0 17 130 M M 1 12 20 130
5 68 33 51 2 14 0 0.00 M M 3.8 13 90 M M 0 16 90
6 70 34 52 3 13 0 0.00 M M 3.6 13 90 M M 0 1 16 120
7 75 35 55 6 10 0 0.00 M M 4.3 14 90 M M 0 1 17 90
8 72 35 54 5 11 0 0.00 M M 3.6 13 190 M M 0 18 16 180
9 58 45 52 3 13 0 T M M 4.6 12 190 M M 4 1 13 200
10 67 45 56 6 9 0 0.00 M M 4.6 14 310 M M 5 12 16 330
11 64 39 52 2 13 0 T M M 2.3 15 330 M M 3 12 17 340
12 64 46 55 5 10 0 0.03 M M 9.8 23 330 M M 4 1 29 320
13 63 41 52 2 13 0 0.00 M M 10.4 24 330 M M 1 33 310
14 61 42 52 2 13 0 0.00 M M 10.0 24 330 M M 4 27 320
15 68 45 57 7 8 0 0.00 M M 6.1 21 310 M M 4 28 310
16 63 43 53 3 12 0 0.00 M M 13.2 24 320 M M 2 28 320
17 65 35 50 0 15 0 0.00 M M 7.2 21 330 M M 3 12 26 310
18 69 30 50 -1 15 0 0.00 M M 2.7 13 210 M M 0 16 200
19 71 33 52 1 13 0 0.00 M M 4.9 22 310 M M 0 27 300
20 60 39 50 -1 15 0 0.00 M M 12.0 24 330 M M 1 29 320
21 67 31 49 -2 16 0 0.00 M M 4.3 14 90 M M 0 16 90
22 73 33 53 2 12 0 0.00 M M 6.3 18 80 M M 0 22 80
23 74 37 56 5 9 0 0.00 M M 5.1 13 90 M M 0 16 320
24 74 32 53 2 12 0 0.00 M M 5.9 21 320 M M 0 24 330
25 67 29 48 -4 17 0 0.00 M M 4.4 16 80 M M 0 22 80
26 71 29 50 -2 15 0 0.00 M M 6.1 17 310 M M 0 23 300
27 66 34 50 -2 15 0 0.00 M M 10.2 22 320 M M 1 27 300
28 70 28 49 -3 16 0 0.00 M M 3.3 14 200 M M 0 17 200
================================================================================
SM 1875 1029 363 0 0.03 M 173.3 M 42
================================================================================
AV 67.0 36.8 6.2 FASTST M M 2 MAX(MPH)
MISC ----> # 24 330 33 310
================================================================================
NOTES:
# LAST OF SEVERAL OCCURRENCES
COLUMN 17 PEAK WIND IN M.P.H.
PRELIMINARY LOCAL CLIMATOLOGICAL DATA (WS FORM: F-6) , PAGE 2
STATION: PASO ROBLES AIRPORT CA
MONTH: FEBRUARY
YEAR: 2021
LATITUDE: 35 40 N
LONGITUDE: 120 38 W
[TEMPERATURE DATA] [PRECIPITATION DATA] SYMBOLS USED IN COLUMN 16
AVERAGE MONTHLY: 51.9 TOTAL FOR MONTH: 0.03 1 = FOG OR MIST
DPTR FM NORMAL: 1.8 DPTR FM NORMAL: -2.56 2 = FOG REDUCING VISIBILITY
HIGHEST: 75 ON 7 GRTST 24HR 0.03 ON 11-12 TO 1/4 MILE OR LESS
LOWEST: 28 ON 28 3 = THUNDER
SNOW, ICE PELLETS, HAIL 4 = ICE PELLETS
TOTAL MONTH: M 5 = HAIL
GRTST 24HR M ON M 6 = FREEZING RAIN OR DRIZZLE
GRTST DEPTH: M ON M 7 = DUSTSTORM OR SANDSTORM:
VSBY 1/2 MILE OR LESS
8 = SMOKE OR HAZE
[NO. OF DAYS WITH] [WEATHER - DAYS WITH] 9 = BLOWING SNOW
X = TORNADO
MAX 32 OR BELOW: 0 0.01 INCH OR MORE: 1
MAX 90 OR ABOVE: 0 0.10 INCH OR MORE: 0
MIN 32 OR BELOW: 6 0.50 INCH OR MORE: 0
MIN 0 OR BELOW: 0 1.00 INCH OR MORE: 0
[HDD (BASE 65) ]
TOTAL THIS MO. 363 CLEAR (SCALE 0-3) 21
DPTR FM NORMAL -54 PTCLDY (SCALE 4-7) 7
TOTAL FM JUL 1 1781 CLOUDY (SCALE 8-10) 0
DPTR FM NORMAL -312
[CDD (BASE 65) ]
TOTAL THIS MO. 0
DPTR FM NORMAL 0 [PRESSURE DATA]
TOTAL FM JAN 1 0 HIGHEST SLP 30.45 ON 21
DPTR FM NORMAL 0 LOWEST SLP 29.89 ON 7
[REMARKS]
#FINAL-02-21#