000
CXUS54 KFWD 010730
CF6PRX
PRELIMINARY LOCAL CLIMATOLOGICAL DATA (WS FORM: F-6)
STATION: PARIS
MONTH: MARCH
YEAR: 2023
LATITUDE: 33 37 N
LONGITUDE: 95 27 W
TEMPERATURE IN F: :PCPN: SNOW: WIND :SUNSHINE: SKY :PK WND
================================================================================
1 2 3 4 5 6A 6B 7 8 9 10 11 12 13 14 15 16 17 18
12Z AVG MX 2MIN
DY MAX MIN AVG DEP HDD CDD WTR SNW DPTH SPD SPD DIR MIN PSBL S-S WX SPD DR
================================================================================
1 73 62 68 17 0 3 0.24 M M 6.2 13 60 M M 7 123 M M
2 74 55 65 13 0 0 0.87 M M 11.9 37 300 M M 8 123 56 320
3 61 45 53 1 12 0 0.54 M M 11.3 28 260 M M 6 1 40 270
4 69 43 56 4 9 0 0.00 M M 8.3 13 130 M M 0 M M
5 77 48 63 11 2 0 0.00 M M 11.0 20 190 M M 0 22 170
6 79 53 66 13 0 1 0.00 M M 8.8 15 190 M M 0 20 190
7 75 55 65 12 0 0 T M M 6.4 14 90 M M 5 12 M M
8 67 53 60 7 5 0 0.84 M M 8.2 21 80 M M 10 1 20 300
9 66 53 60 6 5 0 0.67 M M 9.8 16 350 M M 10 13 22 350
10 64 44 54 0 11 0 0.00 M M 8.3 20 10 M M 1 24 10
11 78 53 66 12 0 1 0.00 M M 11.1 18 210 M M 7 1 30 220
12 63 47 55 1 10 0 T M M 15.2 23 10 M M 4 1 33 350
13 58 40 49 -6 16 0 T M M 9.3 15 360 M M 2 18 340
14 57 40 49 -6 16 0 T M M 8.0 15 90 M M 4 M M
15 66 39 53 -2 12 0 0.00 M M 12.9 20 140 M M 3 27 180
16 66 42 54 -2 11 0 0.80 M M 16.5 32 330 M M 10 13 40 330
17 53 37 45 -11 20 0 T M M 14.8 25 350 M M 2 35 340
18 50 35 43 -13 22 0 0.00 M M 10.7 21 350 M M 0 29 340
19 50 27 39 -17 26 0 0.00 M M 6.3 14 10 M M 0 16 340
20 59 31 45 -12 20 0 0.00 M M 10.9 20 190 M M 4 25 150
21 63 48 56 -1 9 0 0.05 M M 10.3 14 160 M M 10 1 M M
22 80 63 72 15 0 7 0.01 M M 12.8 18 190 M M 8 24 200
23 85 63 74 16 0 9 0.00 M M 11.5 18 180 M M 8 25 190
24 72 51 62 4 3 0 1.55 M M 9.5 20 300 M M 7 13 25 300
25 73 44 59 1 6 0 T M M 6.3 16 220 M M 0 1 21 240
26 79 47 63 5 2 0 0.00 M M 6.7 18 350 M M 0 30 360
27 72 43 58 -1 7 0 T M M 7.2 14 350 M M 2 8 M M
28 64 46 55 -4 10 0 0.00 M M 12.2 21 340 M M 1 25 340
29 68 42 55 -4 10 0 T M M 8.5 17 130 M M 4 8 21 150
30 71 56 64 4 1 0 T M M 14.0 24 160 M M 8 33 160
31 81 59 70 10 0 5 0.33 M M 15.6 25 200 M M 7 3 49 260
================================================================================
SM 2113 1464 245 26 5.90 M 320.4 M 138
================================================================================
AV 68.2 47.2 10.3 FASTST M M 4 MAX(MPH)
MISC ----> 37 300 56 320
================================================================================
NOTES:
# LAST OF SEVERAL OCCURRENCES
COLUMN 17 PEAK WIND IN M.P.H.
PRELIMINARY LOCAL CLIMATOLOGICAL DATA (WS FORM: F-6) , PAGE 2
STATION: PARIS
MONTH: MARCH
YEAR: 2023
LATITUDE: 33 37 N
LONGITUDE: 95 27 W
[TEMPERATURE DATA] [PRECIPITATION DATA] SYMBOLS USED IN COLUMN 16
AVERAGE MONTHLY: 57.7 TOTAL FOR MONTH: 5.90 1 = FOG OR MIST
DPTR FM NORMAL: 2.1 DPTR FM NORMAL: 1.46 2 = FOG REDUCING VISIBILITY
HIGHEST: 85 ON 23 GRTST 24HR 1.55 ON 24-24 TO 1/4 MILE OR LESS
LOWEST: 27 ON 19 3 = THUNDER
SNOW, ICE PELLETS, HAIL 4 = ICE PELLETS
TOTAL MONTH: M 5 = HAIL
GRTST 24HR M ON M 6 = FREEZING RAIN OR DRIZZLE
GRTST DEPTH: M ON M 7 = DUSTSTORM OR SANDSTORM:
VSBY 1/2 MILE OR LESS
8 = SMOKE OR HAZE
[NO. OF DAYS WITH] [WEATHER - DAYS WITH] 9 = BLOWING SNOW
X = TORNADO
MAX 32 OR BELOW: 0 0.01 INCH OR MORE: 10
MAX 90 OR ABOVE: 0 0.10 INCH OR MORE: 8
MIN 32 OR BELOW: 2 0.50 INCH OR MORE: 6
MIN 0 OR BELOW: 0 1.00 INCH OR MORE: 1
[HDD (BASE 65) ]
TOTAL THIS MO. 245 CLEAR (SCALE 0-3) 13
DPTR FM NORMAL -69 PTCLDY (SCALE 4-7) 12
TOTAL FM JUL 1 2174 CLOUDY (SCALE 8-10) 6
DPTR FM NORMAL -381
[CDD (BASE 65) ]
TOTAL THIS MO. 26
DPTR FM NORMAL 3 [PRESSURE DATA]
TOTAL FM JAN 1 38 HIGHEST SLP 30.60 ON 19
DPTR FM NORMAL 12 LOWEST SLP 29.30 ON 2
[REMARKS]
#FINAL-03-23#