000
CXUS54 KFWD 010731
CF6PRX
PRELIMINARY LOCAL CLIMATOLOGICAL DATA (WS FORM: F-6)
STATION: PARIS
MONTH: OCTOBER
YEAR: 2023
LATITUDE: 33 37 N
LONGITUDE: 95 27 W
TEMPERATURE IN F: :PCPN: SNOW: WIND :SUNSHINE: SKY :PK WND
================================================================================
1 2 3 4 5 6A 6B 7 8 9 10 11 12 13 14 15 16 17 18
12Z AVG MX 2MIN
DY MAX MIN AVG DEP HDD CDD WTR SNW DPTH SPD SPD DIR MIN PSBL S-S WX SPD DR
================================================================================
1 90 65 78 7 0 13 0.00 M M 6.6 10 130 M M 1 M M
2 89 65 77 7 0 12 0.00 M M 7.3 15 80 M M 2 20 80
3 89 66 78 8 0 13 0.00 M M 8.5 15 80 M M 0 18 130
4 84 68 76 6 0 11 1.59 M M 9.2 20 10 M M 9 13 30 30
5 81 65 73 3 0 8 0.09 M M 8.1 24 90 M M 6 31 80
6 84 60 72 3 0 7 0.00 M M 9.5 20 350 M M 1 23 350
7 69 50 60 -9 5 0 0.00 M M 8.5 15 340 M M 2 8 25 350
8 77 43 60 -8 5 0 0.00 M M 4.8 9 210 M M 0 M M
9 86 53 70 2 0 5 0.00 M M 7.5 12 240 M M 0 M M
10 85 57 71 3 0 6 0.00 M M 7.2 14 180 M M 0 M M
11 77 64 71 3 0 6 0.00 M M 10.8 17 170 M M 5 24 170
12 76 57 67 0 0 2 0.00 M M 12.2 17 130 M M 9 22 140
13 77 59 68 1 0 3 T M M 11.1 16 330 M M 5 1 24 320
14 66 50 58 -9 7 0 0.00 M M 10.8 20 320 M M 0 22 300
15 63 48 56 -10 9 0 0.00 M M 11.2 22 330 M M 6 25 330
16 65 44 55 -11 10 0 0.21 M M 7.2 16 350 M M 1 8 20 320
17 73 41 57 -9 8 0 0.00 M M 4.1 9 180 M M 0 M M
18 79 46 63 -2 2 0 0.00 M M 9.4 17 190 M M 0 23 170
19 81 51 66 1 0 1 0.00 M M 5.8 13 310 M M 0 8 M M
20 88 51 70 5 0 5 0.00 M M 4.9 12 340 M M 0 M M
21 88 52 70 6 0 5 0.00 M M 6.1 10 200 M M 0 8 M M
22 79 58 69 5 0 4 0.00 M M 9.2 14 110 M M 0 M M
23 76 64 70 6 0 5 T M M 9.0 17 160 M M 5 M M
24 78 68 73 10 0 8 T M M 11.8 20 150 M M 6 25 160
25 83 66 75 12 0 10 0.75 M M 10.8 17 140 M M 6 1 26 140
26 72 66 69 6 0 4 1.18 M M 9.0 16 240 M M 10 1 23 210
27 86 63 75 13 0 10 0.12 M M 8.1 13 340 M M 9 1 M M
28 63 56 60 -2 5 0 1.08 M M 6.3 13 320 M M 10 13 M M
29 56 40 48 -14 17 0 0.71 M M 13.8 18 340 M M 10 1 25 340
30 50 36 43 -18 22 0 0.27 M M 14.2 21 340 M M 4 30 350
31 58 29 44 -17 21 0 0.00 M M 8.9 16 330 M M 0 22 350
================================================================================
SM 2368 1701 111 138 6.00 M 271.7 M 107
================================================================================
AV 76.4 54.9 8.8 FASTST M M 3 MAX(MPH)
MISC ----> 24 90 31 80
================================================================================
NOTES:
# LAST OF SEVERAL OCCURRENCES
COLUMN 17 PEAK WIND IN M.P.H.
PRELIMINARY LOCAL CLIMATOLOGICAL DATA (WS FORM: F-6) , PAGE 2
STATION: PARIS
MONTH: OCTOBER
YEAR: 2023
LATITUDE: 33 37 N
LONGITUDE: 95 27 W
[TEMPERATURE DATA] [PRECIPITATION DATA] SYMBOLS USED IN COLUMN 16
AVERAGE MONTHLY: 65.6 TOTAL FOR MONTH: 6.00 1 = FOG OR MIST
DPTR FM NORMAL: -0.3 DPTR FM NORMAL: 0.90 2 = FOG REDUCING VISIBILITY
HIGHEST: 90 ON 1 GRTST 24HR 1.93 ON 25-26 TO 1/4 MILE OR LESS
LOWEST: 29 ON 31 3 = THUNDER
SNOW, ICE PELLETS, HAIL 4 = ICE PELLETS
TOTAL MONTH: M 5 = HAIL
GRTST 24HR M ON M 6 = FREEZING RAIN OR DRIZZLE
GRTST DEPTH: M ON M 7 = DUSTSTORM OR SANDSTORM:
VSBY 1/2 MILE OR LESS
8 = SMOKE OR HAZE
[NO. OF DAYS WITH] [WEATHER - DAYS WITH] 9 = BLOWING SNOW
X = TORNADO
MAX 32 OR BELOW: 0 0.01 INCH OR MORE: 9
MAX 90 OR ABOVE: 1 0.10 INCH OR MORE: 8
MIN 32 OR BELOW: 1 0.50 INCH OR MORE: 5
MIN 0 OR BELOW: 0 1.00 INCH OR MORE: 3
[HDD (BASE 65) ]
TOTAL THIS MO. 111 CLEAR (SCALE 0-3) 17
DPTR FM NORMAL 20 PTCLDY (SCALE 4-7) 8
TOTAL FM JUL 1 111 CLOUDY (SCALE 8-10) 6
DPTR FM NORMAL 9
[CDD (BASE 65) ]
TOTAL THIS MO. 138
DPTR FM NORMAL 19 [PRESSURE DATA]
TOTAL FM JAN 1 2619 HIGHEST SLP 30.42 ON 30
DPTR FM NORMAL 99 LOWEST SLP 29.63 ON 12
[REMARKS]
#FINAL-10-23#