000
CXUS56 KPDT 031615
CF6PSC
PRELIMINARY LOCAL CLIMATOLOGICAL DATA (WS FORM: F-6)
STATION: PASCO WA
MONTH: JANUARY
YEAR: 2024
LATITUDE: 46 16 N
LONGITUDE: 119 7 W
TEMPERATURE IN F: :PCPN: SNOW: WIND :SUNSHINE: SKY :PK WND
================================================================================
1 2 3 4 5 6A 6B 7 8 9 10 11 12 13 14 15 16 17 18
12Z AVG MX 2MIN
DY MAX MIN AVG DEP HDD CDD WTR SNW DPTH SPD SPD DIR MIN PSBL S-S WX SPD DR
================================================================================
1 41 37 39 6 26 0 0.00 M M 2.7 10 120 M M 10 1 13 120
2 41 36 39 6 26 0 0.14 M M 0.9 6 360 M M 10 1 7 110
3 43 33 38 4 27 0 0.13 M M 4.9 9 190 M M 9 1 12 190
4 48 33 41 7 24 0 T M M 2.5 10 330 M M 7 1 15 160
5 50 29 40 6 25 0 0.00 M M 8.2 24 240 M M 1 1 36 250
6 49 31 40 6 25 0 0.00 M M 10.2 26 220 M M 7 37 230
7 47 23 35 1 30 0 0.00 M M 2.2 9 340 M M 2 12 340
8 41 24 33 -1 32 0 0.13 M M 2.8 9 110 M M 8 1 12 120
9 52 38 45 11 20 0 0.02 M M 24.1 40 230 M M 2 55 230
10 44 27 36 2 29 0 0.18 M M 7.3 20 250 M M 5 1 26 230
11 47 17 32 -2 33 0 T M M 13.5 28 230 M M 4 15 40 230
12 18 5 12 -22 53 0 T M M 15.4 26 350 M M 9 8 33 340
13 12 2 7 -27 58 0 0.00 M M 12.9 21 360 M M 3 27 360
14 19 4 12 -22 53 0 0.00 M M 4.1 10 200 M M 4 14 300
15 20 2 11 -23 54 0 0.00 M M 4.3 10 320 M M 0 14 360
16 19 4 12 -23 53 0 M M M 2.3 9 120 M M 1 1 12 110
17 21 9 15 -20 50 0 M M M 2.7 13 170 M M 8 168 15 170
18 26 7 17 -18 48 0 M M M 11.1 17 340 M M 9 1 22 330
19 30 26 28 -7 37 0 M M M 5.7 10 300 M M 10 146 13 300
20 32 27 30 -5 35 0 M M M 1.7 6 140 M M 10 168 6 100
21 35 30 33 -2 32 0 0.11 M M 3.2 7 10 M M 10 168 8 100
22 39 33 36 1 29 0 0.09 M M 2.5 9 120 M M 9 18 11 130
23 36 33 35 0 30 0 0.01 M M 1.8 9 330 M M 10 12 11 320
24 37 32 35 0 30 0 0.07 M M 2.2 8 110 M M 10 12 10 120
25 36 33 35 0 30 0 0.00 M M 1.8 6 20 M M 10 12 7 90
26 38 31 35 -1 30 0 0.05 M M 3.2 8 340 M M 10 12 9 330
27 43 34 39 3 26 0 0.20 M M 1.3 8 140 M M 10 12 9 130
28 50 35 43 7 22 0 0.01 M M 3.2 12 300 M M 7 12 13 310
29 44 35 40 4 25 0 0.00 M M 2.3 8 130 M M 9 12 9 130
30 43 31 37 1 28 0 0.00 M M 2.8 9 100 M M 8 12 12 120
31 45 33 39 3 26 0 0.07 M M 3.3 10 280 M M 9 12 14 300
================================================================================
SM 1146 774 1046 0 1.21 M 167.1 M 221
================================================================================
AV 37.0 25.0 5.4 FASTST M M 7 MAX(MPH)
MISC ----> 40 230 55 230
================================================================================
NOTES:
# LAST OF SEVERAL OCCURRENCES
COLUMN 17 PEAK WIND IN M.P.H.
PRELIMINARY LOCAL CLIMATOLOGICAL DATA (WS FORM: F-6) , PAGE 2
STATION: PASCO WA
MONTH: JANUARY
YEAR: 2024
LATITUDE: 46 16 N
LONGITUDE: 119 7 W
[TEMPERATURE DATA] [PRECIPITATION DATA] SYMBOLS USED IN COLUMN 16
AVERAGE MONTHLY: 31.0 TOTAL FOR MONTH: 1.21 1 = FOG OR MIST
DPTR FM NORMAL: -3.6 DPTR FM NORMAL: 0.18 2 = FOG REDUCING VISIBILITY
HIGHEST: 52 ON 9 GRTST 24HR 0.52 ON 21-22 TO 1/4 MILE OR LESS
LOWEST: 2 ON 15,13 3 = THUNDER
SNOW, ICE PELLETS, HAIL 4 = ICE PELLETS
TOTAL MONTH: M 5 = HAIL
GRTST 24HR M ON M 6 = FREEZING RAIN OR DRIZZLE
GRTST DEPTH: M ON M 7 = DUSTSTORM OR SANDSTORM:
VSBY 1/2 MILE OR LESS
8 = SMOKE OR HAZE
[NO. OF DAYS WITH] [WEATHER - DAYS WITH] 9 = BLOWING SNOW
X = TORNADO
MAX 32 OR BELOW: 9 0.01 INCH OR MORE: 13
MAX 90 OR ABOVE: 0 0.10 INCH OR MORE: 6
MIN 32 OR BELOW: 19 0.50 INCH OR MORE: 0
MIN 0 OR BELOW: 0 1.00 INCH OR MORE: 0
[HDD (BASE 65) ]
TOTAL THIS MO. 1046 CLEAR (SCALE 0-3) 5
DPTR FM NORMAL 104 PTCLDY (SCALE 4-7) 9
TOTAL FM JUL 1 3042 CLOUDY (SCALE 8-10) 17
DPTR FM NORMAL -75
[CDD (BASE 65) ]
TOTAL THIS MO. 0
DPTR FM NORMAL 0 [PRESSURE DATA]
TOTAL FM JAN 1 0 HIGHEST SLP 30.80 ON 15
DPTR FM NORMAL 0 LOWEST SLP 29.54 ON 10
[REMARKS]
#FINAL-01-24#