457
CXUS55 KALY 010710
CF6PSF
PRELIMINARY LOCAL CLIMATOLOGICAL DATA (WS FORM: F-6)
STATION: PITTSFIELD MA
MONTH: MAY
YEAR: 2020
LATITUDE: 42 25 N
LONGITUDE: 73 18 W
TEMPERATURE IN F: :PCPN: SNOW: WIND :SUNSHINE: SKY :PK WND
================================================================================
1 2 3 4 5 6A 6B 7 8 9 10 11 12 13 14 15 16 17 18
12Z AVG MX 2MIN
DY MAX MIN AVG DEP HDD CDD WTR SNW DPTH SPD SPD DIR MIN PSBL S-S WX SPD DR
================================================================================
1 62 49 56 6 9 0 0.39 M M 7.1 18 330 M M 10 1 29 290
2 69 41 55 4 10 0 T M M 7.9 20 300 M M 3 26 280
3 75 49 62 11 3 0 0.00 M M 8.2 26 280 M M 4 39 280
4 60 42 51 0 14 0 T M M 13.7 25 290 M M 6 34 310
5 54 35 45 -7 20 0 0.00 M M 8.4 20 300 M M 1 29 300
6 57 30 44 -8 21 0 T M M 4.0 12 320 M M 6 18 60
7 62 34 48 -4 17 0 0.07 M M 9.6 26 230 M M 4 1 35 220
8 54 32 43 -9 22 0 0.13 M M 9.6 18 290 M M 6 1 26 300
9 39 29 34 -19 31 0 T M M 20.2 35 270 M M 8 18 48 300
10 55 33 44 -9 21 0 0.00 M M 12.3 28 250 M M 7 40 260
11 52 31 42 -11 23 0 0.26 M M 8.3 28 290 M M 7 1 37 280
12 49 33 41 -13 24 0 T M M 16.1 31 280 M M 8 40 270
13 55 29 42 -12 23 0 0.00 M M 10.4 25 290 M M 2 32 270
14 67 30 49 -5 16 0 T M M 5.6 17 270 M M 3 23 260
15 80 52 66 11 0 1 0.65 M M 7.5 40 270 M M 8 138 54 280
16 71 53 62 7 3 0 T M M 8.1 21 290 M M 5 25 290
17 70 52 61 6 4 0 0.01 M M 5.4 12 260 M M 8 21 230
18 65 47 56 0 9 0 0.05 M M 2.6 9 130 M M 8 1 13 40
19 66 43 55 -1 10 0 0.00 M M 7.5 17 90 M M 0 1 28 100
20 70 39 55 -1 10 0 0.00 M M 5.2 16 140 M M 0 20 120
21 75 36 56 0 9 0 0.00 M M 4.8 14 240 M M 0 20 240
22 79 46 63 6 2 0 0.00 M M 4.9 15 230 M M 1 1 20 270
23 78 50 64 7 1 0 0.02 M M 6.4 17 50 M M 6 1 23 50
24 74 45 60 3 5 0 0.00 M M 7.3 14 130 M M 0 20 140
25 75 46 61 3 4 0 0.00 M M 4.8 16 190 M M 5 1 22 200
26 86 58 72 14 0 7 0.00 M M 3.5 12 170 M M 4 1 17 170
27 85 58 72 14 0 7 0.00 M M 5.5 15 210 M M 1 12 21 200
28 76 63 70 12 0 5 0.02 M M 7.9 18 180 M M 9 18 26 170
29 83 68 76 17 0 11 0.01 M M 11.5 23 200 M M 7 31 200
30 74 55 65 6 0 0 0.01 M M 10.8 30 270 M M 7 43 280
31 60 43 52 -7 13 0 T M M 9.5 22 290 M M 7 31 300
================================================================================
SM 2077 1351 324 31 1.62 M 254.6 M 151
================================================================================
AV 67.0 43.6 8.2 FASTST M M 5 MAX(MPH)
MISC ----> 40 270 54 280
================================================================================
NOTES:
# LAST OF SEVERAL OCCURRENCES
COLUMN 17 PEAK WIND IN M.P.H.
PRELIMINARY LOCAL CLIMATOLOGICAL DATA (WS FORM: F-6) , PAGE 2
STATION: PITTSFIELD MA
MONTH: MAY
YEAR: 2020
LATITUDE: 42 25 N
LONGITUDE: 73 18 W
[TEMPERATURE DATA] [PRECIPITATION DATA] SYMBOLS USED IN COLUMN 16
AVERAGE MONTHLY: 55.3 TOTAL FOR MONTH: 1.62 1 = FOG OR MIST
DPTR FM NORMAL: 0.4 DPTR FM NORMAL: -2.59 2 = FOG REDUCING VISIBILITY
HIGHEST: 86 ON 26 GRTST 24HR 0.65 ON 15-15 TO 1/4 MILE OR LESS
LOWEST: 29 ON 13, 9 3 = THUNDER
SNOW, ICE PELLETS, HAIL 4 = ICE PELLETS
TOTAL MONTH: M 5 = HAIL
GRTST 24HR M ON M 6 = FREEZING RAIN OR DRIZZLE
GRTST DEPTH: M ON M 7 = DUSTSTORM OR SANDSTORM:
VSBY 1/2 MILE OR LESS
8 = SMOKE OR HAZE
[NO. OF DAYS WITH] [WEATHER - DAYS WITH] 9 = BLOWING SNOW
X = TORNADO
MAX 32 OR BELOW: 0 0.01 INCH OR MORE: 11
MAX 90 OR ABOVE: 0 0.10 INCH OR MORE: 4
MIN 32 OR BELOW: 6 0.50 INCH OR MORE: 1
MIN 0 OR BELOW: 0 1.00 INCH OR MORE: 0
[HDD (BASE 65) ]
TOTAL THIS MO. 324 CLEAR (SCALE 0-3) 10
DPTR FM NORMAL -1 PTCLDY (SCALE 4-7) 17
TOTAL FM JUL 1 6618 CLOUDY (SCALE 8-10) 4
DPTR FM NORMAL -742
[CDD (BASE 65) ]
TOTAL THIS MO. 31
DPTR FM NORMAL 20 [PRESSURE DATA]
TOTAL FM JAN 1 31 HIGHEST SLP M ON M
DPTR FM NORMAL 18 LOWEST SLP 29.55 ON 9
[REMARKS]
#FINAL-05-20#