000
CXUS54 KFWD 010831
CF6PSN
PRELIMINARY LOCAL CLIMATOLOGICAL DATA (WS FORM: F-6)
STATION: PALESTINE
MONTH: NOVEMBER
YEAR: 2021
LATITUDE: 31 46 N
LONGITUDE: 95 42 W
TEMPERATURE IN F: :PCPN: SNOW: WIND :SUNSHINE: SKY :PK WND
================================================================================
1 2 3 4 5 6A 6B 7 8 9 10 11 12 13 14 15 16 17 18
12Z AVG MX 2MIN
DY MAX MIN AVG DEP HDD CDD WTR SNW DPTH SPD SPD DIR MIN PSBL S-S WX SPD DR
================================================================================
1 79 48 64 3 1 0 0.00 M M 4.0 10 210 M M 3 M M
2 77 50 64 3 1 0 0.00 M M 3.9 12 100 M M 6 8 17 80
3 63 46 55 -5 10 0 0.35 M M 8.0 15 40 M M 10 1 23 40
4 61 43 52 -8 13 0 0.00 M M 7.7 13 10 M M 5 18 10
5 61 36 49 -11 16 0 0.00 M M 3.7 10 70 M M 2 15 99
6 68 36 52 -7 13 0 0.00 M M 0.9 6 150 M M 1 M M
7 72 45 59 0 6 0 0.00 M M 4.9 9 200 M M 1 1 12 210
8 75 48 62 3 3 0 0.00 M M 5.9 10 170 M M 1 1 16 170
9 75 54 65 7 0 0 0.00 M M 4.6 8 170 M M 2 13 200
10 77 59 68 10 0 3 0.00 M M 8.2 15 160 M M 9 1 21 160
11 70 45 58 0 7 0 1.05 M M 7.8 14 330 M M 2 138 28 290
12 70 37 54 -3 11 0 0.00 M M 3.9 13 310 M M 1 17 320
13 63 32 48 -9 17 0 0.00 M M 2.1 8 300 M M 3 12 320
14 75 43 59 3 6 0 0.00 M M 4.8 13 190 M M 3 16 240
15 81 50 66 10 0 1 0.00 M M 6.5 15 200 M M 5 18 21 200
16 79 61 70 14 0 5 0.00 M M 10.2 18 210 M M 6 1 29 210
17 82 63 73 18 0 8 0.00 M M 9.5 20 200 M M 6 28 200
18 66 41 54 -1 11 0 0.00 M M 11.0 18 340 M M 4 31 20
19 64 39 52 -2 13 0 0.00 M M 5.0 12 110 M M 1 17 110
20 68 45 57 3 8 0 0.00 M M 7.0 15 190 M M 7 17 180
21 73 54 64 10 1 0 0.00 M M 8.5 14 330 M M 10 1 20 330
22 68 39 54 1 11 0 0.00 M M 5.2 12 350 M M 0 17 350
23 68 36 52 -1 13 0 0.00 M M 5.9 12 200 M M 3 17 150
24 75 54 65 12 0 0 0.00 M M 10.0 18 190 M M 9 23 190
25 68 43 56 4 9 0 0.87 M M 9.5 20 350 M M 5 1 28 340
26 52 37 45 -7 20 0 0.00 M M 3.6 10 50 M M 0 M M
27 54 36 45 -7 20 0 0.26 M M 3.8 8 M M M 5 1 M M
28 66 43 55 4 10 0 0.01 M M 3.7 10 10 M M 5 12 15 99
29 70 36 53 2 12 0 0.00 M M 3.1 9 220 M M 1 16 220
30 72 46 59 8 6 0 0.00 M M 6.4 10 210 M M 0 15 220
================================================================================
SM 2092 1345 238 17 2.54 M 179.1 M 116
================================================================================
AV 69.7 44.8 6.0 FASTST M M 4 MAX(MPH)
MISC ----> 20 200 31 20
================================================================================
NOTES:
# LAST OF SEVERAL OCCURRENCES
COLUMN 17 PEAK WIND IN M.P.H.
PRELIMINARY LOCAL CLIMATOLOGICAL DATA (WS FORM: F-6) , PAGE 2
STATION: PALESTINE
MONTH: NOVEMBER
YEAR: 2021
LATITUDE: 31 46 N
LONGITUDE: 95 42 W
[TEMPERATURE DATA] [PRECIPITATION DATA] SYMBOLS USED IN COLUMN 16
AVERAGE MONTHLY: 57.3 TOTAL FOR MONTH: 2.54 1 = FOG OR MIST
DPTR FM NORMAL: 1.4 DPTR FM NORMAL: -1.70 2 = FOG REDUCING VISIBILITY
HIGHEST: 82 ON 17 GRTST 24HR 1.05 ON 11-11 TO 1/4 MILE OR LESS
LOWEST: 32 ON 13 3 = THUNDER
SNOW, ICE PELLETS, HAIL 4 = ICE PELLETS
TOTAL MONTH: M 5 = HAIL
GRTST 24HR M ON M 6 = FREEZING RAIN OR DRIZZLE
GRTST DEPTH: M ON M 7 = DUSTSTORM OR SANDSTORM:
VSBY 1/2 MILE OR LESS
8 = SMOKE OR HAZE
[NO. OF DAYS WITH] [WEATHER - DAYS WITH] 9 = BLOWING SNOW
X = TORNADO
MAX 32 OR BELOW: 0 0.01 INCH OR MORE: 5
MAX 90 OR ABOVE: 0 0.10 INCH OR MORE: 4
MIN 32 OR BELOW: 1 0.50 INCH OR MORE: 2
MIN 0 OR BELOW: 0 1.00 INCH OR MORE: 1
[HDD (BASE 65) ]
TOTAL THIS MO. 238 CLEAR (SCALE 0-3) 15
DPTR FM NORMAL -60 PTCLDY (SCALE 4-7) 11
TOTAL FM JUL 1 276 CLOUDY (SCALE 8-10) 4
DPTR FM NORMAL -110
[CDD (BASE 65) ]
TOTAL THIS MO. 17
DPTR FM NORMAL -7 [PRESSURE DATA]
TOTAL FM JAN 1 2456 HIGHEST SLP M ON M
DPTR FM NORMAL 140 LOWEST SLP M ON M
[REMARKS]
#FINAL-11-21#