000
CXUS54 KFWD 010732
CF6PSN
PRELIMINARY LOCAL CLIMATOLOGICAL DATA (WS FORM: F-6)
STATION: PALESTINE
MONTH: AUGUST
YEAR: 2021
LATITUDE: 31 46 N
LONGITUDE: 95 42 W
TEMPERATURE IN F: :PCPN: SNOW: WIND :SUNSHINE: SKY :PK WND
================================================================================
1 2 3 4 5 6A 6B 7 8 9 10 11 12 13 14 15 16 17 18
12Z AVG MX 2MIN
DY MAX MIN AVG DEP HDD CDD WTR SNW DPTH SPD SPD DIR MIN PSBL S-S WX SPD DR
================================================================================
1 95 75 85 2 0 20 0.00 M M 4.1 9 250 M M 2 8 14 170
2 86 73 80 -3 0 15 0.58 M M 3.4 10 120 M M 6 1 14 320
3 90 73 82 -1 0 17 0.00 M M 4.9 12 360 M M 5 128 14 20
4 90 72 81 -2 0 16 0.00 M M 5.6 9 80 M M 2 18 15 80
5 88 70 79 -4 0 14 0.00 M M 3.5 8 150 M M 0 18 M M
6 91 66 79 -4 0 14 0.00 M M 3.1 8 160 M M 1 18 13 220
7 91 73 82 -1 0 17 0.12 M M 5.1 13 180 M M 4 1 17 180
8 93 75 84 1 0 19 0.00 M M 8.6 13 180 M M 4 1 21 190
9 95 77 86 3 0 21 0.00 M M 9.0 16 200 M M 4 1 23 220
10 95 77 86 3 0 21 0.00 M M 7.5 13 200 M M 4 1 16 210
11 95 75 85 2 0 20 0.00 M M 6.8 13 200 M M 4 1 16 99
12 95 75 85 2 0 20 0.00 M M 5.0 9 200 M M 3 1 16 99
13 95 75 85 2 0 20 0.00 M M 3.5 7 99 M M 2 M M
14 93 72 83 0 0 18 0.29 M M 3.3 10 50 M M 1 13 30 340
15 88 70 79 -4 0 14 M M M 2.2 14 80 M M 2 1 15 190
16 91 72 82 -1 0 17 M M M 2.0 8 160 M M 1 1 M M
17 93 73 83 0 0 18 0.55 M M 4.7 9 200 M M 4 13 20 360
18 90 73 82 -1 0 17 0.59 M M 5.7 9 120 M M 7 123 28 110
19 95 77 86 4 0 21 0.22 M M 6.6 14 210 M M 5 13 21 190
20 93 75 84 2 0 19 0.00 M M 6.3 13 170 M M 5 1 20 170
21 95 73 84 2 0 19 0.00 M M 4.9 10 220 M M 2 17 200
22 93 73 83 1 0 18 0.00 M M 3.7 9 210 M M 0 15 220
23 93 72 83 1 0 18 0.00 M M 3.6 8 170 M M 0 12 170
24 95 72 84 2 0 19 0.00 M M 3.0 8 220 M M 1 14 180
25 97 73 85 3 0 20 0.00 M M 1.5 7 99 M M 2 M M
26 97 75 86 5 0 21 0.00 M M 4.3 12 110 M M 3 18 15 40
27 93 73 83 2 0 18 0.00 M M 6.3 9 110 M M 4 18 14 140
28 91 73 82 1 0 17 0.00 M M 6.3 13 100 M M 4 18 20 80
29 93 73 83 2 0 18 0.00 M M 5.6 12 50 M M 4 8 13 99
30 93 72 83 2 0 18 0.00 M M 5.5 13 10 M M 1 1 18 330
31 97 72 85 5 0 20 0.00 M M 1.6 6 340 M M 0 M M
================================================================================
SM 2879 2269 0 564 2.35 M 147.3 M 87
================================================================================
AV 92.9 73.2 4.8 FASTST M M 3 MAX(MPH)
MISC ----> 16 200 30 340
================================================================================
NOTES:
# LAST OF SEVERAL OCCURRENCES
COLUMN 17 PEAK WIND IN M.P.H.
PRELIMINARY LOCAL CLIMATOLOGICAL DATA (WS FORM: F-6) , PAGE 2
STATION: PALESTINE
MONTH: AUGUST
YEAR: 2021
LATITUDE: 31 46 N
LONGITUDE: 95 42 W
[TEMPERATURE DATA] [PRECIPITATION DATA] SYMBOLS USED IN COLUMN 16
AVERAGE MONTHLY: 83.0 TOTAL FOR MONTH: 2.35 1 = FOG OR MIST
DPTR FM NORMAL: 0.6 DPTR FM NORMAL: -0.96 2 = FOG REDUCING VISIBILITY
HIGHEST: 97 ON 31,26 GRTST 24HR 0.59 ON 18-18 TO 1/4 MILE OR LESS
LOWEST: 66 ON 6 3 = THUNDER
SNOW, ICE PELLETS, HAIL 4 = ICE PELLETS
TOTAL MONTH: M 5 = HAIL
GRTST 24HR M ON M 6 = FREEZING RAIN OR DRIZZLE
GRTST DEPTH: M ON M 7 = DUSTSTORM OR SANDSTORM:
VSBY 1/2 MILE OR LESS
8 = SMOKE OR HAZE
[NO. OF DAYS WITH] [WEATHER - DAYS WITH] 9 = BLOWING SNOW
X = TORNADO
MAX 32 OR BELOW: 0 0.01 INCH OR MORE: 6
MAX 90 OR ABOVE: 28 0.10 INCH OR MORE: 6
MIN 32 OR BELOW: 0 0.50 INCH OR MORE: 3
MIN 0 OR BELOW: 0 1.00 INCH OR MORE: 0
[HDD (BASE 65) ]
TOTAL THIS MO. 0 CLEAR (SCALE 0-3) 15
DPTR FM NORMAL 0 PTCLDY (SCALE 4-7) 16
TOTAL FM JUL 1 0 CLOUDY (SCALE 8-10) 0
DPTR FM NORMAL 0
[CDD (BASE 65) ]
TOTAL THIS MO. 564
DPTR FM NORMAL 23 [PRESSURE DATA]
TOTAL FM JAN 1 1808 HIGHEST SLP M ON M
DPTR FM NORMAL -26 LOWEST SLP M ON M
[REMARKS]
#FINAL-08-21#