000
CXUS54 KFWD 010731
CF6PSN
PRELIMINARY LOCAL CLIMATOLOGICAL DATA (WS FORM: F-6)
STATION: PALESTINE
MONTH: AUGUST
YEAR: 2023
LATITUDE: 31 46 N
LONGITUDE: 95 42 W
TEMPERATURE IN F: :PCPN: SNOW: WIND :SUNSHINE: SKY :PK WND
================================================================================
1 2 3 4 5 6A 6B 7 8 9 10 11 12 13 14 15 16 17 18
12Z AVG MX 2MIN
DY MAX MIN AVG DEP HDD CDD WTR SNW DPTH SPD SPD DIR MIN PSBL S-S WX SPD DR
================================================================================
1 104 81 93 10 0 28 0.00 M M 4.4 9 170 M M 1 16 50
2 106 77 92 9 0 27 0.00 M M 5.4 10 170 M M 1 18 220
3 104 77 91 8 0 26 0.00 M M 6.7 12 220 M M 1 17 220
4 102 79 91 8 0 26 0.00 M M 6.5 13 190 M M 1 8 17 210
5 102 79 91 8 0 26 0.00 M M 6.4 15 230 M M 1 17 200
6 102 79 91 8 0 26 0.00 M M 6.6 12 190 M M 2 18 180
7 102 81 92 9 0 27 0.00 M M 7.4 14 210 M M 3 18 210
8 102 79 91 8 0 26 0.00 M M 8.4 13 200 M M 2 17 180
9 104 81 93 10 0 28 0.00 M M 12.8 18 220 M M 3 8 28 190
10 106 82 94 11 0 29 0.00 M M 10.6 21 180 M M 3 8 29 180
11 104 81 93 10 0 28 0.00 M M 10.5 16 210 M M 3 22 210
12 106 79 93 10 0 28 0.00 M M 9.3 20 220 M M 2 24 220
13 104 79 92 9 0 27 0.00 M M 7.8 13 190 M M 4 22 M
14 104 77 91 8 0 26 0.00 M M 7.6 13 10 M M 2 8 18 200
15 97 70 84 1 0 19 0.00 M M 7.9 15 10 M M 2 21 350
16 97 66 82 -1 0 17 0.00 M M 4.9 9 40 M M 1 17 30
17 106 70 88 5 0 23 0.00 M M 6.5 10 220 M M 0 14 120
18 108 77 93 10 0 28 0.00 M M 5.7 10 190 M M 0 17 190
19 106 77 92 10 0 27 0.00 M M 4.3 9 150 M M 1 21 99
20 108 77 93 11 0 28 0.00 M M 6.5 16 50 M M 2 25 50
21 104 81 93 11 0 28 0.00 M M 6.3 12 130 M M 2 23 99
22 104 77 91 9 0 26 0.00 M M 4.8 15 110 M M 1 22 99
23 104 75 90 8 0 25 0.00 M M 2.9 10 90 M M 3 12 280
24 108 81 95 13 0 30 0.00 M M 4.7 9 100 M M 2 17 240
25 108 81 95 13 0 30 0.00 M M 5.7 10 180 M M 2 20 190
26 106 79 93 12 0 28 0.00 M M 3.7 9 200 M M 1 8 14 200
27 106 73 90 9 0 25 M M M 6.8 27 110 M M 2 41 110
28 93 79 86 5 0 21 0.00 M M 4.8 8 20 M M 8 16 20
29 95 72 84 3 0 19 0.00 M M 7.6 16 20 M M 1 23 30
30 97 66 82 1 0 17 0.00 M M 3.8 12 20 M M 1 17 330
31 97 73 85 5 0 20 0.00 M M 5.3 13 30 M M 2 14 30
================================================================================
SM 3196 2385 0 789 0.00 M 202.3 M 60
================================================================================
AV103.1 76.9 6.5 FASTST M M 2 MAX(MPH)
MISC ----> 27 110 41 110
================================================================================
NOTES:
# LAST OF SEVERAL OCCURRENCES
COLUMN 17 PEAK WIND IN M.P.H.
PRELIMINARY LOCAL CLIMATOLOGICAL DATA (WS FORM: F-6) , PAGE 2
STATION: PALESTINE
MONTH: AUGUST
YEAR: 2023
LATITUDE: 31 46 N
LONGITUDE: 95 42 W
[TEMPERATURE DATA] [PRECIPITATION DATA] SYMBOLS USED IN COLUMN 16
AVERAGE MONTHLY: 90.0 TOTAL FOR MONTH: 0.00 1 = FOG OR MIST
DPTR FM NORMAL: 7.6 DPTR FM NORMAL: -3.31 2 = FOG REDUCING VISIBILITY
HIGHEST: 108 ON 25,24 GRTST 24HR 0.00 ON 1- 1 TO 1/4 MILE OR LESS
LOWEST: 66 ON 30,16 3 = THUNDER
SNOW, ICE PELLETS, HAIL 4 = ICE PELLETS
TOTAL MONTH: M 5 = HAIL
GRTST 24HR M ON M 6 = FREEZING RAIN OR DRIZZLE
GRTST DEPTH: M ON M 7 = DUSTSTORM OR SANDSTORM:
VSBY 1/2 MILE OR LESS
8 = SMOKE OR HAZE
[NO. OF DAYS WITH] [WEATHER - DAYS WITH] 9 = BLOWING SNOW
X = TORNADO
MAX 32 OR BELOW: 0 0.01 INCH OR MORE: 0
MAX 90 OR ABOVE: 31 0.10 INCH OR MORE: 0
MIN 32 OR BELOW: 0 0.50 INCH OR MORE: 0
MIN 0 OR BELOW: 0 1.00 INCH OR MORE: 0
[HDD (BASE 65) ]
TOTAL THIS MO. 0 CLEAR (SCALE 0-3) 28
DPTR FM NORMAL 0 PTCLDY (SCALE 4-7) 3
TOTAL FM JUL 1 0 CLOUDY (SCALE 8-10) 0
DPTR FM NORMAL 0
[CDD (BASE 65) ]
TOTAL THIS MO. 789
DPTR FM NORMAL 248 [PRESSURE DATA]
TOTAL FM JAN 1 2441 HIGHEST SLP M ON M
DPTR FM NORMAL 607 LOWEST SLP M ON M
[REMARKS]
#FINAL-08-23#