000
CXUS56 KSGX 012223
CLMPSP
CLIMATE REPORT
NATIONAL WEATHER SERVICE SAN DIEGO, CA
223 PM PST FRI MAR 01 2024
...................................
...THE PALM SPRINGS INTL AIRPORT CA CLIMATE SUMMARY FOR THE MONTH OF FEBRUARY 2024...
CLIMATE NORMAL PERIOD: 1991 TO 2020
CLIMATE RECORD PERIOD: 1893 TO 2024
WEATHER OBSERVED NORMAL DEPART LAST YEAR`S
VALUE DATE(S) VALUE FROM VALUE DATE(S)
NORMAL
................................................................
TEMPERATURE (F)
RECORD
HIGH 99 02/27/1986
02/26/1986
LOW 24 02/21/1953
02/15/1942
HIGHEST 83 02/28 75 8 79 02/08
02/09
LOWEST 41 02/11 47 -6 39 02/16
02/26
AVG. MAXIMUM 70.3 73.7 -3.4 69.4
AVG. MINIMUM 50.0 49.7 0.3 46.5
MEAN 60.2 61.7 -1.5 58.0
DAYS MAX >= 90 0 0.3 -0.3 0
DAYS MAX <= 32 0 0.0 0.0 0
DAYS MAX >= 45 29 28
DAYS MAX >= 120 0 0
DAYS MIN <= 32 0 0.1 -0.1 0
PRECIPITATION (INCHES)
RECORD
MAXIMUM 7.01 1932
MINIMUM 0.00 2002
TOTALS 1.33 1.11 0.22 0.31
DAILY AVG. 0.05 NAN NAN 0.01
DAYS >= .01 6 3.1 2.9 2
DAYS >= .10 4 2.0 2.0 1
DAYS >= .50 0 0.6 -0.6 0
DAYS >= 1.00 0 0.1 -0.1 0
DAYS >= %-5.2F 0 0
DAYS >= %-5.2F 0 0
GREATEST
24 HR. TOTAL 0.53 02/01 TO 02/02 0.23 02/25 TO 02/26
STORM TOTAL 0.48 0.23
(MM/DD(HH)) MM
DEGREE DAYS
HEATING TOTAL 146 130 16 192
SINCE 7/1 502 640 -138 MM
COOLING TOTAL 14 38 -24 1
SINCE 1/1 23 51 -28 MM
FREEZE DATES
RECORD
EARLIEST 10/24/1951
LATEST 03/13/1956
EARLIEST MM
LATEST MM
................................................................
WIND (MPH)
AVERAGE WIND SPEED 4.2
RESULTANT WIND SPEED/DIRECTION 2/340
HIGHEST WIND SPEED/DIRECTION 21/020 DATE 02/10
21/330 02/21
21/340 02/26
HIGHEST GUST SPEED/DIRECTION 27/330 DATE 02/06
SKY COVER
POSSIBLE SUNSHINE (PERCENT) MM
AVERAGE SKY COVER 0.23
NUMBER OF DAYS FAIR 21
NUMBER OF DAYS PC 6
NUMBER OF DAYS CLOUDY 2
AVERAGE RH (PERCENT) 55
WEATHER CONDITIONS. NUMBER OF DAYS WITH
THUNDERSTORM 0 MIXED PRECIP 0
HEAVY RAIN 0 RAIN 3
LIGHT RAIN 10 FREEZING RAIN 0
LT FREEZING RAIN 0 HAIL 0
HEAVY SNOW 0 SNOW 0
LIGHT SNOW 0 SLEET 0
FOG 4 FOG W/VIS <= 1/4 MILE 0
HAZE 3
- INDICATES NEGATIVE NUMBERS.
R INDICATES RECORD WAS SET OR TIED.
MM INDICATES DATA IS MISSING.
T INDICATES TRACE AMOUNT.
$$