000
CXUS55 KPUB 221210
CF6PUB
PRELIMINARY LOCAL CLIMATOLOGICAL DATA (WS FORM: F-6)
STATION: PUEBLO CO
MONTH: APRIL
YEAR: 2024
LATITUDE: 38 16 N
LONGITUDE: 104 31 W
TEMPERATURE IN F: :PCPN: SNOW: WIND :SUNSHINE: SKY :PK WND
================================================================================
1 2 3 4 5 6A 6B 7 8 9 10 11 12 13 14 15 16 17 18
12Z AVG MX 2MIN
DY MAX MIN AVG DEP HDD CDD WTR SNW DPTH SPD SPD DIR MIN PSBL S-S WX SPD DR
================================================================================
1 52 36 44 -4 21 0 0.03 0.0 0 9.2 25 10 M M 5 1 32 20
2 64 37 51 3 14 0 0.00 0.0 0 11.3 28 350 M M 2 38 350
3 74 36 55 7 10 0 0.00 0.0 0 8.2 25 360 M M 1 38 10
4 79 30 55 6 10 0 0.00 0.0 0 6.3 20 140 M M 0 27 150
5 80 37 59 10 6 0 0.00 0.0 0 13.3 31 210 M M 0 44 220
6 60 42 51 2 14 0 0.00 0.0 0 28.9 47 280 M M 1 63 280
7 66 41 54 5 11 0 0.00 0.0 0 25.3 43 290 M M 1 56 280
8 61 25 43 -7 22 0 0.00 0.0 0 6.6 20 120 M M 3 29 140
9 65 28 47 -3 18 0 0.00 0.0 0 7.5 18 130 M M 0 25 130
10 66 39 53 3 12 0 0.00 0.0 0 7.9 23 80 M M 5 29 80
11 64 30 47 -3 18 0 0.00 0.0 0 5.7 16 110 M M 1 22 90
12 80 28 54 4 11 0 0.00 0.0 0 7.1 20 110 M M 0 26 110
13 84 44 64 14 1 0 0.00 0.0 0 10.3 28 260 M M 0 35 260
14 84 43 64 13 1 0 0.00 0.0 0 9.2 23 150 M M 0 29 140
15 78 32 55 4 10 0 0.00 0.0 0 15.3 35 250 M M 0 44 250
16 78 46 62 11 3 0 0.00 0.0 0 15.7 40 320 M M 3 56 290
17 82 35 59 8 6 0 0.00 0.0 0 11.6 41 20 M M 0 55 20
18 47 39 43 -9 22 0 0.00 0.0 0 10.7 39 20 M M 9 51 20
19 59 38 49 -3 16 0 0.10 0.0 0 11.2 22 10 M M 8 1 27 10
20 52 35 44 -8 21 0 0.02 T 0 9.8 25 10 M M 10 32 10
21 64 36 50 -2 15 0 0.00 0.0 0 7.0 18 130 M M 5 24 120
================================================================================
SM 1439 757 262 0 0.15 T 238.1 M 54
================================================================================
AV 68.5 36.0 11.3 FASTST M M 3 MAX(MPH)
MISC ----> 47 280 63 280
================================================================================
NOTES:
# LAST OF SEVERAL OCCURRENCES
COLUMN 17 PEAK WIND IN M.P.H.
PRELIMINARY LOCAL CLIMATOLOGICAL DATA (WS FORM: F-6) , PAGE 2
STATION: PUEBLO CO
MONTH: APRIL
YEAR: 2024
LATITUDE: 38 16 N
LONGITUDE: 104 31 W
[TEMPERATURE DATA] [PRECIPITATION DATA] SYMBOLS USED IN COLUMN 16
AVERAGE MONTHLY: 52.3 TOTAL FOR MONTH: 0.15 1 = FOG OR MIST
DPTR FM NORMAL: 2.2 DPTR FM NORMAL: -0.87 2 = FOG REDUCING VISIBILITY
HIGHEST: 84 ON 14,13 GRTST 24HR 0.11 ON 19-20 TO 1/4 MILE OR LESS
LOWEST: 25 ON 8 3 = THUNDER
SNOW, ICE PELLETS, HAIL 4 = ICE PELLETS
TOTAL MONTH: T 5 = HAIL
GRTST 24HR T ON 20-20 6 = FREEZING RAIN OR DRIZZLE
GRTST DEPTH: 0 7 = DUSTSTORM OR SANDSTORM:
VSBY 1/2 MILE OR LESS
8 = SMOKE OR HAZE
[NO. OF DAYS WITH] [WEATHER - DAYS WITH] 9 = BLOWING SNOW
X = TORNADO
MAX 32 OR BELOW: 0 0.01 INCH OR MORE: 3
MAX 90 OR ABOVE: 0 0.10 INCH OR MORE: 1
MIN 32 OR BELOW: 6 0.50 INCH OR MORE: 0
MIN 0 OR BELOW: 0 1.00 INCH OR MORE: 0
[HDD (BASE 65) ]
TOTAL THIS MO. 262 CLEAR (SCALE 0-3) 14
DPTR FM NORMAL -50 PTCLDY (SCALE 4-7) 5
TOTAL FM JUL 1 4625 CLOUDY (SCALE 8-10) 2
DPTR FM NORMAL -433
[CDD (BASE 65) ]
TOTAL THIS MO. 0
DPTR FM NORMAL 0 [PRESSURE DATA]
TOTAL FM JAN 1 0 HIGHEST SLP M ON M
DPTR FM NORMAL 0 LOWEST SLP 29.22 ON 6
[REMARKS]