000
CXUS55 KPUB 012058
CF6PUB
PRELIMINARY LOCAL CLIMATOLOGICAL DATA (WS FORM: F-6)
STATION: PUEBLO CO
MONTH: JULY
YEAR: 2023
LATITUDE: 38 16 N
LONGITUDE: 104 31 W
TEMPERATURE IN F: :PCPN: SNOW: WIND :SUNSHINE: SKY :PK WND
================================================================================
1 2 3 4 5 6A 6B 7 8 9 10 11 12 13 14 15 16 17 18
12Z AVG MX 2MIN
DY MAX MIN AVG DEP HDD CDD WTR SNW DPTH SPD SPD DIR MIN PSBL S-S WX SPD DR
================================================================================
1 89 51 70 -6 0 5 0.00 0.0 0 6.0 17 60 M M 0 24 50
2 93 53 73 -3 0 8 0.00 0.0 0 7.4 28 30 M M 1 3 38 340
3 98 54 76 0 0 11 0.00 0.0 0 7.0 15 150 M M 0 27 120
4 97 61 79 3 0 14 T 0.0 0 9.8 41 30 M M 0 3 52 10
5 80 61 71 -6 0 6 0.01 0.0 0 9.2 21 50 M M 9 13 26 60
6 85 61 73 -4 0 8 T 0.0 0 9.5 26 20 M M 7 1 34 30
7 87 65 76 -1 0 11 0.21 T 0 9.8 30 40 M M 7 35 41 40
8 88 60 74 -3 0 9 0.04 0.0 0 10.4 33 60 M M 7 13 44 50
9 87 59 73 -4 0 8 0.00 0.0 0 9.2 20 100 M M 3 1 27 110
10 99 61 80 3 0 15 0.23 T 0 5.5 29 50 M M 1 35 40 210
11 101 58 80 3 0 15 0.00 0.0 0 6.7 17 120 M M 0 24 110
12 100 66 83 6 0 18 0.00 0.0 0 9.3 22 20 M M 1 30 10
13 100 65 83 5 0 18 0.35 T 0 8.7 44 30 M M 1 135 61 30
14 90 64 77 -1 0 12 0.00 0.0 0 8.7 25 60 M M 1 1 37 60
15 89 61 75 -3 0 10 0.00 0.0 0 8.1 24 70 M M 1 3 30 70
16 100 61 81 3 0 16 0.00 0.0 0 6.6 20 130 M M 0 25 120
17 104 60 82 4 0 17 0.00 0.0 0 6.5 14 150 M M 0 22 160
18 105 62 84 6 0 19 0.00 0.0 0 8.4 28 10 M M 0 36 10
19 97 67 82 4 0 17 T 0.0 0 8.4 37 40 M M 2 3 50 20
20 90 64 77 -1 0 12 0.16 0.0 0 9.2 29 60 M M 3 3 36 60
21 85 64 75 -3 0 10 0.07 0.0 0 6.4 20 140 M M 4 1 26 170
22 97 58 78 0 0 13 0.00 0.0 0 5.0 21 100 M M 1 32 100
23 102 59 81 3 0 16 0.00 0.0 0 6.7 28 10 M M 0 41 30
24 103 61 82 4 0 17 T 0.0 0 9.2 46 360 M M 1 3 71 360
25 106 65 86 8 0 21 T 0.0 0 10.0 31 30 M M 0 3 47 260
26 103 65 84 6 0 19 T 0.0 0 8.9 29 40 M M 1 3 39 50
27 100 65 83 6 0 18 T 0.0 0 8.1 25 20 M M 1 3 34 20
28 102 61 82 5 0 17 0.33 0.0 0 8.3 24 210 M M 1 3 35 350
29 94 60 77 0 0 12 T 0.0 0 9.9 38 290 M M 1 3 48 280
30 101 64 83 6 0 18 0.00 0.0 0 8.3 32 300 M M 0 42 300
31 98 65 82 5 0 17 T 0.0 0 10.7 33 10 M M 1 3 44 360
================================================================================
SM 2970 1901 0 427 1.40 T 255.9 M 55
================================================================================
AV 95.8 61.3 8.3 FASTST M M 2 MAX(MPH)
MISC ----> 46 360 71 360
================================================================================
NOTES:
COLUMN 7; 7/6 USED BACKUP COOP STATION (05-8992) TO SUPPLEMENT. DRIZZLE WAS
OBSERVED THAT WAS TO LIGHT FOR ASOS TO DETECT.
COLUMN 17 PEAK WIND IN M.P.H.
PRELIMINARY LOCAL CLIMATOLOGICAL DATA (WS FORM: F-6) , PAGE 2
STATION: PUEBLO CO
MONTH: JULY
YEAR: 2023
LATITUDE: 38 16 N
LONGITUDE: 104 31 W
[TEMPERATURE DATA] [PRECIPITATION DATA] SYMBOLS USED IN COLUMN 16
AVERAGE MONTHLY: 78.6 TOTAL FOR MONTH: 1.40 1 = FOG OR MIST
DPTR FM NORMAL: 1.4 DPTR FM NORMAL: -0.49 2 = FOG REDUCING VISIBILITY
HIGHEST: 106 ON 25 GRTST 24HR 0.35 ON 13 TO 1/4 MILE OR LESS
LOWEST: 51 ON 1 3 = THUNDER
SNOW, ICE PELLETS, HAIL 4 = ICE PELLETS
TOTAL MONTH: T 5 = HAIL
GRTST 24HR T ON 7,10,13 6 = FREEZING RAIN OR DRIZZLE
GRTST DEPTH: 0 7 = DUSTSTORM OR SANDSTORM:
VSBY 1/2 MILE OR LESS
8 = SMOKE OR HAZE
[NO. OF DAYS WITH] [WEATHER - DAYS WITH] 9 = BLOWING SNOW
X = TORNADO
MAX 32 OR BELOW: 0 0.01 INCH OR MORE: 8
MAX 90 OR ABOVE: 23 0.10 INCH OR MORE: 5
MIN 32 OR BELOW: 0 0.50 INCH OR MORE: 0
MIN 0 OR BELOW: 0 1.00 INCH OR MORE: 0
[HDD (BASE 65) ]
TOTAL THIS MO. 0 CLEAR (SCALE 0-3) 26
DPTR FM NORMAL -1 PTCLDY (SCALE 4-7) 4
TOTAL FM JUL 1 0 CLOUDY (SCALE 8-10) 1
DPTR FM NORMAL 0
[CDD (BASE 65) ]
TOTAL THIS MO. 427
DPTR FM NORMAL 48 [PRESSURE DATA]
TOTAL FM JAN 1 600 HIGHEST SLP 30.18 ON 21
DPTR FM NORMAL -48 LOWEST SLP 29.65 ON 8
[REMARKS]
#FINAL-07-23#