000
CXUS55 KPUB 021501
CF6PUB
PRELIMINARY LOCAL CLIMATOLOGICAL DATA (WS FORM: F-6)
STATION: PUEBLO CO
MONTH: OCTOBER
YEAR: 2021
LATITUDE: 38 16 N
LONGITUDE: 104 31 W
TEMPERATURE IN F: :PCPN: SNOW: WIND :SUNSHINE: SKY :PK WND
================================================================================
1 2 3 4 5 6A 6B 7 8 9 10 11 12 13 14 15 16 17 18
12Z AVG MX 2MIN
DY MAX MIN AVG DEP HDD CDD WTR SNW DPTH SPD SPD DIR MIN PSBL S-S WX SPD DR
================================================================================
1 65 53 59 -1 6 0 0.01 0.0 0 3.7 15 120 M M 7 18 120
2 77 47 62 3 3 0 0.00 0.0 0 4.1 17 110 M M 5 1 21 110
3 81 42 62 3 3 0 0.00 0.0 0 5.6 12 140 M M 0 17 140
4 85 45 65 7 0 0 0.00 0.0 0 6.3 13 140 M M 0 19 150
5 81 43 62 4 3 0 0.00 0.0 0 6.6 21 110 M M 0 26 120
6 84 41 63 6 2 0 0.00 0.0 0 4.1 10 310 M M 0 15 120
7 81 48 65 8 0 0 0.00 0.0 0 6.3 18 300 M M 0 25 310
8 85 46 66 10 0 1 0.00 0.0 0 7.2 23 260 M M 0 29 280
9 83 51 67 11 0 2 0.00 0.0 0 13.6 39 290 M M 0 53 290
10 71 42 57 2 8 0 0.00 0.0 0 4.8 14 320 M M 2 21 320
11 75 34 55 0 10 0 0.00 0.0 0 7.7 20 90 M M 0 28 140
12 73 35 54 0 11 0 0.00 0.0 0 11.0 37 300 M M 2 51 300
13 70 39 55 1 10 0 0.00 0.0 0 14.3 31 300 M M 0 40 300
14 56 35 46 -8 19 0 0.02 0.0 0 6.9 18 20 M M 5 23 40
15 59 32 46 -7 19 0 0.11 0.0 0 5.0 16 100 M M 2 1 21 100
16 69 24 47 -6 18 0 0.00 0.0 0 5.3 16 110 M M 0 21 120
17 75 27 51 -1 14 0 0.00 0.0 0 5.7 15 110 M M 0 19 110
18 82 38 60 8 5 0 0.00 0.0 0 6.4 16 210 M M 0 25 190
19 72 39 56 5 9 0 0.00 0.0 0 12.2 31 280 M M 1 41 290
20 65 28 47 -4 18 0 0.00 0.0 0 4.2 12 100 M M 0 17 120
21 71 27 49 -1 16 0 0.00 0.0 0 3.4 12 130 M M 0 15 130
22 77 29 53 3 12 0 0.00 0.0 0 5.8 16 120 M M 0 20 120
23 77 31 54 4 11 0 0.00 0.0 0 8.0 25 280 M M 0 34 290
24 77 39 58 9 7 0 0.00 0.0 0 8.6 24 290 M M 0 34 290
25 75 39 57 8 8 0 0.00 0.0 0 6.6 18 100 M M 0 25 100
26 77 44 61 13 4 0 T 0.0 0 18.4 43 220 M M 3 38 58 240
27 64 30 47 -1 18 0 0.00 0.0 0 8.2 22 10 M M 0 28 20
28 62 32 47 -1 18 0 0.00 0.0 0 5.8 23 30 M M 0 31 30
29 74 27 51 4 14 0 0.00 0.0 0 6.3 15 120 M M 0 19 120
30 76 31 54 7 11 0 0.00 0.0 0 8.1 17 100 M M 0 24 150
31 44 32 38 -8 27 0 0.00 0.0 0 7.2 15 110 M M 8 19 110
================================================================================
SM 2263 1150 304 3 0.14 0.0 227.4 M 35
================================================================================
AV 73.0 37.1 7.3 FASTST M M 1 MAX(MPH)
MISC ----> 43 220 58 240
================================================================================
NOTES:
COLUMN 17 PEAK WIND IN M.P.H.
PRELIMINARY LOCAL CLIMATOLOGICAL DATA (WS FORM: F-6) , PAGE 2
STATION: PUEBLO CO
MONTH: OCTOBER
YEAR: 2021
LATITUDE: 38 16 N
LONGITUDE: 104 31 W
[TEMPERATURE DATA] [PRECIPITATION DATA] SYMBOLS USED IN COLUMN 16
AVERAGE MONTHLY: 55.0 TOTAL FOR MONTH: 0.14 1 = FOG OR MIST
DPTR FM NORMAL: 2.2 DPTR FM NORMAL: -0.62 2 = FOG REDUCING VISIBILITY
HIGHEST: 85 ON 8, 4 GRTST 24HR 0.13 ON 14-15 TO 1/4 MILE OR LESS
LOWEST: 24 ON 16 3 = THUNDER
SNOW, ICE PELLETS, HAIL 4 = ICE PELLETS
TOTAL MONTH: 0.0 INCH 5 = HAIL
GRTST 24HR 0.0 6 = FREEZING RAIN OR DRIZZLE
GRTST DEPTH: 0 7 = DUSTSTORM OR SANDSTORM:
VSBY 1/2 MILE OR LESS
8 = SMOKE OR HAZE
[NO. OF DAYS WITH] [WEATHER - DAYS WITH] 9 = BLOWING SNOW
X = TORNADO
MAX 32 OR BELOW: 0 0.01 INCH OR MORE: 3
MAX 90 OR ABOVE: 0 0.10 INCH OR MORE: 1
MIN 32 OR BELOW: 12 0.50 INCH OR MORE: 0
MIN 0 OR BELOW: 0 1.00 INCH OR MORE: 0
[HDD (BASE 65) ]
TOTAL THIS MO. 304 CLEAR (SCALE 0-3) 27
DPTR FM NORMAL -80 PTCLDY (SCALE 4-7) 3
TOTAL FM JUL 1 326 CLOUDY (SCALE 8-10) 1
DPTR FM NORMAL -131
[CDD (BASE 65) ]
TOTAL THIS MO. 3
DPTR FM NORMAL -3 [PRESSURE DATA]
TOTAL FM JAN 1 1245 HIGHEST SLP 30.42 ON 16
DPTR FM NORMAL 166 LOWEST SLP 29.28 ON 26
[REMARKS]
#FINAL-10-21#