000
CXUS51 KGYX 011028
CF6PWM
PRELIMINARY LOCAL CLIMATOLOGICAL DATA (WS FORM: F-6)
STATION: PORTLAND ME
MONTH: SEPTEMBER
YEAR: 2023
LATITUDE: 43 39 N
LONGITUDE: 70 19 W
TEMPERATURE IN F: :PCPN: SNOW: WIND :SUNSHINE: SKY :PK WND
================================================================================
1 2 3 4 5 6A 6B 7 8 9 10 11 12 13 14 15 16 17 18
12Z AVG MX 2MIN
DY MAX MIN AVG DEP HDD CDD WTR SNW DPTH SPD SPD DIR MIN PSBL S-S WX SPD DR
================================================================================
1 74 50 62 -4 3 0 0.00 0.0 0 6.0 14 300 M M 0 19 290
2 74 50 62 -4 3 0 0.00 0.0 0 5.7 16 190 M M 2 22 190
3 80 59 70 4 0 5 0.00 0.0 0 3.1 9 80 M M 1 1 12 230
4 81 61 71 5 0 6 0.00 0.0 0 3.0 12 170 M M 1 1 14 160
5 88 65 77 12 0 12 0.00 0.0 0 4.7 13 350 M M 3 17 350
6 86 68 77 12 0 12 0.00 0.0 0 4.5 13 160 M M 3 18 16 170
7 86 66 76 11 0 11 0.00 0.0 0 4.4 13 290 M M 1 18 18 270
8 83 68 76 12 0 11 0.33 0.0 0 6.1 31 230 M M 7 13 41 240
9 84 65 75 11 0 10 0.00 0.0 0 5.6 12 40 M M 4 13 15 40
10 70 63 67 3 0 2 0.03 0.0 0 4.4 14 50 M M 9 1 19 50
11 76 64 70 7 0 5 0.38 0.0 0 2.9 8 90 M M 10 1 10 90
12 68 63 66 3 0 1 0.76 0.0 0 5.3 10 80 M M 10 12 12 100
13 73 64 69 6 0 4 0.16 0.0 0 3.7 10 170 M M 8 12 15 190
14 76 56 66 4 0 1 0.00 0.0 0 5.8 13 260 M M 3 17 210
15 68 54 61 -1 4 0 0.00 0.0 0 10.9 21 360 M M 7 27 10
16 71 59 65 3 0 0 0.01 0.0 0 20.9 31 320 M M 8 46 290
17 78 51 65 4 0 0 0.00 0.0 0 5.6 12 150 M M 1 8 14 140
18 63 57 60 -1 5 0 2.29 0.0 0 8.8 24 80 M M 10 1 32 100
19 72 57 65 5 0 0 0.95 0.0 0 11.6 22 260 M M 4 1 30 280
20 73 52 63 3 2 0 0.00 0.0 0 7.3 17 320 M M 3 22 330
21 73 50 62 2 3 0 0.00 0.0 0 4.8 13 10 M M 3 17 330
22 66 49 58 -1 7 0 0.00 0.0 0 3.7 12 140 M M 4 14 110
23 60 46 53 -6 12 0 0.00 0.0 0 3.8 8 350 M M 8 10 130
24 63 53 58 0 7 0 0.00 0.0 0 4.2 9 90 M M 8 12 90
25 66 50 58 0 7 0 0.00 0.0 0 8.5 17 40 M M 4 26 40
26 64 45 55 -3 10 0 0.00 0.0 0 6.5 15 50 M M 1 20 40
27 69 43 56 -1 9 0 0.00 0.0 0 2.6 9 50 M M 2 11 40
28 68 44 56 -1 9 0 0.00 0.0 0 1.4 10 170 M M 7 1 13 150
29 66 43 55 -1 10 0 T 0.0 0 1.5 10 130 M M 6 1 13 130
30 64 48 56 0 9 0 0.00 0.0 0 3.5 9 100 M M 7 11 110
================================================================================
SM 2183 1663 100 80 4.91 0.0 170.8 M 145
================================================================================
AV 72.8 55.4 5.7 FASTST M M 5 MAX(MPH)
MISC ----> # 31 230 46 290
================================================================================
NOTES:
# LAST OF SEVERAL OCCURRENCES
COLUMN 17 PEAK WIND IN M.P.H.
PRELIMINARY LOCAL CLIMATOLOGICAL DATA (WS FORM: F-6) , PAGE 2
STATION: PORTLAND ME
MONTH: SEPTEMBER
YEAR: 2023
LATITUDE: 43 39 N
LONGITUDE: 70 19 W
[TEMPERATURE DATA] [PRECIPITATION DATA] SYMBOLS USED IN COLUMN 16
AVERAGE MONTHLY: 64.1 TOTAL FOR MONTH: 4.91 1 = FOG OR MIST
DPTR FM NORMAL: 2.5 DPTR FM NORMAL: 1.14 2 = FOG REDUCING VISIBILITY
HIGHEST: 88 ON 5 GRTST 24HR 3.24 ON 18-19 TO 1/4 MILE OR LESS
LOWEST: 43 ON 29,27 3 = THUNDER
SNOW, ICE PELLETS, HAIL 4 = ICE PELLETS
TOTAL MONTH: 0.0 INCH 5 = HAIL
GRTST 24HR 0.0 6 = FREEZING RAIN OR DRIZZLE
GRTST DEPTH: 0 7 = DUSTSTORM OR SANDSTORM:
VSBY 1/2 MILE OR LESS
8 = SMOKE OR HAZE
[NO. OF DAYS WITH] [WEATHER - DAYS WITH] 9 = BLOWING SNOW
X = TORNADO
MAX 32 OR BELOW: 0 0.01 INCH OR MORE: 8
MAX 90 OR ABOVE: 0 0.10 INCH OR MORE: 6
MIN 32 OR BELOW: 0 0.50 INCH OR MORE: 3
MIN 0 OR BELOW: 0 1.00 INCH OR MORE: 1
[HDD (BASE 65) ]
TOTAL THIS MO. 100 CLEAR (SCALE 0-3) 13
DPTR FM NORMAL -45 PTCLDY (SCALE 4-7) 13
TOTAL FM JUL 1 119 CLOUDY (SCALE 8-10) 4
DPTR FM NORMAL -54
[CDD (BASE 65) ]
TOTAL THIS MO. 80
DPTR FM NORMAL 37 [PRESSURE DATA]
TOTAL FM JAN 1 422 HIGHEST SLP 30.47 ON 26
DPTR FM NORMAL -22 LOWEST SLP 29.49 ON 16
[REMARKS]
#FINAL-09-23#