000
CXUS53 KMKX 280810
CF6RAC
PRELIMINARY LOCAL CLIMATOLOGICAL DATA (WS FORM: F-6)
STATION: RACINE WI
MONTH: MARCH
YEAR: 2024
LATITUDE: 42 45 N
LONGITUDE: 87 49 W
TEMPERATURE IN F: :PCPN: SNOW: WIND :SUNSHINE: SKY :PK WND
================================================================================
1 2 3 4 5 6A 6B 7 8 9 10 11 12 13 14 15 16 17 18
12Z AVG MX 2MIN
DY MAX MIN AVG DEP HDD CDD WTR SNW DPTH SPD SPD DIR MIN PSBL S-S WX SPD DR
================================================================================
1 46 33 40 10 25 0 0.00 M M 10.3 18 210 M M 3 25 210
2 53 31 42 11 23 0 0.00 M M 10.1 20 160 M M 1 26 170
3 64 41 53 22 12 0 0.00 M M 17.2 26 160 M M 2 18 38 160
4 64 40 52 21 13 0 0.56 M M 10.8 33 10 M M 5 1238 47 20
5 43 39 41 9 24 0 0.45 M M 17.3 28 10 M M 9 1 41 360
6 44 32 38 6 27 0 0.00 M M 13.8 24 10 M M 5 32 10
7 44 33 39 7 26 0 0.00 M M 7.4 14 120 M M 5 18 18 100
8 45 38 42 9 23 0 0.51 M M 12.1 24 350 M M 10 18 36 360
9 44 32 38 5 27 0 0.01 M M 11.2 21 310 M M 5 32 300
10 46 30 38 4 27 0 0.00 M M 9.3 21 350 M M 0 35 310
11 69 31 50 16 15 0 0.00 M M 11.9 28 230 M M 0 41 220
12 72 52 62 28 3 0 0.00 M M 11.1 26 220 M M 0 37 240
13 57 42 50 16 15 0 0.02 M M 8.1 18 50 M M 4 25 50
14 52 38 45 10 20 0 0.73 M M 17.3 29 20 M M 8 13 39 10
15 46 36 41 6 24 0 0.00 M M 10.0 20 360 M M 4 29 20
16 58 39 49 13 16 0 0.00 M M 13.2 26 260 M M 4 42 250
17 41 28 35 -1 30 0 T M M 10.9 21 310 M M 9 30 330
18 35 25 30 -6 35 0 0.00 M M 9.6 17 350 M M 7 25 350
19 56 30 43 7 22 0 0.00 M M 13.1 26 250 M M 4 38 240
20 42 27 35 -2 30 0 0.00 M M 9.0 22 330 M M 3 34 330
21 36 24 30 -7 35 0 0.07 M M 8.0 15 110 M M 5 1 19 180
22 35 32 34 -3 31 0 0.36 M M 8.5 16 140 M M 10 128 23 140
23 35 27 31 -7 34 0 0.00 M M 8.2 17 360 M M 4 25 360
24 41 31 36 -2 29 0 T M M 14.0 22 140 M M 7 30 160
25 51 40 46 8 19 0 0.45 M M 10.3 21 150 M M 8 1 28 150
26 56 32 44 5 21 0 0.11 M M 16.0 30 230 M M 10 18 48 210
27 42 29 36 -3 29 0 0.00 M M 12.5 22 270 M M 8 35 250
================================================================================
SM 1317 912 635 0 3.27 M 311.2 M 140
================================================================================
AV 48.8 33.8 11.5 FASTST M M 5 MAX(MPH)
MISC ----> 33 10 48 210
================================================================================
NOTES:
# LAST OF SEVERAL OCCURRENCES
COLUMN 17 PEAK WIND IN M.P.H.
PRELIMINARY LOCAL CLIMATOLOGICAL DATA (WS FORM: F-6) , PAGE 2
STATION: RACINE WI
MONTH: MARCH
YEAR: 2024
LATITUDE: 42 45 N
LONGITUDE: 87 49 W
[TEMPERATURE DATA] [PRECIPITATION DATA] SYMBOLS USED IN COLUMN 16
AVERAGE MONTHLY: 41.3 TOTAL FOR MONTH: 3.27 1 = FOG OR MIST
DPTR FM NORMAL: 6.5 DPTR FM NORMAL: 1.58 2 = FOG REDUCING VISIBILITY
HIGHEST: 72 ON 12 GRTST 24HR 1.01 ON 4- 5 TO 1/4 MILE OR LESS
LOWEST: 24 ON 21 3 = THUNDER
SNOW, ICE PELLETS, HAIL 4 = ICE PELLETS
TOTAL MONTH: M 5 = HAIL
GRTST 24HR M ON M 6 = FREEZING RAIN OR DRIZZLE
GRTST DEPTH: M ON M 7 = DUSTSTORM OR SANDSTORM:
VSBY 1/2 MILE OR LESS
8 = SMOKE OR HAZE
[NO. OF DAYS WITH] [WEATHER - DAYS WITH] 9 = BLOWING SNOW
X = TORNADO
MAX 32 OR BELOW: 0 0.01 INCH OR MORE: 10
MAX 90 OR ABOVE: 0 0.10 INCH OR MORE: 7
MIN 32 OR BELOW: 15 0.50 INCH OR MORE: 3
MIN 0 OR BELOW: 0 1.00 INCH OR MORE: 0
[HDD (BASE 65) ]
TOTAL THIS MO. 635 CLEAR (SCALE 0-3) 6
DPTR FM NORMAL -183 PTCLDY (SCALE 4-7) 16
TOTAL FM JUL 1 4506 CLOUDY (SCALE 8-10) 5
DPTR FM NORMAL -1109
[CDD (BASE 65) ]
TOTAL THIS MO. 0
DPTR FM NORMAL 0 [PRESSURE DATA]
TOTAL FM JAN 1 0 HIGHEST SLP M ON M
DPTR FM NORMAL 0 LOWEST SLP 29.39 ON 26
[REMARKS]