000
CXUS56 KSGX 170941
CF6RAL
PRELIMINARY LOCAL CLIMATOLOGICAL DATA (WS FORM: F-6)
STATION: RIVERSIDE MUNI AIRPORT CA
MONTH: MARCH
YEAR: 2023
LATITUDE: 33 57 N
LONGITUDE: 117 27 W
TEMPERATURE IN F: :PCPN: SNOW: WIND :SUNSHINE: SKY :PK WND
================================================================================
1 2 3 4 5 6A 6B 7 8 9 10 11 12 13 14 15 16 17 18
12Z AVG MX 2MIN
DY MAX MIN AVG DEP HDD CDD WTR SNW DPTH SPD SPD DIR MIN PSBL S-S WX SPD DR
================================================================================
1 53 39 46 -12 19 0 0.04 M M 10.8 24 270 M M 6 1 31 240
2 62 33 48 -10 17 0 0.00 M M 5.0 14 270 M M 0 18 280
3 63 36 50 -8 15 0 0.00 M M 3.1 15 260 M M 0 1 17 270
4 60 40 50 -8 15 0 0.00 M M 5.1 15 270 M M 5 19 270
5 54 46 50 -8 15 0 T M M 3.1 12 250 M M 9 16 270
6 60 46 53 -5 12 0 0.03 M M 6.3 16 250 M M 6 18 23 250
7 61 41 51 -7 14 0 0.00 M M 4.3 14 270 M M 1 19 200
8 61 38 50 -9 15 0 0.00 M M 3.2 13 270 M M 2 8 15 270
9 70 41 56 -3 9 0 0.00 0.0 M 4.1 14 270 M M 1 17 270
10 56 50 53 -6 12 0 0.59 0.0 M 2.4 9 70 M M 10 1 12 60
11 66 55 61 2 4 0 0.08 0.0 M 2.1 15 270 M M 9 18 19 270
12 67 53 60 1 5 0 0.00 M M 5.2 14 270 M M 7 18 17 250
13 68 53 61 2 4 0 0.00 M M 3.3 14 270 M M 5 1 17 270
14 59 52 56 -3 9 0 0.70 M M 2.8 9 110 M M 9 18 13 110
15 66 51 59 -1 6 0 0.71 M M 7.1 20 270 M M 9 1 25 280
16 61 48 55 -5 10 0 0.01 M M 3.4 13 270 M M 8 1 16 290
17 71 43 57 -3 8 0 0.00 M M 1.6 10 270 M M 4 18 13 270
18 74 44 59 -1 6 0 0.00 M M 4.4 15 270 M M 0 19 270
19 65 52 59 -1 6 0 0.01 M M 4.2 12 130 M M 8 1 16 290
20 62 51 57 -3 8 0 T M M 5.7 18 270 M M 9 18 24 280
21 61 46 54 -6 11 0 1.08 M M 9.2 26 260 M M 10 1 34 270
22 57 44 51 -9 14 0 0.43 M M 4.4 17 230 M M 9 1 23 250
23 58 47 53 -7 12 0 0.09 M M 5.2 15 260 M M 9 1 20 280
24 65 42 54 -6 11 0 0.00 M M 4.0 17 270 M M 2 22 260
25 64 41 53 -7 12 0 0.00 M M 4.8 18 260 M M 1 22 250
26 64 40 52 -9 13 0 0.00 M M 5.9 16 270 M M 0 8 23 250
27 70 41 56 -5 9 0 0.00 M M 5.9 17 30 M M 0 29 30
28 71 43 57 -4 8 0 0.00 M M 5.9 15 260 M M 0 24 260
29 58 44 51 -10 14 0 0.35 M M 6.0 17 270 M M 8 1 21 280
30 58 43 51 -10 14 0 0.22 M M 4.2 10 270 M M 8 M M
31 65 40 53 -8 12 0 0.00 M M 3.9 13 260 M M 0 14 270
================================================================================
SM 1950 1383 339 0 4.34 0.0 146.7 M 155
================================================================================
AV 62.9 44.6 4.7 FASTST M M 5 MAX(MPH)
MISC ----> 26 260 34 270
================================================================================
NOTES:
# LAST OF SEVERAL OCCURRENCES
COLUMN 17 PEAK WIND IN M.P.H.
PRELIMINARY LOCAL CLIMATOLOGICAL DATA (WS FORM: F-6) , PAGE 2
STATION: RIVERSIDE MUNI AIRPORT CA
MONTH: MARCH
YEAR: 2023
LATITUDE: 33 57 N
LONGITUDE: 117 27 W
[TEMPERATURE DATA] [PRECIPITATION DATA] SYMBOLS USED IN COLUMN 16
AVERAGE MONTHLY: 53.8 TOTAL FOR MONTH: 4.34 1 = FOG OR MIST
DPTR FM NORMAL: -5.7 DPTR FM NORMAL: 3.13 2 = FOG REDUCING VISIBILITY
HIGHEST: 74 ON 18 GRTST 24HR 1.08 ON 21-21 TO 1/4 MILE OR LESS
LOWEST: 33 ON 2 3 = THUNDER
SNOW, ICE PELLETS, HAIL 4 = ICE PELLETS
TOTAL MONTH: 0.0 INCH 5 = HAIL
GRTST 24HR 0.0 6 = FREEZING RAIN OR DRIZZLE
GRTST DEPTH: M ON M 7 = DUSTSTORM OR SANDSTORM:
VSBY 1/2 MILE OR LESS
8 = SMOKE OR HAZE
[NO. OF DAYS WITH] [WEATHER - DAYS WITH] 9 = BLOWING SNOW
X = TORNADO
MAX 32 OR BELOW: 0 0.01 INCH OR MORE: 13
MAX 90 OR ABOVE: 0 0.10 INCH OR MORE: 7
MIN 32 OR BELOW: 0 0.50 INCH OR MORE: 4
MIN 0 OR BELOW: 0 1.00 INCH OR MORE: 1
[HDD (BASE 65) ]
TOTAL THIS MO. 339 CLEAR (SCALE 0-3) 12
DPTR FM NORMAL 150 PTCLDY (SCALE 4-7) 9
TOTAL FM JUL 1 1616 CLOUDY (SCALE 8-10) 10
DPTR FM NORMAL 373
[CDD (BASE 65) ]
TOTAL THIS MO. 0
DPTR FM NORMAL -18 [PRESSURE DATA]
TOTAL FM JAN 1 0 HIGHEST SLP 30.23 ON 24
DPTR FM NORMAL -31 LOWEST SLP 29.64 ON 1
[REMARKS]
#FINAL-03-23#