000
CXUS53 KUNR 011030
CF6RAP
PRELIMINARY LOCAL CLIMATOLOGICAL DATA (WS FORM: F-6)
STATION: RAPID CITY AIRPORT SD
MONTH: FEBRUARY
YEAR: 2023
LATITUDE: 44 2 N
LONGITUDE: 103 4 W
TEMPERATURE IN F: :PCPN: SNOW: WIND :SUNSHINE: SKY :PK WND
================================================================================
1 2 3 4 5 6A 6B 7 8 9 10 11 12 13 14 15 16 17 18
12Z AVG MX 2MIN
DY MAX MIN AVG DEP HDD CDD WTR SNW DPTH SPD SPD DIR MIN PSBL S-S WX SPD DR
================================================================================
1 35 8 22 -2 43 0 0.00 M M 3.5 12 300 M M 1 13 300
2 33 14 24 0 41 0 0.00 M M 11.8 25 10 M M 9 12 31 10
3 46 8 27 3 38 0 0.00 M M 3.1 13 300 M M 3 12 15 290
4 53 27 40 16 25 0 0.00 M M 11.7 21 320 M M 0 28 330
5 49 24 37 13 28 0 0.00 M M 9.9 23 170 M M 0 32 180
6 45 23 34 9 31 0 T M M 15.7 38 320 M M 4 50 330
7 54 22 38 13 27 0 0.00 M M 6.1 21 330 M M 0 27 340
8 53 20 37 12 28 0 T M M 12.6 29 330 M M 4 38 330
9 37 17 27 2 38 0 0.01 M M 19.3 41 330 M M 4 1 56 330
10 50 12 31 6 34 0 0.00 M M 3.5 13 130 M M 0 17 120
11 54 22 38 13 27 0 0.00 M M 9.6 21 330 M M 0 29 330
12 53 24 39 14 26 0 0.00 M M 6.9 23 360 M M 0 29 340
13 65 22 44 19 21 0 0.00 M M 5.0 17 230 M M 0 23 220
14 37 15 26 0 39 0 T M M 26.2 44 330 M M 6 1 56 320
15 26 7 17 -9 48 0 0.00 M M 16.2 41 330 M M 3 55 360
16 38 5 22 -4 43 0 0.00 M M 5.6 18 10 M M 0 24 360
17 54 11 33 7 32 0 0.00 M M 7.8 26 350 M M 0 33 350
18 52 16 34 8 31 0 0.00 M M 6.9 17 10 M M 1 22 360
19 45 20 33 7 32 0 0.00 M M 8.6 20 360 M M 7 27 340
20 43 20 32 5 33 0 T M M 12.6 31 320 M M 4 41 330
21 50 4 27 0 38 0 0.10 M M 16.1 29 360 M M 8 1 38 360
22 4 -9 -2 -29 67 0 0.37 M M 19.1 28 350 M M 10 12 38 360
23 -3 -17 -10 -38 75 0 0.01 M M 7.8 22 340 M M 3 18 27 340
24 11 -16 -2 -30 67 0 0.00 M M 7.9 18 170 M M 3 22 160
25 38 4 21 -7 44 0 0.00 M M 6.8 28 260 M M 0 38 270
26 51 23 37 8 28 0 0.00 M M 8.4 16 330 M M 0 22 110
27 42 23 33 4 32 0 0.03 M M 12.6 29 340 M M 7 12 40 330
28 53 22 38 9 27 0 T M M 12.6 36 320 M M 4 12 50 310
================================================================================
SM 1168 371 1043 0 0.52 M 293.9 M 81
================================================================================
AV 41.7 13.3 10.5 FASTST M M 3 MAX(MPH)
MISC ----> 44 330 # 56 330
================================================================================
NOTES:
# LAST OF SEVERAL OCCURRENCES
COLUMN 17 PEAK WIND IN M.P.H.
PRELIMINARY LOCAL CLIMATOLOGICAL DATA (WS FORM: F-6) , PAGE 2
STATION: RAPID CITY AIRPORT SD
MONTH: FEBRUARY
YEAR: 2023
LATITUDE: 44 2 N
LONGITUDE: 103 4 W
[TEMPERATURE DATA] [PRECIPITATION DATA] SYMBOLS USED IN COLUMN 16
AVERAGE MONTHLY: 27.5 TOTAL FOR MONTH: 0.52 1 = FOG OR MIST
DPTR FM NORMAL: 1.4 DPTR FM NORMAL: 0.02 2 = FOG REDUCING VISIBILITY
HIGHEST: 65 ON 13 GRTST 24HR 0.39 ON 21-22 TO 1/4 MILE OR LESS
LOWEST: -17 ON 23 3 = THUNDER
SNOW, ICE PELLETS, HAIL 4 = ICE PELLETS
TOTAL MONTH: M 5 = HAIL
GRTST 24HR M ON M 6 = FREEZING RAIN OR DRIZZLE
GRTST DEPTH: M ON M 7 = DUSTSTORM OR SANDSTORM:
VSBY 1/2 MILE OR LESS
8 = SMOKE OR HAZE
[NO. OF DAYS WITH] [WEATHER - DAYS WITH] 9 = BLOWING SNOW
X = TORNADO
MAX 32 OR BELOW: 4 0.01 INCH OR MORE: 5
MAX 90 OR ABOVE: 0 0.10 INCH OR MORE: 2
MIN 32 OR BELOW: 28 0.50 INCH OR MORE: 0
MIN 0 OR BELOW: 3 1.00 INCH OR MORE: 0
[HDD (BASE 65) ]
TOTAL THIS MO. 1043 CLEAR (SCALE 0-3) 15
DPTR FM NORMAL -47 PTCLDY (SCALE 4-7) 11
TOTAL FM JUL 1 5249 CLOUDY (SCALE 8-10) 2
DPTR FM NORMAL -9
[CDD (BASE 65) ]
TOTAL THIS MO. 0
DPTR FM NORMAL 0 [PRESSURE DATA]
TOTAL FM JAN 1 0 HIGHEST SLP 30.70 ON 23
DPTR FM NORMAL 0 LOWEST SLP 29.14 ON 14
[REMARKS]
#FINAL-02-23#